{"id":10465,"date":"2024-03-08T23:17:15","date_gmt":"2024-03-08T23:17:15","guid":{"rendered":"https:\/\/unitgames.com.ar\/pc-gamer\/?post_type=product&#038;p=10465"},"modified":"2026-01-09T07:19:21","modified_gmt":"2026-01-09T10:19:21","slug":"silla-gamer-redragon-gadia-black-white","status":"publish","type":"product","link":"https:\/\/unitgames.com.ar\/pc-gamer\/producto\/silla-gamer-redragon-gadia-black-white\/","title":{"rendered":"Silla Gamer REDRAGON Gaia Black\/White"},"content":{"rendered":"<p class=\"product-section--split__title\">SE ADAPTA A TU CUERPO<\/p>\n<p class=\"product-section--split__description\">La Gaia posee una gran cantidad de articulaciones y opciones de movimiento que le permiten adaptarse perfectamente a distintos tipos de cuerpos sin perder nunca la comodidad y el confort. El respaldo, por ejemplo, tiene un rango de inclinaci\u00f3n que va desde los 90\u00ba hasta los 180\u00ba. Asimismo, la altura del asiento es regulable, de 126 a 138 cm, lo mismo que los reposabrazos, con movimiento en dos direcciones.<\/p>\n<p class=\"product-section--split__title\">LA ERGONOM\u00cdA PERFECTA<\/p>\n<p class=\"product-section--split__description\">El especial dise\u00f1o ergon\u00f3mico de la Gaia le permite distribuir eficientemente el peso del cuerpo para aminorar la fatiga en las articulaciones y favorecer la circulaci\u00f3n sangu\u00ednea, ayudando al usuario a mantener una postura correcta y c\u00f3moda a la vez. Tambi\u00e9n contribuyen a ello sus dos almohadillas removibles, una lumbar y otra cervical, ambas rellenas de espuma suave.<\/p>\n<p class=\"product-section--split__title\">LOS MATERIALES EXACTOS<\/p>\n<p class=\"product-section--split__description\">La Gaia es capaz de soportar perfectamente hasta 150 kg, gracias a que est\u00e1 construida con los materiales id\u00f3neos: armaz\u00f3n de metal y pl\u00e1stico PVC en la estructura, con una base de pl\u00e1stico reforzado de 70 cm de di\u00e1metro. Y adem\u00e1s, por supuesto, est\u00e1 recubierta con cuero sint\u00e9tico de la m\u00e1s alta calidad, que se siente tan bien como se ve.<\/p>\n<p>&nbsp;<\/p>\n<div class=\"spec\"><span class=\"title\">MATERIALES: <\/span><span class=\"value\">armaz\u00f3n de metal, cuero sint\u00e9tico, pl\u00e1stico y PVC reforzado.<\/span><\/div>\n<div class=\"spec\"><span class=\"title\">APOYABRAZOS: <\/span><span class=\"value\">7,8 x 28,5 cm. Regulable 2 direcciones.<\/span><\/div>\n<div class=\"spec\"><span class=\"title\">RESPALDO (ANCHO X ALTO): <\/span><span class=\"value\">52 x 84 cm.<\/span><\/div>\n<div class=\"spec\"><span class=\"title\">ASIENTO (ANCHO X PROFUNDIDAD): <\/span><span class=\"value\">55 x 53 cm.<\/span><\/div>\n<div class=\"spec\"><span class=\"title\">ALTURA TOTAL: <\/span><span class=\"value\">126 a 138 cm.<\/span><\/div>\n<div class=\"spec\"><span class=\"title\">BASE: <\/span><span class=\"value\">pl\u00e1stico reforzado 70 cm di\u00e1metro.<\/span><\/div>\n<div class=\"spec\"><span class=\"title\">RECLINADO: <\/span><span class=\"value\">90\u00b0 &#8211; 180\u00b0.<\/span><\/div>\n<div class=\"spec\"><span class=\"title\">PESO DEL PRODUCTO: <\/span><span class=\"value\">11,3 Kg.<\/span><\/div>\n<div class=\"spec\"><span class=\"title\">PESO SOPORTADO APROXIMADO: <\/span><span class=\"value\">&lt; 150 kg.<\/span><\/div>\n<div class=\"spec\"><span class=\"title\">EXTRAS: <\/span><span class=\"value\">Apoya lumbar de cuero sint\u00e9tico, relleno de espuma suave.<\/span><\/div>\n<p>&nbsp;<\/p>\n<p>&nbsp;<\/p>\n","protected":false},"excerpt":{"rendered":"<p>SE ADAPTA A TU CUERPO La Gaia posee una gran cantidad de articulaciones y opciones de movimiento que le permiten adaptarse perfectamente a distintos tipos de cuerpos sin perder nunca la comodidad y el confort. El respaldo, por ejemplo, tiene un rango de inclinaci\u00f3n que va desde los 90\u00ba hasta los 180\u00ba. Asimismo, la altura del asiento es regulable, de 126 a 138 cm, lo mismo que los reposabrazos, con movimiento en dos direcciones. LA ERGONOM\u00cdA PERFECTA El especial dise\u00f1o ergon\u00f3mico de la Gaia le permite distribuir eficientemente el peso del cuerpo para aminorar la fatiga en las articulaciones y favorecer la circulaci\u00f3n sangu\u00ednea, ayudando al usuario a mantener una postura correcta y c\u00f3moda a la vez. Tambi\u00e9n contribuyen a ello sus dos almohadillas removibles, una lumbar y otra cervical, ambas rellenas de espuma suave. LOS MATERIALES EXACTOS La Gaia es capaz de soportar perfectamente hasta 150 kg, gracias a que est\u00e1 construida con los materiales id\u00f3neos: armaz\u00f3n de metal y pl\u00e1stico PVC en la estructura, con una base de pl\u00e1stico reforzado de 70 cm de di\u00e1metro. Y adem\u00e1s, por supuesto, est\u00e1 recubierta con cuero sint\u00e9tico de la m\u00e1s alta calidad, que se siente tan bien como se ve. &nbsp; MATERIALES: armaz\u00f3n de metal, cuero sint\u00e9tico, pl\u00e1stico y PVC reforzado. APOYABRAZOS: 7,8 x 28,5 cm. Regulable 2 direcciones. RESPALDO (ANCHO X ALTO): 52 x 84 cm. ASIENTO (ANCHO X PROFUNDIDAD): 55 x 53 cm. ALTURA TOTAL: 126 a 138 cm. BASE: pl\u00e1stico reforzado 70 cm di\u00e1metro. RECLINADO: 90\u00b0 &#8211; 180\u00b0. PESO DEL PRODUCTO: 11,3 Kg. PESO SOPORTADO APROXIMADO: &lt; 150 kg. EXTRAS: Apoya lumbar de cuero sint\u00e9tico, relleno de espuma suave. &nbsp; &nbsp;<\/p>\n","protected":false},"featured_media":10470,"template":"","meta":{"site-sidebar-layout":"default","site-content-layout":"","ast-site-content-layout":"default","site-content-style":"default","site-sidebar-style":"default","ast-global-header-display":"","ast-banner-title-visibility":"","ast-main-header-display":"","ast-hfb-above-header-display":"","ast-hfb-below-header-display":"","ast-hfb-mobile-header-display":"","site-post-title":"","ast-breadcrumbs-content":"","ast-featured-img":"","footer-sml-layout":"","theme-transparent-header-meta":"","adv-header-id-meta":"","stick-header-meta":"","header-above-stick-meta":"","header-main-stick-meta":"","header-below-stick-meta":"","astra-migrate-meta-layouts":"default","ast-page-background-enabled":"default","ast-page-background-meta":{"desktop":{"background-color":"var(--ast-global-color-5)","background-image":"","background-repeat":"repeat","background-position":"center center","background-size":"auto","background-attachment":"scroll","background-type":"","background-media":"","overlay-type":"","overlay-color":"","overlay-opacity":"","overlay-gradient":""},"tablet":{"background-color":"","background-image":"","background-repeat":"repeat","background-position":"center center","background-size":"auto","background-attachment":"scroll","background-type":"","background-media":"","overlay-type":"","overlay-color":"","overlay-opacity":"","overlay-gradient":""},"mobile":{"background-color":"","background-image":"","background-repeat":"repeat","background-position":"center center","background-size":"auto","background-attachment":"scroll","background-type":"","background-media":"","overlay-type":"","overlay-color":"","overlay-opacity":"","overlay-gradient":""}},"ast-content-background-meta":{"desktop":{"background-color":"var(--ast-global-color-4)","background-image":"","background-repeat":"repeat","background-position":"center center","background-size":"auto","background-attachment":"scroll","background-type":"","background-media":"","overlay-type":"","overlay-color":"","overlay-opacity":"","overlay-gradient":""},"tablet":{"background-color":"var(--ast-global-color-4)","background-image":"","background-repeat":"repeat","background-position":"center center","background-size":"auto","background-attachment":"scroll","background-type":"","background-media":"","overlay-type":"","overlay-color":"","overlay-opacity":"","overlay-gradient":""},"mobile":{"background-color":"var(--ast-global-color-4)","background-image":"","background-repeat":"repeat","background-position":"center center","background-size":"auto","background-attachment":"scroll","background-type":"","background-media":"","overlay-type":"","overlay-color":"","overlay-opacity":"","overlay-gradient":""}},"_joinchat":[]},"product_brand":[],"product_cat":[95],"product_tag":[],"class_list":{"0":"post-10465","1":"product","2":"type-product","3":"status-publish","4":"has-post-thumbnail","6":"product_cat-sillas-gamers","7":"desktop-align-center","8":"tablet-align-left","9":"mobile-align-left","11":"first","12":"outofstock","13":"shipping-taxable","14":"purchasable","15":"product-type-simple"},"yoast_head":"<!-- This site is optimized with the Yoast SEO plugin v27.3 - https:\/\/yoast.com\/product\/yoast-seo-wordpress\/ -->\n<title>Silla Gamer REDRAGON Gaia Black\/White - UnitGames<\/title>\n<meta name=\"robots\" content=\"index, follow, max-snippet:-1, max-image-preview:large, max-video-preview:-1\" \/>\n<link rel=\"canonical\" href=\"https:\/\/unitgames.com.ar\/pc-gamer\/producto\/silla-gamer-redragon-gadia-black-white\/\" \/>\n<meta property=\"og:locale\" content=\"es_ES\" \/>\n<meta property=\"og:type\" content=\"article\" \/>\n<meta property=\"og:title\" content=\"Silla Gamer REDRAGON Gaia Black\/White - UnitGames\" \/>\n<meta property=\"og:description\" content=\"SE ADAPTA A TU CUERPO La Gaia posee una gran cantidad de articulaciones y opciones de movimiento que le permiten adaptarse perfectamente a distintos tipos de cuerpos sin perder nunca la comodidad y el confort. El respaldo, por ejemplo, tiene un rango de inclinaci\u00f3n que va desde los 90\u00ba hasta los 180\u00ba. Asimismo, la altura del asiento es regulable, de 126 a 138 cm, lo mismo que los reposabrazos, con movimiento en dos direcciones. LA ERGONOM\u00cdA PERFECTA El especial dise\u00f1o ergon\u00f3mico de la Gaia le permite distribuir eficientemente el peso del cuerpo para aminorar la fatiga en las articulaciones y favorecer la circulaci\u00f3n sangu\u00ednea, ayudando al usuario a mantener una postura correcta y c\u00f3moda a la vez. Tambi\u00e9n contribuyen a ello sus dos almohadillas removibles, una lumbar y otra cervical, ambas rellenas de espuma suave. LOS MATERIALES EXACTOS La Gaia es capaz de soportar perfectamente hasta 150 kg, gracias a que est\u00e1 construida con los materiales id\u00f3neos: armaz\u00f3n de metal y pl\u00e1stico PVC en la estructura, con una base de pl\u00e1stico reforzado de 70 cm de di\u00e1metro. Y adem\u00e1s, por supuesto, est\u00e1 recubierta con cuero sint\u00e9tico de la m\u00e1s alta calidad, que se siente tan bien como se ve. &nbsp; MATERIALES: armaz\u00f3n de metal, cuero sint\u00e9tico, pl\u00e1stico y PVC reforzado. APOYABRAZOS: 7,8 x 28,5 cm. Regulable 2 direcciones. RESPALDO (ANCHO X ALTO): 52 x 84 cm. ASIENTO (ANCHO X PROFUNDIDAD): 55 x 53 cm. ALTURA TOTAL: 126 a 138 cm. BASE: pl\u00e1stico reforzado 70 cm di\u00e1metro. RECLINADO: 90\u00b0 &#8211; 180\u00b0. PESO DEL PRODUCTO: 11,3 Kg. PESO SOPORTADO APROXIMADO: &lt; 150 kg. EXTRAS: Apoya lumbar de cuero sint\u00e9tico, relleno de espuma suave. &nbsp; &nbsp;\" \/>\n<meta property=\"og:url\" content=\"https:\/\/unitgames.com.ar\/pc-gamer\/producto\/silla-gamer-redragon-gadia-black-white\/\" \/>\n<meta property=\"og:site_name\" content=\"UnitGames\" \/>\n<meta property=\"article:modified_time\" content=\"2026-01-09T10:19:21+00:00\" \/>\n<meta property=\"og:image\" content=\"https:\/\/unitgames.com.ar\/pc-gamer\/wp-content\/uploads\/2024\/03\/Silla-Gamer-REDRAGON-Gadia-BlackWhite.png\" \/>\n\t<meta property=\"og:image:width\" content=\"1283\" \/>\n\t<meta property=\"og:image:height\" content=\"1284\" \/>\n\t<meta property=\"og:image:type\" content=\"image\/png\" \/>\n<meta name=\"twitter:card\" content=\"summary_large_image\" \/>\n<meta name=\"twitter:label1\" content=\"Tiempo de lectura\" \/>\n\t<meta name=\"twitter:data1\" content=\"2 minutos\" \/>\n<script type=\"application\/ld+json\" class=\"yoast-schema-graph\">{\"@context\":\"https:\\\/\\\/schema.org\",\"@graph\":[{\"@type\":\"WebPage\",\"@id\":\"https:\\\/\\\/unitgames.com.ar\\\/pc-gamer\\\/producto\\\/silla-gamer-redragon-gadia-black-white\\\/\",\"url\":\"https:\\\/\\\/unitgames.com.ar\\\/pc-gamer\\\/producto\\\/silla-gamer-redragon-gadia-black-white\\\/\",\"name\":\"Silla Gamer REDRAGON Gaia Black\\\/White - UnitGames\",\"isPartOf\":{\"@id\":\"https:\\\/\\\/unitgames.com.ar\\\/pc-gamer\\\/#website\"},\"primaryImageOfPage\":{\"@id\":\"https:\\\/\\\/unitgames.com.ar\\\/pc-gamer\\\/producto\\\/silla-gamer-redragon-gadia-black-white\\\/#primaryimage\"},\"image\":{\"@id\":\"https:\\\/\\\/unitgames.com.ar\\\/pc-gamer\\\/producto\\\/silla-gamer-redragon-gadia-black-white\\\/#primaryimage\"},\"thumbnailUrl\":\"https:\\\/\\\/unitgames.com.ar\\\/pc-gamer\\\/wp-content\\\/uploads\\\/2024\\\/03\\\/Silla-Gamer-REDRAGON-Gadia-BlackWhite.png\",\"datePublished\":\"2024-03-08T23:17:15+00:00\",\"dateModified\":\"2026-01-09T10:19:21+00:00\",\"breadcrumb\":{\"@id\":\"https:\\\/\\\/unitgames.com.ar\\\/pc-gamer\\\/producto\\\/silla-gamer-redragon-gadia-black-white\\\/#breadcrumb\"},\"inLanguage\":\"es\",\"potentialAction\":[{\"@type\":\"ReadAction\",\"target\":[\"https:\\\/\\\/unitgames.com.ar\\\/pc-gamer\\\/producto\\\/silla-gamer-redragon-gadia-black-white\\\/\"]}]},{\"@type\":\"ImageObject\",\"inLanguage\":\"es\",\"@id\":\"https:\\\/\\\/unitgames.com.ar\\\/pc-gamer\\\/producto\\\/silla-gamer-redragon-gadia-black-white\\\/#primaryimage\",\"url\":\"https:\\\/\\\/unitgames.com.ar\\\/pc-gamer\\\/wp-content\\\/uploads\\\/2024\\\/03\\\/Silla-Gamer-REDRAGON-Gadia-BlackWhite.png\",\"contentUrl\":\"https:\\\/\\\/unitgames.com.ar\\\/pc-gamer\\\/wp-content\\\/uploads\\\/2024\\\/03\\\/Silla-Gamer-REDRAGON-Gadia-BlackWhite.png\",\"width\":1283,\"height\":1284},{\"@type\":\"BreadcrumbList\",\"@id\":\"https:\\\/\\\/unitgames.com.ar\\\/pc-gamer\\\/producto\\\/silla-gamer-redragon-gadia-black-white\\\/#breadcrumb\",\"itemListElement\":[{\"@type\":\"ListItem\",\"position\":1,\"name\":\"Tienda\",\"item\":\"https:\\\/\\\/unitgames.com.ar\\\/pc-gamer\\\/tienda\\\/\"},{\"@type\":\"ListItem\",\"position\":2,\"name\":\"Silla Gamer REDRAGON Gaia Black\\\/White\"}]},{\"@type\":\"WebSite\",\"@id\":\"https:\\\/\\\/unitgames.com.ar\\\/pc-gamer\\\/#website\",\"url\":\"https:\\\/\\\/unitgames.com.ar\\\/pc-gamer\\\/\",\"name\":\"UnitGames\",\"description\":\"Venta de PC Gamers, Consolas , Servicio Tecnico Especializado. Todos en Accesorios Informaticos y Gamers\",\"publisher\":{\"@id\":\"https:\\\/\\\/unitgames.com.ar\\\/pc-gamer\\\/#organization\"},\"potentialAction\":[{\"@type\":\"SearchAction\",\"target\":{\"@type\":\"EntryPoint\",\"urlTemplate\":\"https:\\\/\\\/unitgames.com.ar\\\/pc-gamer\\\/?s={search_term_string}\"},\"query-input\":{\"@type\":\"PropertyValueSpecification\",\"valueRequired\":true,\"valueName\":\"search_term_string\"}}],\"inLanguage\":\"es\"},{\"@type\":\"Organization\",\"@id\":\"https:\\\/\\\/unitgames.com.ar\\\/pc-gamer\\\/#organization\",\"name\":\"UnitGames\",\"url\":\"https:\\\/\\\/unitgames.com.ar\\\/pc-gamer\\\/\",\"logo\":{\"@type\":\"ImageObject\",\"inLanguage\":\"es\",\"@id\":\"https:\\\/\\\/unitgames.com.ar\\\/pc-gamer\\\/#\\\/schema\\\/logo\\\/image\\\/\",\"url\":\"https:\\\/\\\/unitgames.com.ar\\\/pc-gamer\\\/wp-content\\\/uploads\\\/2021\\\/01\\\/cropped-logoUnitGames2.png\",\"contentUrl\":\"https:\\\/\\\/unitgames.com.ar\\\/pc-gamer\\\/wp-content\\\/uploads\\\/2021\\\/01\\\/cropped-logoUnitGames2.png\",\"width\":152,\"height\":200,\"caption\":\"UnitGames\"},\"image\":{\"@id\":\"https:\\\/\\\/unitgames.com.ar\\\/pc-gamer\\\/#\\\/schema\\\/logo\\\/image\\\/\"}}]}<\/script>\n<!-- \/ Yoast SEO plugin. -->","yoast_head_json":{"title":"Silla Gamer REDRAGON Gaia Black\/White - UnitGames","robots":{"index":"index","follow":"follow","max-snippet":"max-snippet:-1","max-image-preview":"max-image-preview:large","max-video-preview":"max-video-preview:-1"},"canonical":"https:\/\/unitgames.com.ar\/pc-gamer\/producto\/silla-gamer-redragon-gadia-black-white\/","og_locale":"es_ES","og_type":"article","og_title":"Silla Gamer REDRAGON Gaia Black\/White - UnitGames","og_description":"SE ADAPTA A TU CUERPO La Gaia posee una gran cantidad de articulaciones y opciones de movimiento que le permiten adaptarse perfectamente a distintos tipos de cuerpos sin perder nunca la comodidad y el confort. El respaldo, por ejemplo, tiene un rango de inclinaci\u00f3n que va desde los 90\u00ba hasta los 180\u00ba. Asimismo, la altura del asiento es regulable, de 126 a 138 cm, lo mismo que los reposabrazos, con movimiento en dos direcciones. LA ERGONOM\u00cdA PERFECTA El especial dise\u00f1o ergon\u00f3mico de la Gaia le permite distribuir eficientemente el peso del cuerpo para aminorar la fatiga en las articulaciones y favorecer la circulaci\u00f3n sangu\u00ednea, ayudando al usuario a mantener una postura correcta y c\u00f3moda a la vez. Tambi\u00e9n contribuyen a ello sus dos almohadillas removibles, una lumbar y otra cervical, ambas rellenas de espuma suave. LOS MATERIALES EXACTOS La Gaia es capaz de soportar perfectamente hasta 150 kg, gracias a que est\u00e1 construida con los materiales id\u00f3neos: armaz\u00f3n de metal y pl\u00e1stico PVC en la estructura, con una base de pl\u00e1stico reforzado de 70 cm de di\u00e1metro. Y adem\u00e1s, por supuesto, est\u00e1 recubierta con cuero sint\u00e9tico de la m\u00e1s alta calidad, que se siente tan bien como se ve. &nbsp; MATERIALES: armaz\u00f3n de metal, cuero sint\u00e9tico, pl\u00e1stico y PVC reforzado. APOYABRAZOS: 7,8 x 28,5 cm. Regulable 2 direcciones. RESPALDO (ANCHO X ALTO): 52 x 84 cm. ASIENTO (ANCHO X PROFUNDIDAD): 55 x 53 cm. ALTURA TOTAL: 126 a 138 cm. BASE: pl\u00e1stico reforzado 70 cm di\u00e1metro. RECLINADO: 90\u00b0 &#8211; 180\u00b0. PESO DEL PRODUCTO: 11,3 Kg. PESO SOPORTADO APROXIMADO: &lt; 150 kg. EXTRAS: Apoya lumbar de cuero sint\u00e9tico, relleno de espuma suave. &nbsp; &nbsp;","og_url":"https:\/\/unitgames.com.ar\/pc-gamer\/producto\/silla-gamer-redragon-gadia-black-white\/","og_site_name":"UnitGames","article_modified_time":"2026-01-09T10:19:21+00:00","og_image":[{"width":1283,"height":1284,"url":"https:\/\/unitgames.com.ar\/pc-gamer\/wp-content\/uploads\/2024\/03\/Silla-Gamer-REDRAGON-Gadia-BlackWhite.png","type":"image\/png"}],"twitter_card":"summary_large_image","twitter_misc":{"Tiempo de lectura":"2 minutos"},"schema":{"@context":"https:\/\/schema.org","@graph":[{"@type":"WebPage","@id":"https:\/\/unitgames.com.ar\/pc-gamer\/producto\/silla-gamer-redragon-gadia-black-white\/","url":"https:\/\/unitgames.com.ar\/pc-gamer\/producto\/silla-gamer-redragon-gadia-black-white\/","name":"Silla Gamer REDRAGON Gaia Black\/White - UnitGames","isPartOf":{"@id":"https:\/\/unitgames.com.ar\/pc-gamer\/#website"},"primaryImageOfPage":{"@id":"https:\/\/unitgames.com.ar\/pc-gamer\/producto\/silla-gamer-redragon-gadia-black-white\/#primaryimage"},"image":{"@id":"https:\/\/unitgames.com.ar\/pc-gamer\/producto\/silla-gamer-redragon-gadia-black-white\/#primaryimage"},"thumbnailUrl":"https:\/\/unitgames.com.ar\/pc-gamer\/wp-content\/uploads\/2024\/03\/Silla-Gamer-REDRAGON-Gadia-BlackWhite.png","datePublished":"2024-03-08T23:17:15+00:00","dateModified":"2026-01-09T10:19:21+00:00","breadcrumb":{"@id":"https:\/\/unitgames.com.ar\/pc-gamer\/producto\/silla-gamer-redragon-gadia-black-white\/#breadcrumb"},"inLanguage":"es","potentialAction":[{"@type":"ReadAction","target":["https:\/\/unitgames.com.ar\/pc-gamer\/producto\/silla-gamer-redragon-gadia-black-white\/"]}]},{"@type":"ImageObject","inLanguage":"es","@id":"https:\/\/unitgames.com.ar\/pc-gamer\/producto\/silla-gamer-redragon-gadia-black-white\/#primaryimage","url":"https:\/\/unitgames.com.ar\/pc-gamer\/wp-content\/uploads\/2024\/03\/Silla-Gamer-REDRAGON-Gadia-BlackWhite.png","contentUrl":"https:\/\/unitgames.com.ar\/pc-gamer\/wp-content\/uploads\/2024\/03\/Silla-Gamer-REDRAGON-Gadia-BlackWhite.png","width":1283,"height":1284},{"@type":"BreadcrumbList","@id":"https:\/\/unitgames.com.ar\/pc-gamer\/producto\/silla-gamer-redragon-gadia-black-white\/#breadcrumb","itemListElement":[{"@type":"ListItem","position":1,"name":"Tienda","item":"https:\/\/unitgames.com.ar\/pc-gamer\/tienda\/"},{"@type":"ListItem","position":2,"name":"Silla Gamer REDRAGON Gaia Black\/White"}]},{"@type":"WebSite","@id":"https:\/\/unitgames.com.ar\/pc-gamer\/#website","url":"https:\/\/unitgames.com.ar\/pc-gamer\/","name":"UnitGames","description":"Venta de PC Gamers, Consolas , Servicio Tecnico Especializado. Todos en Accesorios Informaticos y Gamers","publisher":{"@id":"https:\/\/unitgames.com.ar\/pc-gamer\/#organization"},"potentialAction":[{"@type":"SearchAction","target":{"@type":"EntryPoint","urlTemplate":"https:\/\/unitgames.com.ar\/pc-gamer\/?s={search_term_string}"},"query-input":{"@type":"PropertyValueSpecification","valueRequired":true,"valueName":"search_term_string"}}],"inLanguage":"es"},{"@type":"Organization","@id":"https:\/\/unitgames.com.ar\/pc-gamer\/#organization","name":"UnitGames","url":"https:\/\/unitgames.com.ar\/pc-gamer\/","logo":{"@type":"ImageObject","inLanguage":"es","@id":"https:\/\/unitgames.com.ar\/pc-gamer\/#\/schema\/logo\/image\/","url":"https:\/\/unitgames.com.ar\/pc-gamer\/wp-content\/uploads\/2021\/01\/cropped-logoUnitGames2.png","contentUrl":"https:\/\/unitgames.com.ar\/pc-gamer\/wp-content\/uploads\/2021\/01\/cropped-logoUnitGames2.png","width":152,"height":200,"caption":"UnitGames"},"image":{"@id":"https:\/\/unitgames.com.ar\/pc-gamer\/#\/schema\/logo\/image\/"}}]}},"_links":{"self":[{"href":"https:\/\/unitgames.com.ar\/pc-gamer\/wp-json\/wp\/v2\/product\/10465","targetHints":{"allow":["GET"]}}],"collection":[{"href":"https:\/\/unitgames.com.ar\/pc-gamer\/wp-json\/wp\/v2\/product"}],"about":[{"href":"https:\/\/unitgames.com.ar\/pc-gamer\/wp-json\/wp\/v2\/types\/product"}],"version-history":[{"count":0,"href":"https:\/\/unitgames.com.ar\/pc-gamer\/wp-json\/wp\/v2\/product\/10465\/revisions"}],"wp:featuredmedia":[{"embeddable":true,"href":"https:\/\/unitgames.com.ar\/pc-gamer\/wp-json\/wp\/v2\/media\/10470"}],"wp:attachment":[{"href":"https:\/\/unitgames.com.ar\/pc-gamer\/wp-json\/wp\/v2\/media?parent=10465"}],"wp:term":[{"taxonomy":"product_brand","embeddable":true,"href":"https:\/\/unitgames.com.ar\/pc-gamer\/wp-json\/wp\/v2\/product_brand?post=10465"},{"taxonomy":"product_cat","embeddable":true,"href":"https:\/\/unitgames.com.ar\/pc-gamer\/wp-json\/wp\/v2\/product_cat?post=10465"},{"taxonomy":"product_tag","embeddable":true,"href":"https:\/\/unitgames.com.ar\/pc-gamer\/wp-json\/wp\/v2\/product_tag?post=10465"}],"curies":[{"name":"wp","href":"https:\/\/api.w.org\/{rel}","templated":true}]}}