{"id":11094,"date":"2024-08-08T14:44:02","date_gmt":"2024-08-08T14:44:02","guid":{"rendered":"https:\/\/unitgames.com.ar\/pc-gamer\/?post_type=product&#038;p=11094"},"modified":"2026-01-09T07:18:37","modified_gmt":"2026-01-09T10:18:37","slug":"auriculares-corsair-void-elite-gaming-wired","status":"publish","type":"product","link":"https:\/\/unitgames.com.ar\/pc-gamer\/producto\/auriculares-corsair-void-elite-gaming-wired\/","title":{"rendered":"Auriculares CORSAIR Void Elite Gaming 7.1 Wired"},"content":{"rendered":"<h2 class=\"h1\">Sonido que se puede ver<\/h2>\n<p>Conozca VOID, la innovadora familia de auriculares avanzados de Corsair para juegos. Ya elija sistema de audio inal\u00e1mbrico, USB o est\u00e9reo, siempre estar\u00e1 un paso por delante de sus enemigos.<\/p>\n<p>Gracias a un dise\u00f1o de avance r\u00e1pido, su espectacular fidelidad y sus innovadoras prestaciones como InfoMic y iCUE Control, los auriculares Corsair VOID Gaming le permiten dirigir y controlar el paisaje sonoro de su juego sin dejar de disparar.<\/p>\n<p>&nbsp;<\/p>\n<p>&nbsp;<\/p>\n<table class=\"TechSpecsTab_table__1ZPpg w-full block\">\n<tbody class=\"block w-full\">\n<tr class=\"TechSpecItem_tableRow__1dRXZ block lg:flex lg:justify-between\">\n<th class=\"TechSpecItem_tableHeader__2tOGU block text-left text-sm lg:basis-1\/2\" scope=\"row\">Headphone Model<\/th>\n<td class=\"TechSpecItem_tableData__3evHs block lg:basis-1\/2 text-sm\">VOID<\/td>\n<\/tr>\n<tr class=\"TechSpecItem_tableRow__1dRXZ block lg:flex lg:justify-between\">\n<th class=\"TechSpecItem_tableHeader__2tOGU block text-left text-sm lg:basis-1\/2\" scope=\"row\">Headphone Interface<\/th>\n<td class=\"TechSpecItem_tableData__3evHs block lg:basis-1\/2 text-sm\">USB<\/td>\n<\/tr>\n<tr class=\"TechSpecItem_tableRow__1dRXZ block lg:flex lg:justify-between\">\n<th class=\"TechSpecItem_tableHeader__2tOGU block text-left text-sm lg:basis-1\/2\" scope=\"row\">Audio Compatibility<\/th>\n<td class=\"TechSpecItem_tableData__3evHs block lg:basis-1\/2 text-sm\">PC with USB port, Windows 10, Windows 8, Windows 7, Internet connection (for CUE software download)<\/td>\n<\/tr>\n<tr class=\"TechSpecItem_tableRow__1dRXZ block lg:flex lg:justify-between\">\n<th class=\"TechSpecItem_tableHeader__2tOGU block text-left text-sm lg:basis-1\/2\" scope=\"row\">Headphone Frequency Response<\/th>\n<td class=\"TechSpecItem_tableData__3evHs block lg:basis-1\/2 text-sm\">20Hz &#8211; 20 kHz<\/td>\n<\/tr>\n<tr class=\"TechSpecItem_tableRow__1dRXZ block lg:flex lg:justify-between\">\n<th class=\"TechSpecItem_tableHeader__2tOGU block text-left text-sm lg:basis-1\/2\" scope=\"row\">Headphone Battery Life<\/th>\n<td class=\"TechSpecItem_tableData__3evHs block lg:basis-1\/2 text-sm\">N\/A<\/td>\n<\/tr>\n<tr class=\"TechSpecItem_tableRow__1dRXZ block lg:flex lg:justify-between\">\n<th class=\"TechSpecItem_tableHeader__2tOGU block text-left text-sm lg:basis-1\/2\" scope=\"row\">Headphone Sensitivity<\/th>\n<td class=\"TechSpecItem_tableData__3evHs block lg:basis-1\/2 text-sm\">107dB (+\/-3dB)<\/td>\n<\/tr>\n<tr class=\"TechSpecItem_tableRow__1dRXZ block lg:flex lg:justify-between\">\n<th class=\"TechSpecItem_tableHeader__2tOGU block text-left text-sm lg:basis-1\/2\" scope=\"row\">Headphone Wireless Range<\/th>\n<td class=\"TechSpecItem_tableData__3evHs block lg:basis-1\/2 text-sm\">N\/A<\/td>\n<\/tr>\n<tr class=\"TechSpecItem_tableRow__1dRXZ block lg:flex lg:justify-between\">\n<th class=\"TechSpecItem_tableHeader__2tOGU block text-left text-sm lg:basis-1\/2\" scope=\"row\">Headphone Type<\/th>\n<td class=\"TechSpecItem_tableData__3evHs block lg:basis-1\/2 text-sm\">Wired, USB<\/td>\n<\/tr>\n<tr class=\"TechSpecItem_tableRow__1dRXZ block lg:flex lg:justify-between\">\n<th class=\"TechSpecItem_tableHeader__2tOGU block text-left text-sm lg:basis-1\/2\" scope=\"row\">Headphone Drivers<\/th>\n<td class=\"TechSpecItem_tableData__3evHs block lg:basis-1\/2 text-sm\">50mm<\/td>\n<\/tr>\n<tr class=\"TechSpecItem_tableRow__1dRXZ block lg:flex lg:justify-between\">\n<th class=\"TechSpecItem_tableHeader__2tOGU block text-left text-sm lg:basis-1\/2\" scope=\"row\">Impedance<\/th>\n<td class=\"TechSpecItem_tableData__3evHs block lg:basis-1\/2 text-sm\">32k Ohms @ 1 kHz<\/td>\n<\/tr>\n<tr class=\"TechSpecItem_tableRow__1dRXZ block lg:flex lg:justify-between\">\n<th class=\"TechSpecItem_tableHeader__2tOGU block text-left text-sm lg:basis-1\/2\" scope=\"row\">Battery Powered<\/th>\n<td class=\"TechSpecItem_tableData__3evHs block lg:basis-1\/2 text-sm\">No<\/td>\n<\/tr>\n<tr class=\"TechSpecItem_tableRow__1dRXZ block lg:flex lg:justify-between\">\n<th class=\"TechSpecItem_tableHeader__2tOGU block text-left text-sm lg:basis-1\/2\" scope=\"row\">Lighting<\/th>\n<td class=\"TechSpecItem_tableData__3evHs block lg:basis-1\/2 text-sm\">RGB<\/td>\n<\/tr>\n<\/tbody>\n<\/table>\n<table class=\"TechSpecsTab_table__1ZPpg w-full block\">\n<tbody class=\"block w-full\">\n<tr class=\"TechSpecItem_tableRow__1dRXZ block lg:flex lg:justify-between\">\n<th class=\"TechSpecItem_tableHeader__2tOGU block text-left text-sm lg:basis-1\/2\" scope=\"row\">Model<\/th>\n<td class=\"TechSpecItem_tableData__3evHs block lg:basis-1\/2 text-sm\">VOID<\/td>\n<\/tr>\n<tr class=\"TechSpecItem_tableRow__1dRXZ block lg:flex lg:justify-between\">\n<th class=\"TechSpecItem_tableHeader__2tOGU block text-left text-sm lg:basis-1\/2\" scope=\"row\">Memory Type<\/th>\n<td class=\"TechSpecItem_tableData__3evHs block lg:basis-1\/2 text-sm\">USB<\/td>\n<\/tr>\n<tr class=\"TechSpecItem_tableRow__1dRXZ block lg:flex lg:justify-between\">\n<th class=\"TechSpecItem_tableHeader__2tOGU block text-left text-sm lg:basis-1\/2\" scope=\"row\">Microphone Type<\/th>\n<td class=\"TechSpecItem_tableData__3evHs block lg:basis-1\/2 text-sm\">Unidirectional noise cancelling<\/td>\n<\/tr>\n<tr class=\"TechSpecItem_tableRow__1dRXZ block lg:flex lg:justify-between\">\n<th class=\"TechSpecItem_tableHeader__2tOGU block text-left text-sm lg:basis-1\/2\" scope=\"row\">Microphone Impedance<\/th>\n<td class=\"TechSpecItem_tableData__3evHs block lg:basis-1\/2 text-sm\">2.2k Ohms<\/td>\n<\/tr>\n<tr class=\"TechSpecItem_tableRow__1dRXZ block lg:flex lg:justify-between\">\n<th class=\"TechSpecItem_tableHeader__2tOGU block text-left text-sm lg:basis-1\/2\" scope=\"row\">Microphone Frequency Response<\/th>\n<td class=\"TechSpecItem_tableData__3evHs block lg:basis-1\/2 text-sm\">100Hz to 10kHz<\/td>\n<\/tr>\n<tr class=\"TechSpecItem_tableRow__1dRXZ block lg:flex lg:justify-between\">\n<th class=\"TechSpecItem_tableHeader__2tOGU block text-left text-sm lg:basis-1\/2\" scope=\"row\">Microphone Sensitivity<\/th>\n<td class=\"TechSpecItem_tableData__3evHs block lg:basis-1\/2 text-sm\">-37dB (+\/-3dB)<\/td>\n<\/tr>\n<tr class=\"TechSpecItem_tableRow__1dRXZ block lg:flex lg:justify-between\">\n<th class=\"TechSpecItem_tableHeader__2tOGU block text-left text-sm lg:basis-1\/2\" scope=\"row\">Surround Sound<\/th>\n<td class=\"TechSpecItem_tableData__3evHs block lg:basis-1\/2 text-sm\">Yes<\/td>\n<\/tr>\n<tr class=\"TechSpecItem_tableRow__1dRXZ block lg:flex lg:justify-between\">\n<th class=\"TechSpecItem_tableHeader__2tOGU block text-left text-sm lg:basis-1\/2\" scope=\"row\">Cable Length<\/th>\n<td class=\"TechSpecItem_tableData__3evHs block lg:basis-1\/2 text-sm\">1.8m<\/td>\n<\/tr>\n<tr class=\"TechSpecItem_tableRow__1dRXZ block lg:flex lg:justify-between\">\n<th class=\"TechSpecItem_tableHeader__2tOGU block text-left text-sm lg:basis-1\/2\" scope=\"row\">Detachable Microphone<\/th>\n<td class=\"TechSpecItem_tableData__3evHs block lg:basis-1\/2 text-sm\">No<\/td>\n<\/tr>\n<tr class=\"TechSpecItem_tableRow__1dRXZ block lg:flex lg:justify-between\">\n<th class=\"TechSpecItem_tableHeader__2tOGU block text-left text-sm lg:basis-1\/2\" scope=\"row\">iCUE Software<\/th>\n<td class=\"TechSpecItem_tableData__3evHs block lg:basis-1\/2 text-sm\">Yes<\/td>\n<\/tr>\n<tr class=\"TechSpecItem_tableRow__1dRXZ block lg:flex lg:justify-between\">\n<th class=\"TechSpecItem_tableHeader__2tOGU block text-left text-sm lg:basis-1\/2\" scope=\"row\">Weight<\/th>\n<td class=\"TechSpecItem_tableData__3evHs block lg:basis-1\/2 text-sm\">0.388<\/td>\n<\/tr>\n<\/tbody>\n<\/table>\n","protected":false},"excerpt":{"rendered":"<p>Sonido que se puede ver Conozca VOID, la innovadora familia de auriculares avanzados de Corsair para juegos. Ya elija sistema de audio inal\u00e1mbrico, USB o est\u00e9reo, siempre estar\u00e1 un paso por delante de sus enemigos. Gracias a un dise\u00f1o de avance r\u00e1pido, su espectacular fidelidad y sus innovadoras prestaciones como InfoMic y iCUE Control, los auriculares Corsair VOID Gaming le permiten dirigir y controlar el paisaje sonoro de su juego sin dejar de disparar. &nbsp; &nbsp; Headphone Model VOID Headphone Interface USB Audio Compatibility PC with USB port, Windows 10, Windows 8, Windows 7, Internet connection (for CUE software download) Headphone Frequency Response 20Hz &#8211; 20 kHz Headphone Battery Life N\/A Headphone Sensitivity 107dB (+\/-3dB) Headphone Wireless Range N\/A Headphone Type Wired, USB Headphone Drivers 50mm Impedance 32k Ohms @ 1 kHz Battery Powered No Lighting RGB Model VOID Memory Type USB Microphone Type Unidirectional noise cancelling Microphone Impedance 2.2k Ohms Microphone Frequency Response 100Hz to 10kHz Microphone Sensitivity -37dB (+\/-3dB) Surround Sound Yes Cable Length 1.8m Detachable Microphone No iCUE Software Yes Weight 0.388<\/p>\n","protected":false},"featured_media":11103,"template":"","meta":{"site-sidebar-layout":"default","site-content-layout":"","ast-site-content-layout":"default","site-content-style":"default","site-sidebar-style":"default","ast-global-header-display":"","ast-banner-title-visibility":"","ast-main-header-display":"","ast-hfb-above-header-display":"","ast-hfb-below-header-display":"","ast-hfb-mobile-header-display":"","site-post-title":"","ast-breadcrumbs-content":"","ast-featured-img":"","footer-sml-layout":"","theme-transparent-header-meta":"","adv-header-id-meta":"","stick-header-meta":"","header-above-stick-meta":"","header-main-stick-meta":"","header-below-stick-meta":"","astra-migrate-meta-layouts":"default","ast-page-background-enabled":"default","ast-page-background-meta":{"desktop":{"background-color":"var(--ast-global-color-5)","background-image":"","background-repeat":"repeat","background-position":"center center","background-size":"auto","background-attachment":"scroll","background-type":"","background-media":"","overlay-type":"","overlay-color":"","overlay-opacity":"","overlay-gradient":""},"tablet":{"background-color":"","background-image":"","background-repeat":"repeat","background-position":"center center","background-size":"auto","background-attachment":"scroll","background-type":"","background-media":"","overlay-type":"","overlay-color":"","overlay-opacity":"","overlay-gradient":""},"mobile":{"background-color":"","background-image":"","background-repeat":"repeat","background-position":"center center","background-size":"auto","background-attachment":"scroll","background-type":"","background-media":"","overlay-type":"","overlay-color":"","overlay-opacity":"","overlay-gradient":""}},"ast-content-background-meta":{"desktop":{"background-color":"var(--ast-global-color-4)","background-image":"","background-repeat":"repeat","background-position":"center center","background-size":"auto","background-attachment":"scroll","background-type":"","background-media":"","overlay-type":"","overlay-color":"","overlay-opacity":"","overlay-gradient":""},"tablet":{"background-color":"var(--ast-global-color-4)","background-image":"","background-repeat":"repeat","background-position":"center center","background-size":"auto","background-attachment":"scroll","background-type":"","background-media":"","overlay-type":"","overlay-color":"","overlay-opacity":"","overlay-gradient":""},"mobile":{"background-color":"var(--ast-global-color-4)","background-image":"","background-repeat":"repeat","background-position":"center center","background-size":"auto","background-attachment":"scroll","background-type":"","background-media":"","overlay-type":"","overlay-color":"","overlay-opacity":"","overlay-gradient":""}},"_joinchat":[]},"product_brand":[],"product_cat":[81],"product_tag":[],"class_list":{"0":"post-11094","1":"product","2":"type-product","3":"status-publish","4":"has-post-thumbnail","6":"product_cat-auriculares-pc-play-y-xbox","7":"desktop-align-center","8":"tablet-align-left","9":"mobile-align-left","11":"first","12":"outofstock","13":"shipping-taxable","14":"purchasable","15":"product-type-simple"},"yoast_head":"<!-- This site is optimized with the Yoast SEO plugin v27.5 - https:\/\/yoast.com\/product\/yoast-seo-wordpress\/ -->\n<title>Auriculares CORSAIR Void Elite Gaming 7.1 Wired - UnitGames<\/title>\n<meta name=\"robots\" content=\"index, follow, max-snippet:-1, max-image-preview:large, max-video-preview:-1\" \/>\n<link rel=\"canonical\" href=\"https:\/\/unitgames.com.ar\/pc-gamer\/producto\/auriculares-corsair-void-elite-gaming-wired\/\" \/>\n<meta property=\"og:locale\" content=\"es_ES\" \/>\n<meta property=\"og:type\" content=\"article\" \/>\n<meta property=\"og:title\" content=\"Auriculares CORSAIR Void Elite Gaming 7.1 Wired - UnitGames\" \/>\n<meta property=\"og:description\" content=\"Sonido que se puede ver Conozca VOID, la innovadora familia de auriculares avanzados de Corsair para juegos. Ya elija sistema de audio inal\u00e1mbrico, USB o est\u00e9reo, siempre estar\u00e1 un paso por delante de sus enemigos. Gracias a un dise\u00f1o de avance r\u00e1pido, su espectacular fidelidad y sus innovadoras prestaciones como InfoMic y iCUE Control, los auriculares Corsair VOID Gaming le permiten dirigir y controlar el paisaje sonoro de su juego sin dejar de disparar. &nbsp; &nbsp; Headphone Model VOID Headphone Interface USB Audio Compatibility PC with USB port, Windows 10, Windows 8, Windows 7, Internet connection (for CUE software download) Headphone Frequency Response 20Hz &#8211; 20 kHz Headphone Battery Life N\/A Headphone Sensitivity 107dB (+\/-3dB) Headphone Wireless Range N\/A Headphone Type Wired, USB Headphone Drivers 50mm Impedance 32k Ohms @ 1 kHz Battery Powered No Lighting RGB Model VOID Memory Type USB Microphone Type Unidirectional noise cancelling Microphone Impedance 2.2k Ohms Microphone Frequency Response 100Hz to 10kHz Microphone Sensitivity -37dB (+\/-3dB) Surround Sound Yes Cable Length 1.8m Detachable Microphone No iCUE Software Yes Weight 0.388\" \/>\n<meta property=\"og:url\" content=\"https:\/\/unitgames.com.ar\/pc-gamer\/producto\/auriculares-corsair-void-elite-gaming-wired\/\" \/>\n<meta property=\"og:site_name\" content=\"UnitGames\" \/>\n<meta property=\"article:modified_time\" content=\"2026-01-09T10:18:37+00:00\" \/>\n<meta property=\"og:image\" content=\"https:\/\/unitgames.com.ar\/pc-gamer\/wp-content\/uploads\/2024\/08\/Auriculares-CORSAIR-Void-Elite-Gaming-Wired.png\" \/>\n\t<meta property=\"og:image:width\" content=\"1263\" \/>\n\t<meta property=\"og:image:height\" content=\"1285\" \/>\n\t<meta property=\"og:image:type\" content=\"image\/png\" \/>\n<meta name=\"twitter:card\" content=\"summary_large_image\" \/>\n<meta name=\"twitter:label1\" content=\"Tiempo de lectura\" \/>\n\t<meta name=\"twitter:data1\" content=\"1 minuto\" \/>\n<script type=\"application\/ld+json\" class=\"yoast-schema-graph\">{\"@context\":\"https:\\\/\\\/schema.org\",\"@graph\":[{\"@type\":\"WebPage\",\"@id\":\"https:\\\/\\\/unitgames.com.ar\\\/pc-gamer\\\/producto\\\/auriculares-corsair-void-elite-gaming-wired\\\/\",\"url\":\"https:\\\/\\\/unitgames.com.ar\\\/pc-gamer\\\/producto\\\/auriculares-corsair-void-elite-gaming-wired\\\/\",\"name\":\"Auriculares CORSAIR Void Elite Gaming 7.1 Wired - UnitGames\",\"isPartOf\":{\"@id\":\"https:\\\/\\\/unitgames.com.ar\\\/pc-gamer\\\/#website\"},\"primaryImageOfPage\":{\"@id\":\"https:\\\/\\\/unitgames.com.ar\\\/pc-gamer\\\/producto\\\/auriculares-corsair-void-elite-gaming-wired\\\/#primaryimage\"},\"image\":{\"@id\":\"https:\\\/\\\/unitgames.com.ar\\\/pc-gamer\\\/producto\\\/auriculares-corsair-void-elite-gaming-wired\\\/#primaryimage\"},\"thumbnailUrl\":\"https:\\\/\\\/unitgames.com.ar\\\/pc-gamer\\\/wp-content\\\/uploads\\\/2024\\\/08\\\/Auriculares-CORSAIR-Void-Elite-Gaming-Wired.png\",\"datePublished\":\"2024-08-08T14:44:02+00:00\",\"dateModified\":\"2026-01-09T10:18:37+00:00\",\"breadcrumb\":{\"@id\":\"https:\\\/\\\/unitgames.com.ar\\\/pc-gamer\\\/producto\\\/auriculares-corsair-void-elite-gaming-wired\\\/#breadcrumb\"},\"inLanguage\":\"es\",\"potentialAction\":[{\"@type\":\"ReadAction\",\"target\":[\"https:\\\/\\\/unitgames.com.ar\\\/pc-gamer\\\/producto\\\/auriculares-corsair-void-elite-gaming-wired\\\/\"]}]},{\"@type\":\"ImageObject\",\"inLanguage\":\"es\",\"@id\":\"https:\\\/\\\/unitgames.com.ar\\\/pc-gamer\\\/producto\\\/auriculares-corsair-void-elite-gaming-wired\\\/#primaryimage\",\"url\":\"https:\\\/\\\/unitgames.com.ar\\\/pc-gamer\\\/wp-content\\\/uploads\\\/2024\\\/08\\\/Auriculares-CORSAIR-Void-Elite-Gaming-Wired.png\",\"contentUrl\":\"https:\\\/\\\/unitgames.com.ar\\\/pc-gamer\\\/wp-content\\\/uploads\\\/2024\\\/08\\\/Auriculares-CORSAIR-Void-Elite-Gaming-Wired.png\",\"width\":1263,\"height\":1285},{\"@type\":\"BreadcrumbList\",\"@id\":\"https:\\\/\\\/unitgames.com.ar\\\/pc-gamer\\\/producto\\\/auriculares-corsair-void-elite-gaming-wired\\\/#breadcrumb\",\"itemListElement\":[{\"@type\":\"ListItem\",\"position\":1,\"name\":\"Tienda\",\"item\":\"https:\\\/\\\/unitgames.com.ar\\\/pc-gamer\\\/tienda\\\/\"},{\"@type\":\"ListItem\",\"position\":2,\"name\":\"Auriculares CORSAIR Void Elite Gaming 7.1 Wired\"}]},{\"@type\":\"WebSite\",\"@id\":\"https:\\\/\\\/unitgames.com.ar\\\/pc-gamer\\\/#website\",\"url\":\"https:\\\/\\\/unitgames.com.ar\\\/pc-gamer\\\/\",\"name\":\"UnitGames\",\"description\":\"Venta de PC Gamers, Consolas , Servicio Tecnico Especializado. Todos en Accesorios Informaticos y Gamers\",\"publisher\":{\"@id\":\"https:\\\/\\\/unitgames.com.ar\\\/pc-gamer\\\/#organization\"},\"potentialAction\":[{\"@type\":\"SearchAction\",\"target\":{\"@type\":\"EntryPoint\",\"urlTemplate\":\"https:\\\/\\\/unitgames.com.ar\\\/pc-gamer\\\/?s={search_term_string}\"},\"query-input\":{\"@type\":\"PropertyValueSpecification\",\"valueRequired\":true,\"valueName\":\"search_term_string\"}}],\"inLanguage\":\"es\"},{\"@type\":\"Organization\",\"@id\":\"https:\\\/\\\/unitgames.com.ar\\\/pc-gamer\\\/#organization\",\"name\":\"UnitGames\",\"url\":\"https:\\\/\\\/unitgames.com.ar\\\/pc-gamer\\\/\",\"logo\":{\"@type\":\"ImageObject\",\"inLanguage\":\"es\",\"@id\":\"https:\\\/\\\/unitgames.com.ar\\\/pc-gamer\\\/#\\\/schema\\\/logo\\\/image\\\/\",\"url\":\"https:\\\/\\\/unitgames.com.ar\\\/pc-gamer\\\/wp-content\\\/uploads\\\/2021\\\/01\\\/cropped-logoUnitGames2.png\",\"contentUrl\":\"https:\\\/\\\/unitgames.com.ar\\\/pc-gamer\\\/wp-content\\\/uploads\\\/2021\\\/01\\\/cropped-logoUnitGames2.png\",\"width\":152,\"height\":200,\"caption\":\"UnitGames\"},\"image\":{\"@id\":\"https:\\\/\\\/unitgames.com.ar\\\/pc-gamer\\\/#\\\/schema\\\/logo\\\/image\\\/\"}}]}<\/script>\n<!-- \/ Yoast SEO plugin. -->","yoast_head_json":{"title":"Auriculares CORSAIR Void Elite Gaming 7.1 Wired - UnitGames","robots":{"index":"index","follow":"follow","max-snippet":"max-snippet:-1","max-image-preview":"max-image-preview:large","max-video-preview":"max-video-preview:-1"},"canonical":"https:\/\/unitgames.com.ar\/pc-gamer\/producto\/auriculares-corsair-void-elite-gaming-wired\/","og_locale":"es_ES","og_type":"article","og_title":"Auriculares CORSAIR Void Elite Gaming 7.1 Wired - UnitGames","og_description":"Sonido que se puede ver Conozca VOID, la innovadora familia de auriculares avanzados de Corsair para juegos. Ya elija sistema de audio inal\u00e1mbrico, USB o est\u00e9reo, siempre estar\u00e1 un paso por delante de sus enemigos. Gracias a un dise\u00f1o de avance r\u00e1pido, su espectacular fidelidad y sus innovadoras prestaciones como InfoMic y iCUE Control, los auriculares Corsair VOID Gaming le permiten dirigir y controlar el paisaje sonoro de su juego sin dejar de disparar. &nbsp; &nbsp; Headphone Model VOID Headphone Interface USB Audio Compatibility PC with USB port, Windows 10, Windows 8, Windows 7, Internet connection (for CUE software download) Headphone Frequency Response 20Hz &#8211; 20 kHz Headphone Battery Life N\/A Headphone Sensitivity 107dB (+\/-3dB) Headphone Wireless Range N\/A Headphone Type Wired, USB Headphone Drivers 50mm Impedance 32k Ohms @ 1 kHz Battery Powered No Lighting RGB Model VOID Memory Type USB Microphone Type Unidirectional noise cancelling Microphone Impedance 2.2k Ohms Microphone Frequency Response 100Hz to 10kHz Microphone Sensitivity -37dB (+\/-3dB) Surround Sound Yes Cable Length 1.8m Detachable Microphone No iCUE Software Yes Weight 0.388","og_url":"https:\/\/unitgames.com.ar\/pc-gamer\/producto\/auriculares-corsair-void-elite-gaming-wired\/","og_site_name":"UnitGames","article_modified_time":"2026-01-09T10:18:37+00:00","og_image":[{"width":1263,"height":1285,"url":"https:\/\/unitgames.com.ar\/pc-gamer\/wp-content\/uploads\/2024\/08\/Auriculares-CORSAIR-Void-Elite-Gaming-Wired.png","type":"image\/png"}],"twitter_card":"summary_large_image","twitter_misc":{"Tiempo de lectura":"1 minuto"},"schema":{"@context":"https:\/\/schema.org","@graph":[{"@type":"WebPage","@id":"https:\/\/unitgames.com.ar\/pc-gamer\/producto\/auriculares-corsair-void-elite-gaming-wired\/","url":"https:\/\/unitgames.com.ar\/pc-gamer\/producto\/auriculares-corsair-void-elite-gaming-wired\/","name":"Auriculares CORSAIR Void Elite Gaming 7.1 Wired - UnitGames","isPartOf":{"@id":"https:\/\/unitgames.com.ar\/pc-gamer\/#website"},"primaryImageOfPage":{"@id":"https:\/\/unitgames.com.ar\/pc-gamer\/producto\/auriculares-corsair-void-elite-gaming-wired\/#primaryimage"},"image":{"@id":"https:\/\/unitgames.com.ar\/pc-gamer\/producto\/auriculares-corsair-void-elite-gaming-wired\/#primaryimage"},"thumbnailUrl":"https:\/\/unitgames.com.ar\/pc-gamer\/wp-content\/uploads\/2024\/08\/Auriculares-CORSAIR-Void-Elite-Gaming-Wired.png","datePublished":"2024-08-08T14:44:02+00:00","dateModified":"2026-01-09T10:18:37+00:00","breadcrumb":{"@id":"https:\/\/unitgames.com.ar\/pc-gamer\/producto\/auriculares-corsair-void-elite-gaming-wired\/#breadcrumb"},"inLanguage":"es","potentialAction":[{"@type":"ReadAction","target":["https:\/\/unitgames.com.ar\/pc-gamer\/producto\/auriculares-corsair-void-elite-gaming-wired\/"]}]},{"@type":"ImageObject","inLanguage":"es","@id":"https:\/\/unitgames.com.ar\/pc-gamer\/producto\/auriculares-corsair-void-elite-gaming-wired\/#primaryimage","url":"https:\/\/unitgames.com.ar\/pc-gamer\/wp-content\/uploads\/2024\/08\/Auriculares-CORSAIR-Void-Elite-Gaming-Wired.png","contentUrl":"https:\/\/unitgames.com.ar\/pc-gamer\/wp-content\/uploads\/2024\/08\/Auriculares-CORSAIR-Void-Elite-Gaming-Wired.png","width":1263,"height":1285},{"@type":"BreadcrumbList","@id":"https:\/\/unitgames.com.ar\/pc-gamer\/producto\/auriculares-corsair-void-elite-gaming-wired\/#breadcrumb","itemListElement":[{"@type":"ListItem","position":1,"name":"Tienda","item":"https:\/\/unitgames.com.ar\/pc-gamer\/tienda\/"},{"@type":"ListItem","position":2,"name":"Auriculares CORSAIR Void Elite Gaming 7.1 Wired"}]},{"@type":"WebSite","@id":"https:\/\/unitgames.com.ar\/pc-gamer\/#website","url":"https:\/\/unitgames.com.ar\/pc-gamer\/","name":"UnitGames","description":"Venta de PC Gamers, Consolas , Servicio Tecnico Especializado. Todos en Accesorios Informaticos y Gamers","publisher":{"@id":"https:\/\/unitgames.com.ar\/pc-gamer\/#organization"},"potentialAction":[{"@type":"SearchAction","target":{"@type":"EntryPoint","urlTemplate":"https:\/\/unitgames.com.ar\/pc-gamer\/?s={search_term_string}"},"query-input":{"@type":"PropertyValueSpecification","valueRequired":true,"valueName":"search_term_string"}}],"inLanguage":"es"},{"@type":"Organization","@id":"https:\/\/unitgames.com.ar\/pc-gamer\/#organization","name":"UnitGames","url":"https:\/\/unitgames.com.ar\/pc-gamer\/","logo":{"@type":"ImageObject","inLanguage":"es","@id":"https:\/\/unitgames.com.ar\/pc-gamer\/#\/schema\/logo\/image\/","url":"https:\/\/unitgames.com.ar\/pc-gamer\/wp-content\/uploads\/2021\/01\/cropped-logoUnitGames2.png","contentUrl":"https:\/\/unitgames.com.ar\/pc-gamer\/wp-content\/uploads\/2021\/01\/cropped-logoUnitGames2.png","width":152,"height":200,"caption":"UnitGames"},"image":{"@id":"https:\/\/unitgames.com.ar\/pc-gamer\/#\/schema\/logo\/image\/"}}]}},"_links":{"self":[{"href":"https:\/\/unitgames.com.ar\/pc-gamer\/wp-json\/wp\/v2\/product\/11094","targetHints":{"allow":["GET"]}}],"collection":[{"href":"https:\/\/unitgames.com.ar\/pc-gamer\/wp-json\/wp\/v2\/product"}],"about":[{"href":"https:\/\/unitgames.com.ar\/pc-gamer\/wp-json\/wp\/v2\/types\/product"}],"version-history":[{"count":0,"href":"https:\/\/unitgames.com.ar\/pc-gamer\/wp-json\/wp\/v2\/product\/11094\/revisions"}],"wp:featuredmedia":[{"embeddable":true,"href":"https:\/\/unitgames.com.ar\/pc-gamer\/wp-json\/wp\/v2\/media\/11103"}],"wp:attachment":[{"href":"https:\/\/unitgames.com.ar\/pc-gamer\/wp-json\/wp\/v2\/media?parent=11094"}],"wp:term":[{"taxonomy":"product_brand","embeddable":true,"href":"https:\/\/unitgames.com.ar\/pc-gamer\/wp-json\/wp\/v2\/product_brand?post=11094"},{"taxonomy":"product_cat","embeddable":true,"href":"https:\/\/unitgames.com.ar\/pc-gamer\/wp-json\/wp\/v2\/product_cat?post=11094"},{"taxonomy":"product_tag","embeddable":true,"href":"https:\/\/unitgames.com.ar\/pc-gamer\/wp-json\/wp\/v2\/product_tag?post=11094"}],"curies":[{"name":"wp","href":"https:\/\/api.w.org\/{rel}","templated":true}]}}