{"id":11381,"date":"2024-10-02T22:18:12","date_gmt":"2024-10-02T22:18:12","guid":{"rendered":"https:\/\/unitgames.com.ar\/pc-gamer\/?post_type=product&#038;p=11381"},"modified":"2026-01-09T07:18:13","modified_gmt":"2026-01-09T10:18:13","slug":"teclado-mecanico-redragon-shiva-blanco","status":"publish","type":"product","link":"https:\/\/unitgames.com.ar\/pc-gamer\/producto\/teclado-mecanico-redragon-shiva-blanco\/","title":{"rendered":"Teclado Mecanico REDRAGON Shiva Blanco"},"content":{"rendered":"<div>\n<p class=\"product-section--split__title\">MUY, MUY COMPLETO<\/p>\n<p class=\"product-section--split__description\">La cantidad de prestaciones que ofrece el Shiva es<br \/>\nasombrosa: pr\u00e1cticamente todo lo que presumen<br \/>\nlos teclados mec\u00e1nicos tope de gama, el Shiva lo<br \/>\ntiene tambi\u00e9n.<\/p>\n<p><img decoding=\"async\" class=\"emoji\" role=\"img\" src=\"https:\/\/s.w.org\/images\/core\/emoji\/15.0.3\/svg\/25b6.svg\" alt=\"&#x25b6;\" \/>\u00a0Botones macro y multimedia dedicados.<\/p>\n<p><img decoding=\"async\" class=\"emoji\" role=\"img\" src=\"https:\/\/s.w.org\/images\/core\/emoji\/15.0.3\/svg\/25b6.svg\" alt=\"&#x25b6;\" \/>\u00a0Iluminaci\u00f3n RGB con 7 perfiles configurables.<\/p>\n<p><img decoding=\"async\" class=\"emoji\" role=\"img\" src=\"https:\/\/s.w.org\/images\/core\/emoji\/15.0.3\/svg\/25b6.svg\" alt=\"&#x25b6;\" \/>\u00a0Reposamu\u00f1ecas desmontable magn\u00e9tico.<\/p>\n<p><img decoding=\"async\" class=\"emoji\" role=\"img\" src=\"https:\/\/s.w.org\/images\/core\/emoji\/15.0.3\/svg\/25b6.svg\" alt=\"&#x25b6;\" \/>\u00a0Cable mallado de alta resistencia.<\/p>\n<p>Y mucho m\u00e1s. El Shiva es el mejor de su gama<\/p>\n<p>&nbsp;<\/p>\n<\/div>\n<div><\/div>\n<div class=\"spec\"><span class=\"title\">TIPO DE TECLADO: <\/span><span class=\"value\">membrana.<\/span><\/div>\n<div class=\"spec\"><span class=\"title\">TIPO DE SWITCHES: <\/span><span class=\"value\">membrana.<\/span><\/div>\n<div class=\"spec\"><span class=\"title\">TECLAS MULTIMEDIA: <\/span><span class=\"value\">S\u00ed, dedicadas.<\/span><\/div>\n<div class=\"spec\"><span class=\"title\">TECLAS MACRO DEDICADAS: <\/span><span class=\"value\">S\u00ed.<\/span><\/div>\n<div class=\"spec\"><span class=\"title\">BLOQUEO DE TECLA WINDOWS: <\/span><span class=\"value\">S\u00ed.<\/span><\/div>\n<div class=\"spec\"><span class=\"title\">TAMA\u00d1O: <\/span><span class=\"value\">Full size.<\/span><\/div>\n<div class=\"spec\"><span class=\"title\">REPOSAMU\u00d1ECAS: <\/span><span class=\"value\">S\u00ed, magn\u00e9tico extra\u00edble.<\/span><\/div>\n<div class=\"spec\"><span class=\"title\">RETROILUMINADO: <\/span><span class=\"value\">S\u00ed, RGB full.<\/span><\/div>\n<div class=\"spec\"><span class=\"title\">CABLE: <\/span><span class=\"value\">Mallado, reforzado. Soporta 12 kg y 10000 flexiones. USB enchapado en oro.<\/span><\/div>\n<div class=\"spec\"><span class=\"title\">MATRIZ: <\/span><span class=\"value\">26 teclas anti-ghosting con key rollover.<\/span><\/div>\n<div class=\"spec\"><span class=\"title\">CONSTRUCCI\u00d3N: <\/span><span class=\"value\">Pl\u00e1stico ABS reforzado.<\/span><\/div>\n<div class=\"spec\"><span class=\"title\">ANTI SALPICADURAS: <\/span><span class=\"value\">s\u00ed.<\/span><\/div>\n<div class=\"spec\"><span class=\"title\">DISTRIBUCI\u00d3N: <\/span><span class=\"value\">Espa\u00f1ol (Latinoam\u00e9rica).<\/span><\/div>\n<div class=\"spec\"><span class=\"title\">PESO: <\/span><span class=\"value\">1,09 kg.<\/span><\/div>\n<div class=\"spec\"><span class=\"title\">DIMENSIONES: <\/span><span class=\"value\">44 x 15,3 x 3,2 cm.<\/span><\/div>\n","protected":false},"excerpt":{"rendered":"<p>MUY, MUY COMPLETO La cantidad de prestaciones que ofrece el Shiva es asombrosa: pr\u00e1cticamente todo lo que presumen los teclados mec\u00e1nicos tope de gama, el Shiva lo tiene tambi\u00e9n. \u00a0Botones macro y multimedia dedicados. \u00a0Iluminaci\u00f3n RGB con 7 perfiles configurables. \u00a0Reposamu\u00f1ecas desmontable magn\u00e9tico. \u00a0Cable mallado de alta resistencia. Y mucho m\u00e1s. El Shiva es el mejor de su gama &nbsp; TIPO DE TECLADO: membrana. TIPO DE SWITCHES: membrana. TECLAS MULTIMEDIA: S\u00ed, dedicadas. TECLAS MACRO DEDICADAS: S\u00ed. BLOQUEO DE TECLA WINDOWS: S\u00ed. TAMA\u00d1O: Full size. REPOSAMU\u00d1ECAS: S\u00ed, magn\u00e9tico extra\u00edble. RETROILUMINADO: S\u00ed, RGB full. CABLE: Mallado, reforzado. Soporta 12 kg y 10000 flexiones. USB enchapado en oro. MATRIZ: 26 teclas anti-ghosting con key rollover. CONSTRUCCI\u00d3N: Pl\u00e1stico ABS reforzado. ANTI SALPICADURAS: s\u00ed. DISTRIBUCI\u00d3N: Espa\u00f1ol (Latinoam\u00e9rica). PESO: 1,09 kg. DIMENSIONES: 44 x 15,3 x 3,2 cm.<\/p>\n","protected":false},"featured_media":11405,"template":"","meta":{"site-sidebar-layout":"default","site-content-layout":"","ast-site-content-layout":"default","site-content-style":"default","site-sidebar-style":"default","ast-global-header-display":"","ast-banner-title-visibility":"","ast-main-header-display":"","ast-hfb-above-header-display":"","ast-hfb-below-header-display":"","ast-hfb-mobile-header-display":"","site-post-title":"","ast-breadcrumbs-content":"","ast-featured-img":"","footer-sml-layout":"","theme-transparent-header-meta":"default","adv-header-id-meta":"","stick-header-meta":"","header-above-stick-meta":"","header-main-stick-meta":"","header-below-stick-meta":"","astra-migrate-meta-layouts":"set","ast-page-background-enabled":"default","ast-page-background-meta":{"desktop":{"background-color":"var(--ast-global-color-5)","background-image":"","background-repeat":"repeat","background-position":"center center","background-size":"auto","background-attachment":"scroll","background-type":"","background-media":"","overlay-type":"","overlay-color":"","overlay-opacity":"","overlay-gradient":""},"tablet":{"background-color":"","background-image":"","background-repeat":"repeat","background-position":"center center","background-size":"auto","background-attachment":"scroll","background-type":"","background-media":"","overlay-type":"","overlay-color":"","overlay-opacity":"","overlay-gradient":""},"mobile":{"background-color":"","background-image":"","background-repeat":"repeat","background-position":"center center","background-size":"auto","background-attachment":"scroll","background-type":"","background-media":"","overlay-type":"","overlay-color":"","overlay-opacity":"","overlay-gradient":""}},"ast-content-background-meta":{"desktop":{"background-color":"var(--ast-global-color-4)","background-image":"","background-repeat":"repeat","background-position":"center center","background-size":"auto","background-attachment":"scroll","background-type":"","background-media":"","overlay-type":"","overlay-color":"","overlay-opacity":"","overlay-gradient":""},"tablet":{"background-color":"var(--ast-global-color-4)","background-image":"","background-repeat":"repeat","background-position":"center center","background-size":"auto","background-attachment":"scroll","background-type":"","background-media":"","overlay-type":"","overlay-color":"","overlay-opacity":"","overlay-gradient":""},"mobile":{"background-color":"var(--ast-global-color-4)","background-image":"","background-repeat":"repeat","background-position":"center center","background-size":"auto","background-attachment":"scroll","background-type":"","background-media":"","overlay-type":"","overlay-color":"","overlay-opacity":"","overlay-gradient":""}},"_joinchat":[]},"product_brand":[],"product_cat":[93],"product_tag":[],"class_list":{"0":"post-11381","1":"product","2":"type-product","3":"status-publish","4":"has-post-thumbnail","6":"product_cat-teclados-membrana","7":"desktop-align-center","8":"tablet-align-left","9":"mobile-align-left","11":"first","12":"instock","13":"shipping-taxable","14":"purchasable","15":"product-type-simple"},"yoast_head":"<!-- This site is optimized with the Yoast SEO plugin v27.5 - https:\/\/yoast.com\/product\/yoast-seo-wordpress\/ -->\n<title>Teclado Mecanico REDRAGON Shiva Blanco - UnitGames<\/title>\n<meta name=\"robots\" content=\"index, follow, max-snippet:-1, max-image-preview:large, max-video-preview:-1\" \/>\n<link rel=\"canonical\" href=\"https:\/\/unitgames.com.ar\/pc-gamer\/producto\/teclado-mecanico-redragon-shiva-blanco\/\" \/>\n<meta property=\"og:locale\" content=\"es_ES\" \/>\n<meta property=\"og:type\" content=\"article\" \/>\n<meta property=\"og:title\" content=\"Teclado Mecanico REDRAGON Shiva Blanco - UnitGames\" \/>\n<meta property=\"og:description\" content=\"MUY, MUY COMPLETO La cantidad de prestaciones que ofrece el Shiva es asombrosa: pr\u00e1cticamente todo lo que presumen los teclados mec\u00e1nicos tope de gama, el Shiva lo tiene tambi\u00e9n. \u00a0Botones macro y multimedia dedicados. \u00a0Iluminaci\u00f3n RGB con 7 perfiles configurables. \u00a0Reposamu\u00f1ecas desmontable magn\u00e9tico. \u00a0Cable mallado de alta resistencia. Y mucho m\u00e1s. El Shiva es el mejor de su gama &nbsp; TIPO DE TECLADO: membrana. TIPO DE SWITCHES: membrana. TECLAS MULTIMEDIA: S\u00ed, dedicadas. TECLAS MACRO DEDICADAS: S\u00ed. BLOQUEO DE TECLA WINDOWS: S\u00ed. TAMA\u00d1O: Full size. REPOSAMU\u00d1ECAS: S\u00ed, magn\u00e9tico extra\u00edble. RETROILUMINADO: S\u00ed, RGB full. CABLE: Mallado, reforzado. Soporta 12 kg y 10000 flexiones. USB enchapado en oro. MATRIZ: 26 teclas anti-ghosting con key rollover. CONSTRUCCI\u00d3N: Pl\u00e1stico ABS reforzado. ANTI SALPICADURAS: s\u00ed. DISTRIBUCI\u00d3N: Espa\u00f1ol (Latinoam\u00e9rica). PESO: 1,09 kg. DIMENSIONES: 44 x 15,3 x 3,2 cm.\" \/>\n<meta property=\"og:url\" content=\"https:\/\/unitgames.com.ar\/pc-gamer\/producto\/teclado-mecanico-redragon-shiva-blanco\/\" \/>\n<meta property=\"og:site_name\" content=\"UnitGames\" \/>\n<meta property=\"article:modified_time\" content=\"2026-01-09T10:18:13+00:00\" \/>\n<meta property=\"og:image\" content=\"https:\/\/unitgames.com.ar\/pc-gamer\/wp-content\/uploads\/2024\/10\/Teclado-Mecanico-REDRAGON-Shiva-Blanco.png\" \/>\n\t<meta property=\"og:image:width\" content=\"1283\" \/>\n\t<meta property=\"og:image:height\" content=\"1284\" \/>\n\t<meta property=\"og:image:type\" content=\"image\/png\" \/>\n<meta name=\"twitter:card\" content=\"summary_large_image\" \/>\n<meta name=\"twitter:label1\" content=\"Tiempo de lectura\" \/>\n\t<meta name=\"twitter:data1\" content=\"2 minutos\" \/>\n<script type=\"application\/ld+json\" class=\"yoast-schema-graph\">{\"@context\":\"https:\\\/\\\/schema.org\",\"@graph\":[{\"@type\":\"WebPage\",\"@id\":\"https:\\\/\\\/unitgames.com.ar\\\/pc-gamer\\\/producto\\\/teclado-mecanico-redragon-shiva-blanco\\\/\",\"url\":\"https:\\\/\\\/unitgames.com.ar\\\/pc-gamer\\\/producto\\\/teclado-mecanico-redragon-shiva-blanco\\\/\",\"name\":\"Teclado Mecanico REDRAGON Shiva Blanco - UnitGames\",\"isPartOf\":{\"@id\":\"https:\\\/\\\/unitgames.com.ar\\\/pc-gamer\\\/#website\"},\"primaryImageOfPage\":{\"@id\":\"https:\\\/\\\/unitgames.com.ar\\\/pc-gamer\\\/producto\\\/teclado-mecanico-redragon-shiva-blanco\\\/#primaryimage\"},\"image\":{\"@id\":\"https:\\\/\\\/unitgames.com.ar\\\/pc-gamer\\\/producto\\\/teclado-mecanico-redragon-shiva-blanco\\\/#primaryimage\"},\"thumbnailUrl\":\"https:\\\/\\\/unitgames.com.ar\\\/pc-gamer\\\/wp-content\\\/uploads\\\/2024\\\/10\\\/Teclado-Mecanico-REDRAGON-Shiva-Blanco.png\",\"datePublished\":\"2024-10-02T22:18:12+00:00\",\"dateModified\":\"2026-01-09T10:18:13+00:00\",\"breadcrumb\":{\"@id\":\"https:\\\/\\\/unitgames.com.ar\\\/pc-gamer\\\/producto\\\/teclado-mecanico-redragon-shiva-blanco\\\/#breadcrumb\"},\"inLanguage\":\"es\",\"potentialAction\":[{\"@type\":\"ReadAction\",\"target\":[\"https:\\\/\\\/unitgames.com.ar\\\/pc-gamer\\\/producto\\\/teclado-mecanico-redragon-shiva-blanco\\\/\"]}]},{\"@type\":\"ImageObject\",\"inLanguage\":\"es\",\"@id\":\"https:\\\/\\\/unitgames.com.ar\\\/pc-gamer\\\/producto\\\/teclado-mecanico-redragon-shiva-blanco\\\/#primaryimage\",\"url\":\"https:\\\/\\\/unitgames.com.ar\\\/pc-gamer\\\/wp-content\\\/uploads\\\/2024\\\/10\\\/Teclado-Mecanico-REDRAGON-Shiva-Blanco.png\",\"contentUrl\":\"https:\\\/\\\/unitgames.com.ar\\\/pc-gamer\\\/wp-content\\\/uploads\\\/2024\\\/10\\\/Teclado-Mecanico-REDRAGON-Shiva-Blanco.png\",\"width\":1283,\"height\":1284},{\"@type\":\"BreadcrumbList\",\"@id\":\"https:\\\/\\\/unitgames.com.ar\\\/pc-gamer\\\/producto\\\/teclado-mecanico-redragon-shiva-blanco\\\/#breadcrumb\",\"itemListElement\":[{\"@type\":\"ListItem\",\"position\":1,\"name\":\"Tienda\",\"item\":\"https:\\\/\\\/unitgames.com.ar\\\/pc-gamer\\\/tienda\\\/\"},{\"@type\":\"ListItem\",\"position\":2,\"name\":\"Teclado Mecanico REDRAGON Shiva Blanco\"}]},{\"@type\":\"WebSite\",\"@id\":\"https:\\\/\\\/unitgames.com.ar\\\/pc-gamer\\\/#website\",\"url\":\"https:\\\/\\\/unitgames.com.ar\\\/pc-gamer\\\/\",\"name\":\"UnitGames\",\"description\":\"Venta de PC Gamers, Consolas , Servicio Tecnico Especializado. Todos en Accesorios Informaticos y Gamers\",\"publisher\":{\"@id\":\"https:\\\/\\\/unitgames.com.ar\\\/pc-gamer\\\/#organization\"},\"potentialAction\":[{\"@type\":\"SearchAction\",\"target\":{\"@type\":\"EntryPoint\",\"urlTemplate\":\"https:\\\/\\\/unitgames.com.ar\\\/pc-gamer\\\/?s={search_term_string}\"},\"query-input\":{\"@type\":\"PropertyValueSpecification\",\"valueRequired\":true,\"valueName\":\"search_term_string\"}}],\"inLanguage\":\"es\"},{\"@type\":\"Organization\",\"@id\":\"https:\\\/\\\/unitgames.com.ar\\\/pc-gamer\\\/#organization\",\"name\":\"UnitGames\",\"url\":\"https:\\\/\\\/unitgames.com.ar\\\/pc-gamer\\\/\",\"logo\":{\"@type\":\"ImageObject\",\"inLanguage\":\"es\",\"@id\":\"https:\\\/\\\/unitgames.com.ar\\\/pc-gamer\\\/#\\\/schema\\\/logo\\\/image\\\/\",\"url\":\"https:\\\/\\\/unitgames.com.ar\\\/pc-gamer\\\/wp-content\\\/uploads\\\/2021\\\/01\\\/cropped-logoUnitGames2.png\",\"contentUrl\":\"https:\\\/\\\/unitgames.com.ar\\\/pc-gamer\\\/wp-content\\\/uploads\\\/2021\\\/01\\\/cropped-logoUnitGames2.png\",\"width\":152,\"height\":200,\"caption\":\"UnitGames\"},\"image\":{\"@id\":\"https:\\\/\\\/unitgames.com.ar\\\/pc-gamer\\\/#\\\/schema\\\/logo\\\/image\\\/\"}}]}<\/script>\n<!-- \/ Yoast SEO plugin. -->","yoast_head_json":{"title":"Teclado Mecanico REDRAGON Shiva Blanco - UnitGames","robots":{"index":"index","follow":"follow","max-snippet":"max-snippet:-1","max-image-preview":"max-image-preview:large","max-video-preview":"max-video-preview:-1"},"canonical":"https:\/\/unitgames.com.ar\/pc-gamer\/producto\/teclado-mecanico-redragon-shiva-blanco\/","og_locale":"es_ES","og_type":"article","og_title":"Teclado Mecanico REDRAGON Shiva Blanco - UnitGames","og_description":"MUY, MUY COMPLETO La cantidad de prestaciones que ofrece el Shiva es asombrosa: pr\u00e1cticamente todo lo que presumen los teclados mec\u00e1nicos tope de gama, el Shiva lo tiene tambi\u00e9n. \u00a0Botones macro y multimedia dedicados. \u00a0Iluminaci\u00f3n RGB con 7 perfiles configurables. \u00a0Reposamu\u00f1ecas desmontable magn\u00e9tico. \u00a0Cable mallado de alta resistencia. Y mucho m\u00e1s. El Shiva es el mejor de su gama &nbsp; TIPO DE TECLADO: membrana. TIPO DE SWITCHES: membrana. TECLAS MULTIMEDIA: S\u00ed, dedicadas. TECLAS MACRO DEDICADAS: S\u00ed. BLOQUEO DE TECLA WINDOWS: S\u00ed. TAMA\u00d1O: Full size. REPOSAMU\u00d1ECAS: S\u00ed, magn\u00e9tico extra\u00edble. RETROILUMINADO: S\u00ed, RGB full. CABLE: Mallado, reforzado. Soporta 12 kg y 10000 flexiones. USB enchapado en oro. MATRIZ: 26 teclas anti-ghosting con key rollover. CONSTRUCCI\u00d3N: Pl\u00e1stico ABS reforzado. ANTI SALPICADURAS: s\u00ed. DISTRIBUCI\u00d3N: Espa\u00f1ol (Latinoam\u00e9rica). PESO: 1,09 kg. DIMENSIONES: 44 x 15,3 x 3,2 cm.","og_url":"https:\/\/unitgames.com.ar\/pc-gamer\/producto\/teclado-mecanico-redragon-shiva-blanco\/","og_site_name":"UnitGames","article_modified_time":"2026-01-09T10:18:13+00:00","og_image":[{"width":1283,"height":1284,"url":"https:\/\/unitgames.com.ar\/pc-gamer\/wp-content\/uploads\/2024\/10\/Teclado-Mecanico-REDRAGON-Shiva-Blanco.png","type":"image\/png"}],"twitter_card":"summary_large_image","twitter_misc":{"Tiempo de lectura":"2 minutos"},"schema":{"@context":"https:\/\/schema.org","@graph":[{"@type":"WebPage","@id":"https:\/\/unitgames.com.ar\/pc-gamer\/producto\/teclado-mecanico-redragon-shiva-blanco\/","url":"https:\/\/unitgames.com.ar\/pc-gamer\/producto\/teclado-mecanico-redragon-shiva-blanco\/","name":"Teclado Mecanico REDRAGON Shiva Blanco - UnitGames","isPartOf":{"@id":"https:\/\/unitgames.com.ar\/pc-gamer\/#website"},"primaryImageOfPage":{"@id":"https:\/\/unitgames.com.ar\/pc-gamer\/producto\/teclado-mecanico-redragon-shiva-blanco\/#primaryimage"},"image":{"@id":"https:\/\/unitgames.com.ar\/pc-gamer\/producto\/teclado-mecanico-redragon-shiva-blanco\/#primaryimage"},"thumbnailUrl":"https:\/\/unitgames.com.ar\/pc-gamer\/wp-content\/uploads\/2024\/10\/Teclado-Mecanico-REDRAGON-Shiva-Blanco.png","datePublished":"2024-10-02T22:18:12+00:00","dateModified":"2026-01-09T10:18:13+00:00","breadcrumb":{"@id":"https:\/\/unitgames.com.ar\/pc-gamer\/producto\/teclado-mecanico-redragon-shiva-blanco\/#breadcrumb"},"inLanguage":"es","potentialAction":[{"@type":"ReadAction","target":["https:\/\/unitgames.com.ar\/pc-gamer\/producto\/teclado-mecanico-redragon-shiva-blanco\/"]}]},{"@type":"ImageObject","inLanguage":"es","@id":"https:\/\/unitgames.com.ar\/pc-gamer\/producto\/teclado-mecanico-redragon-shiva-blanco\/#primaryimage","url":"https:\/\/unitgames.com.ar\/pc-gamer\/wp-content\/uploads\/2024\/10\/Teclado-Mecanico-REDRAGON-Shiva-Blanco.png","contentUrl":"https:\/\/unitgames.com.ar\/pc-gamer\/wp-content\/uploads\/2024\/10\/Teclado-Mecanico-REDRAGON-Shiva-Blanco.png","width":1283,"height":1284},{"@type":"BreadcrumbList","@id":"https:\/\/unitgames.com.ar\/pc-gamer\/producto\/teclado-mecanico-redragon-shiva-blanco\/#breadcrumb","itemListElement":[{"@type":"ListItem","position":1,"name":"Tienda","item":"https:\/\/unitgames.com.ar\/pc-gamer\/tienda\/"},{"@type":"ListItem","position":2,"name":"Teclado Mecanico REDRAGON Shiva Blanco"}]},{"@type":"WebSite","@id":"https:\/\/unitgames.com.ar\/pc-gamer\/#website","url":"https:\/\/unitgames.com.ar\/pc-gamer\/","name":"UnitGames","description":"Venta de PC Gamers, Consolas , Servicio Tecnico Especializado. Todos en Accesorios Informaticos y Gamers","publisher":{"@id":"https:\/\/unitgames.com.ar\/pc-gamer\/#organization"},"potentialAction":[{"@type":"SearchAction","target":{"@type":"EntryPoint","urlTemplate":"https:\/\/unitgames.com.ar\/pc-gamer\/?s={search_term_string}"},"query-input":{"@type":"PropertyValueSpecification","valueRequired":true,"valueName":"search_term_string"}}],"inLanguage":"es"},{"@type":"Organization","@id":"https:\/\/unitgames.com.ar\/pc-gamer\/#organization","name":"UnitGames","url":"https:\/\/unitgames.com.ar\/pc-gamer\/","logo":{"@type":"ImageObject","inLanguage":"es","@id":"https:\/\/unitgames.com.ar\/pc-gamer\/#\/schema\/logo\/image\/","url":"https:\/\/unitgames.com.ar\/pc-gamer\/wp-content\/uploads\/2021\/01\/cropped-logoUnitGames2.png","contentUrl":"https:\/\/unitgames.com.ar\/pc-gamer\/wp-content\/uploads\/2021\/01\/cropped-logoUnitGames2.png","width":152,"height":200,"caption":"UnitGames"},"image":{"@id":"https:\/\/unitgames.com.ar\/pc-gamer\/#\/schema\/logo\/image\/"}}]}},"_links":{"self":[{"href":"https:\/\/unitgames.com.ar\/pc-gamer\/wp-json\/wp\/v2\/product\/11381","targetHints":{"allow":["GET"]}}],"collection":[{"href":"https:\/\/unitgames.com.ar\/pc-gamer\/wp-json\/wp\/v2\/product"}],"about":[{"href":"https:\/\/unitgames.com.ar\/pc-gamer\/wp-json\/wp\/v2\/types\/product"}],"version-history":[{"count":0,"href":"https:\/\/unitgames.com.ar\/pc-gamer\/wp-json\/wp\/v2\/product\/11381\/revisions"}],"wp:featuredmedia":[{"embeddable":true,"href":"https:\/\/unitgames.com.ar\/pc-gamer\/wp-json\/wp\/v2\/media\/11405"}],"wp:attachment":[{"href":"https:\/\/unitgames.com.ar\/pc-gamer\/wp-json\/wp\/v2\/media?parent=11381"}],"wp:term":[{"taxonomy":"product_brand","embeddable":true,"href":"https:\/\/unitgames.com.ar\/pc-gamer\/wp-json\/wp\/v2\/product_brand?post=11381"},{"taxonomy":"product_cat","embeddable":true,"href":"https:\/\/unitgames.com.ar\/pc-gamer\/wp-json\/wp\/v2\/product_cat?post=11381"},{"taxonomy":"product_tag","embeddable":true,"href":"https:\/\/unitgames.com.ar\/pc-gamer\/wp-json\/wp\/v2\/product_tag?post=11381"}],"curies":[{"name":"wp","href":"https:\/\/api.w.org\/{rel}","templated":true}]}}