{"id":11522,"date":"2024-10-28T14:45:44","date_gmt":"2024-10-28T14:45:44","guid":{"rendered":"https:\/\/unitgames.com.ar\/pc-gamer\/?post_type=product&#038;p=11522"},"modified":"2026-01-09T07:18:01","modified_gmt":"2026-01-09T10:18:01","slug":"convertidor-roku-express-fhd-3960-r","status":"publish","type":"product","link":"https:\/\/unitgames.com.ar\/pc-gamer\/producto\/convertidor-roku-express-fhd-3960-r\/","title":{"rendered":"Convertidor ROKU Express FHD 3960RW"},"content":{"rendered":"<div class=\"pdp-name ks-mt-10\"><\/div>\n<div class=\"pdp-streams\">Reproducciones por streaming HD<\/div>\n<div class=\"pdp-ratings\">\n<div data-bv-show=\"inline_rating\" data-bv-seo=\"false\" data-bv-redirect-url=\"https:\/\/www.roku.com\/es-ar\/products\/roku-express-4k#pdp-reviews\" data-bv-product-id=\"\" data-bv-ready=\"true\"><\/div>\n<\/div>\n<div class=\"pdp-tag ks-text-bold\"><\/div>\n<div class=\"pdp-list\">\n<div class=\"pdp-list\">\n<div class=\"pdp-list__item glyphicon glyphicon-check\">* La manera m\u00e1s econ\u00f3mica de reproducir contenido por streaming en FHD<\/div>\n<div class=\"pdp-list__item glyphicon glyphicon-check\">* Rendimiento inal\u00e1mbrico r\u00e1pido para lograr un streaming fluido<\/div>\n<div class=\"pdp-list__item glyphicon glyphicon-check\">* Pantalla de inicio sencilla y personalizable, con tus canales en un lugar central<\/div>\n<div class=\"pdp-list__item glyphicon glyphicon-check\">* Comparte videos, fotos y m\u00e1s con dispositivos Apple usando AirPlay<\/div>\n<div class=\"pdp-list__item glyphicon glyphicon-check\">* Reproduce por streaming TV gratis, noticias en vivo, deportes, pel\u00edculas y mucho m\u00e1s<\/div>\n<div class=\"pdp-list__item glyphicon glyphicon-accessories\">* Control remoto sencillo<\/div>\n<\/div>\n<\/div>\n<div>\n<section class=\"ks-wrapper ks-wrapper ks-mt-10\" data-id=\"svozh\" data-class-id=\"svozh\">\n<div class=\"Roku-ProductGreatFor ks-pv-20\">\n<div><\/div>\n<div class=\"ks-pb-20\">\n<div class=\"ks-pb-20\"><\/div>\n<\/div>\n<\/div>\n<\/section>\n<section class=\"ks-wrapper\" data-id=\"msbxg\" data-class-id=\"msbxg\">\n<div class=\"Pdp-Spotlight ks-pv-20 \">\n<div class=\"spotlight-container content-align-undefined content-margin \">\n<div class=\"spotlight-img ks-pb-30\">\n<div class=\"media\"><\/div>\n<\/div>\n<h2 class=\" ks-text-bold\">Magn\u00edfica calidad de imagen<\/h2>\n<div class=\"spotlight-description ks-pb-20 ks-text-md ks-text-regular spotlight-description grey500\">Experimenta tus programas favoritos con detalles y claridad impresionantes. No importa si haces streaming en HD, 4K o HDR, obtendr\u00e1s calidad de imagen optimizada para tu TV, con resoluci\u00f3n n\u00edtida y colores intensos.<\/div>\n<\/div>\n<div class=\"spotlight-container content-align-undefined \">\n<div class=\"spotlight-img ks-pb-30\">\n<div class=\"media\">\n<div class=\"video-player-container inside-controls\">\n<div class=\"video-play\">\n<div class=\"video-icon\"><\/div>\n<\/div>\n<p>&nbsp;<\/p>\n<\/div>\n<\/div>\n<\/div>\n<h2 class=\" ks-text-bold\">Streaming inal\u00e1mbrico fluido<\/h2>\n<div class=\"spotlight-description ks-pb-20 ks-text-md ks-text-regular spotlight-description grey500\">El streaming en FHD requiere una mejor conexi\u00f3n a internet que la necesaria para HD est\u00e1ndar. Por eso, Roku Express 4K cuenta con tecnolog\u00eda inal\u00e1mbrica de doble banda para una conexi\u00f3n r\u00e1pida y una experiencia de streaming fluida, incluso con m\u00faltiples dispositivos en la red.<\/div>\n<\/div>\n<\/div>\n<\/section>\n<section class=\"ks-wrapper\" data-id=\"lkryk\" data-class-id=\"lkryk\">\n<div class=\"Pdp-Spotlight ks-pv-20 \">\n<div class=\"spotlight-container content-align-undefined content-margin \">\n<div class=\"spotlight-img ks-pb-30\">\n<div class=\"media\"><\/div>\n<\/div>\n<h2 class=\" ks-text-bold\">M\u00e1s potencia. M\u00e1s diversi\u00f3n.<\/h2>\n<div class=\"spotlight-description ks-pb-20 ks-text-md ks-text-regular spotlight-description grey500\">Actual\u00edzate al streaming de Roku; cuenta con amplia selecci\u00f3n de TV gratuita y en vivo, pantalla de inicio personalizada y actualizaciones peri\u00f3dicas con nuevas funciones. Tiene todo lo que necesitas para reemplazar el cable y ahorrar dinero.<\/div>\n<\/div>\n<div class=\"spotlight-container content-align-undefined \">\n<div class=\"spotlight-img ks-pb-30\">\n<div class=\"media\"><\/div>\n<\/div>\n<h2 class=\" ks-text-bold\">Configurarlo es muy sencillo<\/h2>\n<div class=\"spotlight-description ks-pb-20 ks-text-md ks-text-regular spotlight-description grey500\">Comenzar es f\u00e1cil; todo lo que necesitas viene dentro de la caja. Solo debes conectarlo a la TV y a internet. Gracias a la configuraci\u00f3n guiada r\u00e1pida, estar\u00e1s haciendo streaming en unos minutos.<\/div>\n<\/div>\n<\/div>\n<\/section>\n<\/div>\n","protected":false},"excerpt":{"rendered":"<p>Reproducciones por streaming HD * La manera m\u00e1s econ\u00f3mica de reproducir contenido por streaming en FHD * Rendimiento inal\u00e1mbrico r\u00e1pido para lograr un streaming fluido * Pantalla de inicio sencilla y personalizable, con tus canales en un lugar central * Comparte videos, fotos y m\u00e1s con dispositivos Apple usando AirPlay * Reproduce por streaming TV gratis, noticias en vivo, deportes, pel\u00edculas y mucho m\u00e1s * Control remoto sencillo Magn\u00edfica calidad de imagen Experimenta tus programas favoritos con detalles y claridad impresionantes. No importa si haces streaming en HD, 4K o HDR, obtendr\u00e1s calidad de imagen optimizada para tu TV, con resoluci\u00f3n n\u00edtida y colores intensos. &nbsp; Streaming inal\u00e1mbrico fluido El streaming en FHD requiere una mejor conexi\u00f3n a internet que la necesaria para HD est\u00e1ndar. Por eso, Roku Express 4K cuenta con tecnolog\u00eda inal\u00e1mbrica de doble banda para una conexi\u00f3n r\u00e1pida y una experiencia de streaming fluida, incluso con m\u00faltiples dispositivos en la red. M\u00e1s potencia. M\u00e1s diversi\u00f3n. Actual\u00edzate al streaming de Roku; cuenta con amplia selecci\u00f3n de TV gratuita y en vivo, pantalla de inicio personalizada y actualizaciones peri\u00f3dicas con nuevas funciones. Tiene todo lo que necesitas para reemplazar el cable y ahorrar dinero. Configurarlo es muy sencillo Comenzar es f\u00e1cil; todo lo que necesitas viene dentro de la caja. Solo debes conectarlo a la TV y a internet. Gracias a la configuraci\u00f3n guiada r\u00e1pida, estar\u00e1s haciendo streaming en unos minutos.<\/p>\n","protected":false},"featured_media":11542,"template":"","meta":{"site-sidebar-layout":"default","site-content-layout":"","ast-site-content-layout":"default","site-content-style":"default","site-sidebar-style":"default","ast-global-header-display":"","ast-banner-title-visibility":"","ast-main-header-display":"","ast-hfb-above-header-display":"","ast-hfb-below-header-display":"","ast-hfb-mobile-header-display":"","site-post-title":"","ast-breadcrumbs-content":"","ast-featured-img":"","footer-sml-layout":"","theme-transparent-header-meta":"","adv-header-id-meta":"","stick-header-meta":"","header-above-stick-meta":"","header-main-stick-meta":"","header-below-stick-meta":"","astra-migrate-meta-layouts":"default","ast-page-background-enabled":"default","ast-page-background-meta":{"desktop":{"background-color":"var(--ast-global-color-5)","background-image":"","background-repeat":"repeat","background-position":"center center","background-size":"auto","background-attachment":"scroll","background-type":"","background-media":"","overlay-type":"","overlay-color":"","overlay-opacity":"","overlay-gradient":""},"tablet":{"background-color":"","background-image":"","background-repeat":"repeat","background-position":"center center","background-size":"auto","background-attachment":"scroll","background-type":"","background-media":"","overlay-type":"","overlay-color":"","overlay-opacity":"","overlay-gradient":""},"mobile":{"background-color":"","background-image":"","background-repeat":"repeat","background-position":"center center","background-size":"auto","background-attachment":"scroll","background-type":"","background-media":"","overlay-type":"","overlay-color":"","overlay-opacity":"","overlay-gradient":""}},"ast-content-background-meta":{"desktop":{"background-color":"var(--ast-global-color-4)","background-image":"","background-repeat":"repeat","background-position":"center center","background-size":"auto","background-attachment":"scroll","background-type":"","background-media":"","overlay-type":"","overlay-color":"","overlay-opacity":"","overlay-gradient":""},"tablet":{"background-color":"var(--ast-global-color-4)","background-image":"","background-repeat":"repeat","background-position":"center center","background-size":"auto","background-attachment":"scroll","background-type":"","background-media":"","overlay-type":"","overlay-color":"","overlay-opacity":"","overlay-gradient":""},"mobile":{"background-color":"var(--ast-global-color-4)","background-image":"","background-repeat":"repeat","background-position":"center center","background-size":"auto","background-attachment":"scroll","background-type":"","background-media":"","overlay-type":"","overlay-color":"","overlay-opacity":"","overlay-gradient":""}},"_joinchat":[]},"product_brand":[],"product_cat":[115],"product_tag":[],"class_list":{"0":"post-11522","1":"product","2":"type-product","3":"status-publish","4":"has-post-thumbnail","6":"product_cat-streaming-tv","7":"desktop-align-center","8":"tablet-align-left","9":"mobile-align-left","11":"first","12":"instock","13":"shipping-taxable","14":"purchasable","15":"product-type-simple"},"yoast_head":"<!-- This site is optimized with the Yoast SEO plugin v27.3 - https:\/\/yoast.com\/product\/yoast-seo-wordpress\/ -->\n<title>Convertidor ROKU Express FHD 3960RW - UnitGames<\/title>\n<meta name=\"robots\" content=\"index, follow, max-snippet:-1, max-image-preview:large, max-video-preview:-1\" \/>\n<link rel=\"canonical\" href=\"https:\/\/unitgames.com.ar\/pc-gamer\/producto\/convertidor-roku-express-fhd-3960-r\/\" \/>\n<meta property=\"og:locale\" content=\"es_ES\" \/>\n<meta property=\"og:type\" content=\"article\" \/>\n<meta property=\"og:title\" content=\"Convertidor ROKU Express FHD 3960RW - UnitGames\" \/>\n<meta property=\"og:description\" content=\"Reproducciones por streaming HD * La manera m\u00e1s econ\u00f3mica de reproducir contenido por streaming en FHD * Rendimiento inal\u00e1mbrico r\u00e1pido para lograr un streaming fluido * Pantalla de inicio sencilla y personalizable, con tus canales en un lugar central * Comparte videos, fotos y m\u00e1s con dispositivos Apple usando AirPlay * Reproduce por streaming TV gratis, noticias en vivo, deportes, pel\u00edculas y mucho m\u00e1s * Control remoto sencillo Magn\u00edfica calidad de imagen Experimenta tus programas favoritos con detalles y claridad impresionantes. No importa si haces streaming en HD, 4K o HDR, obtendr\u00e1s calidad de imagen optimizada para tu TV, con resoluci\u00f3n n\u00edtida y colores intensos. &nbsp; Streaming inal\u00e1mbrico fluido El streaming en FHD requiere una mejor conexi\u00f3n a internet que la necesaria para HD est\u00e1ndar. Por eso, Roku Express 4K cuenta con tecnolog\u00eda inal\u00e1mbrica de doble banda para una conexi\u00f3n r\u00e1pida y una experiencia de streaming fluida, incluso con m\u00faltiples dispositivos en la red. M\u00e1s potencia. M\u00e1s diversi\u00f3n. Actual\u00edzate al streaming de Roku; cuenta con amplia selecci\u00f3n de TV gratuita y en vivo, pantalla de inicio personalizada y actualizaciones peri\u00f3dicas con nuevas funciones. Tiene todo lo que necesitas para reemplazar el cable y ahorrar dinero. Configurarlo es muy sencillo Comenzar es f\u00e1cil; todo lo que necesitas viene dentro de la caja. Solo debes conectarlo a la TV y a internet. Gracias a la configuraci\u00f3n guiada r\u00e1pida, estar\u00e1s haciendo streaming en unos minutos.\" \/>\n<meta property=\"og:url\" content=\"https:\/\/unitgames.com.ar\/pc-gamer\/producto\/convertidor-roku-express-fhd-3960-r\/\" \/>\n<meta property=\"og:site_name\" content=\"UnitGames\" \/>\n<meta property=\"article:modified_time\" content=\"2026-01-09T10:18:01+00:00\" \/>\n<meta property=\"og:image\" content=\"https:\/\/unitgames.com.ar\/pc-gamer\/wp-content\/uploads\/2024\/10\/Convertidor-ROKU-Express-FHD-3960-R.png\" \/>\n\t<meta property=\"og:image:width\" content=\"1263\" \/>\n\t<meta property=\"og:image:height\" content=\"1285\" \/>\n\t<meta property=\"og:image:type\" content=\"image\/png\" \/>\n<meta name=\"twitter:card\" content=\"summary_large_image\" \/>\n<meta name=\"twitter:label1\" content=\"Tiempo de lectura\" \/>\n\t<meta name=\"twitter:data1\" content=\"2 minutos\" \/>\n<script type=\"application\/ld+json\" class=\"yoast-schema-graph\">{\"@context\":\"https:\\\/\\\/schema.org\",\"@graph\":[{\"@type\":\"WebPage\",\"@id\":\"https:\\\/\\\/unitgames.com.ar\\\/pc-gamer\\\/producto\\\/convertidor-roku-express-fhd-3960-r\\\/\",\"url\":\"https:\\\/\\\/unitgames.com.ar\\\/pc-gamer\\\/producto\\\/convertidor-roku-express-fhd-3960-r\\\/\",\"name\":\"Convertidor ROKU Express FHD 3960RW - UnitGames\",\"isPartOf\":{\"@id\":\"https:\\\/\\\/unitgames.com.ar\\\/pc-gamer\\\/#website\"},\"primaryImageOfPage\":{\"@id\":\"https:\\\/\\\/unitgames.com.ar\\\/pc-gamer\\\/producto\\\/convertidor-roku-express-fhd-3960-r\\\/#primaryimage\"},\"image\":{\"@id\":\"https:\\\/\\\/unitgames.com.ar\\\/pc-gamer\\\/producto\\\/convertidor-roku-express-fhd-3960-r\\\/#primaryimage\"},\"thumbnailUrl\":\"https:\\\/\\\/unitgames.com.ar\\\/pc-gamer\\\/wp-content\\\/uploads\\\/2024\\\/10\\\/Convertidor-ROKU-Express-FHD-3960-R.png\",\"datePublished\":\"2024-10-28T14:45:44+00:00\",\"dateModified\":\"2026-01-09T10:18:01+00:00\",\"breadcrumb\":{\"@id\":\"https:\\\/\\\/unitgames.com.ar\\\/pc-gamer\\\/producto\\\/convertidor-roku-express-fhd-3960-r\\\/#breadcrumb\"},\"inLanguage\":\"es\",\"potentialAction\":[{\"@type\":\"ReadAction\",\"target\":[\"https:\\\/\\\/unitgames.com.ar\\\/pc-gamer\\\/producto\\\/convertidor-roku-express-fhd-3960-r\\\/\"]}]},{\"@type\":\"ImageObject\",\"inLanguage\":\"es\",\"@id\":\"https:\\\/\\\/unitgames.com.ar\\\/pc-gamer\\\/producto\\\/convertidor-roku-express-fhd-3960-r\\\/#primaryimage\",\"url\":\"https:\\\/\\\/unitgames.com.ar\\\/pc-gamer\\\/wp-content\\\/uploads\\\/2024\\\/10\\\/Convertidor-ROKU-Express-FHD-3960-R.png\",\"contentUrl\":\"https:\\\/\\\/unitgames.com.ar\\\/pc-gamer\\\/wp-content\\\/uploads\\\/2024\\\/10\\\/Convertidor-ROKU-Express-FHD-3960-R.png\",\"width\":1263,\"height\":1285},{\"@type\":\"BreadcrumbList\",\"@id\":\"https:\\\/\\\/unitgames.com.ar\\\/pc-gamer\\\/producto\\\/convertidor-roku-express-fhd-3960-r\\\/#breadcrumb\",\"itemListElement\":[{\"@type\":\"ListItem\",\"position\":1,\"name\":\"Tienda\",\"item\":\"https:\\\/\\\/unitgames.com.ar\\\/pc-gamer\\\/tienda\\\/\"},{\"@type\":\"ListItem\",\"position\":2,\"name\":\"Convertidor ROKU Express FHD 3960RW\"}]},{\"@type\":\"WebSite\",\"@id\":\"https:\\\/\\\/unitgames.com.ar\\\/pc-gamer\\\/#website\",\"url\":\"https:\\\/\\\/unitgames.com.ar\\\/pc-gamer\\\/\",\"name\":\"UnitGames\",\"description\":\"Venta de PC Gamers, Consolas , Servicio Tecnico Especializado. Todos en Accesorios Informaticos y Gamers\",\"publisher\":{\"@id\":\"https:\\\/\\\/unitgames.com.ar\\\/pc-gamer\\\/#organization\"},\"potentialAction\":[{\"@type\":\"SearchAction\",\"target\":{\"@type\":\"EntryPoint\",\"urlTemplate\":\"https:\\\/\\\/unitgames.com.ar\\\/pc-gamer\\\/?s={search_term_string}\"},\"query-input\":{\"@type\":\"PropertyValueSpecification\",\"valueRequired\":true,\"valueName\":\"search_term_string\"}}],\"inLanguage\":\"es\"},{\"@type\":\"Organization\",\"@id\":\"https:\\\/\\\/unitgames.com.ar\\\/pc-gamer\\\/#organization\",\"name\":\"UnitGames\",\"url\":\"https:\\\/\\\/unitgames.com.ar\\\/pc-gamer\\\/\",\"logo\":{\"@type\":\"ImageObject\",\"inLanguage\":\"es\",\"@id\":\"https:\\\/\\\/unitgames.com.ar\\\/pc-gamer\\\/#\\\/schema\\\/logo\\\/image\\\/\",\"url\":\"https:\\\/\\\/unitgames.com.ar\\\/pc-gamer\\\/wp-content\\\/uploads\\\/2021\\\/01\\\/cropped-logoUnitGames2.png\",\"contentUrl\":\"https:\\\/\\\/unitgames.com.ar\\\/pc-gamer\\\/wp-content\\\/uploads\\\/2021\\\/01\\\/cropped-logoUnitGames2.png\",\"width\":152,\"height\":200,\"caption\":\"UnitGames\"},\"image\":{\"@id\":\"https:\\\/\\\/unitgames.com.ar\\\/pc-gamer\\\/#\\\/schema\\\/logo\\\/image\\\/\"}}]}<\/script>\n<!-- \/ Yoast SEO plugin. -->","yoast_head_json":{"title":"Convertidor ROKU Express FHD 3960RW - UnitGames","robots":{"index":"index","follow":"follow","max-snippet":"max-snippet:-1","max-image-preview":"max-image-preview:large","max-video-preview":"max-video-preview:-1"},"canonical":"https:\/\/unitgames.com.ar\/pc-gamer\/producto\/convertidor-roku-express-fhd-3960-r\/","og_locale":"es_ES","og_type":"article","og_title":"Convertidor ROKU Express FHD 3960RW - UnitGames","og_description":"Reproducciones por streaming HD * La manera m\u00e1s econ\u00f3mica de reproducir contenido por streaming en FHD * Rendimiento inal\u00e1mbrico r\u00e1pido para lograr un streaming fluido * Pantalla de inicio sencilla y personalizable, con tus canales en un lugar central * Comparte videos, fotos y m\u00e1s con dispositivos Apple usando AirPlay * Reproduce por streaming TV gratis, noticias en vivo, deportes, pel\u00edculas y mucho m\u00e1s * Control remoto sencillo Magn\u00edfica calidad de imagen Experimenta tus programas favoritos con detalles y claridad impresionantes. No importa si haces streaming en HD, 4K o HDR, obtendr\u00e1s calidad de imagen optimizada para tu TV, con resoluci\u00f3n n\u00edtida y colores intensos. &nbsp; Streaming inal\u00e1mbrico fluido El streaming en FHD requiere una mejor conexi\u00f3n a internet que la necesaria para HD est\u00e1ndar. Por eso, Roku Express 4K cuenta con tecnolog\u00eda inal\u00e1mbrica de doble banda para una conexi\u00f3n r\u00e1pida y una experiencia de streaming fluida, incluso con m\u00faltiples dispositivos en la red. M\u00e1s potencia. M\u00e1s diversi\u00f3n. Actual\u00edzate al streaming de Roku; cuenta con amplia selecci\u00f3n de TV gratuita y en vivo, pantalla de inicio personalizada y actualizaciones peri\u00f3dicas con nuevas funciones. Tiene todo lo que necesitas para reemplazar el cable y ahorrar dinero. Configurarlo es muy sencillo Comenzar es f\u00e1cil; todo lo que necesitas viene dentro de la caja. Solo debes conectarlo a la TV y a internet. Gracias a la configuraci\u00f3n guiada r\u00e1pida, estar\u00e1s haciendo streaming en unos minutos.","og_url":"https:\/\/unitgames.com.ar\/pc-gamer\/producto\/convertidor-roku-express-fhd-3960-r\/","og_site_name":"UnitGames","article_modified_time":"2026-01-09T10:18:01+00:00","og_image":[{"width":1263,"height":1285,"url":"https:\/\/unitgames.com.ar\/pc-gamer\/wp-content\/uploads\/2024\/10\/Convertidor-ROKU-Express-FHD-3960-R.png","type":"image\/png"}],"twitter_card":"summary_large_image","twitter_misc":{"Tiempo de lectura":"2 minutos"},"schema":{"@context":"https:\/\/schema.org","@graph":[{"@type":"WebPage","@id":"https:\/\/unitgames.com.ar\/pc-gamer\/producto\/convertidor-roku-express-fhd-3960-r\/","url":"https:\/\/unitgames.com.ar\/pc-gamer\/producto\/convertidor-roku-express-fhd-3960-r\/","name":"Convertidor ROKU Express FHD 3960RW - UnitGames","isPartOf":{"@id":"https:\/\/unitgames.com.ar\/pc-gamer\/#website"},"primaryImageOfPage":{"@id":"https:\/\/unitgames.com.ar\/pc-gamer\/producto\/convertidor-roku-express-fhd-3960-r\/#primaryimage"},"image":{"@id":"https:\/\/unitgames.com.ar\/pc-gamer\/producto\/convertidor-roku-express-fhd-3960-r\/#primaryimage"},"thumbnailUrl":"https:\/\/unitgames.com.ar\/pc-gamer\/wp-content\/uploads\/2024\/10\/Convertidor-ROKU-Express-FHD-3960-R.png","datePublished":"2024-10-28T14:45:44+00:00","dateModified":"2026-01-09T10:18:01+00:00","breadcrumb":{"@id":"https:\/\/unitgames.com.ar\/pc-gamer\/producto\/convertidor-roku-express-fhd-3960-r\/#breadcrumb"},"inLanguage":"es","potentialAction":[{"@type":"ReadAction","target":["https:\/\/unitgames.com.ar\/pc-gamer\/producto\/convertidor-roku-express-fhd-3960-r\/"]}]},{"@type":"ImageObject","inLanguage":"es","@id":"https:\/\/unitgames.com.ar\/pc-gamer\/producto\/convertidor-roku-express-fhd-3960-r\/#primaryimage","url":"https:\/\/unitgames.com.ar\/pc-gamer\/wp-content\/uploads\/2024\/10\/Convertidor-ROKU-Express-FHD-3960-R.png","contentUrl":"https:\/\/unitgames.com.ar\/pc-gamer\/wp-content\/uploads\/2024\/10\/Convertidor-ROKU-Express-FHD-3960-R.png","width":1263,"height":1285},{"@type":"BreadcrumbList","@id":"https:\/\/unitgames.com.ar\/pc-gamer\/producto\/convertidor-roku-express-fhd-3960-r\/#breadcrumb","itemListElement":[{"@type":"ListItem","position":1,"name":"Tienda","item":"https:\/\/unitgames.com.ar\/pc-gamer\/tienda\/"},{"@type":"ListItem","position":2,"name":"Convertidor ROKU Express FHD 3960RW"}]},{"@type":"WebSite","@id":"https:\/\/unitgames.com.ar\/pc-gamer\/#website","url":"https:\/\/unitgames.com.ar\/pc-gamer\/","name":"UnitGames","description":"Venta de PC Gamers, Consolas , Servicio Tecnico Especializado. Todos en Accesorios Informaticos y Gamers","publisher":{"@id":"https:\/\/unitgames.com.ar\/pc-gamer\/#organization"},"potentialAction":[{"@type":"SearchAction","target":{"@type":"EntryPoint","urlTemplate":"https:\/\/unitgames.com.ar\/pc-gamer\/?s={search_term_string}"},"query-input":{"@type":"PropertyValueSpecification","valueRequired":true,"valueName":"search_term_string"}}],"inLanguage":"es"},{"@type":"Organization","@id":"https:\/\/unitgames.com.ar\/pc-gamer\/#organization","name":"UnitGames","url":"https:\/\/unitgames.com.ar\/pc-gamer\/","logo":{"@type":"ImageObject","inLanguage":"es","@id":"https:\/\/unitgames.com.ar\/pc-gamer\/#\/schema\/logo\/image\/","url":"https:\/\/unitgames.com.ar\/pc-gamer\/wp-content\/uploads\/2021\/01\/cropped-logoUnitGames2.png","contentUrl":"https:\/\/unitgames.com.ar\/pc-gamer\/wp-content\/uploads\/2021\/01\/cropped-logoUnitGames2.png","width":152,"height":200,"caption":"UnitGames"},"image":{"@id":"https:\/\/unitgames.com.ar\/pc-gamer\/#\/schema\/logo\/image\/"}}]}},"_links":{"self":[{"href":"https:\/\/unitgames.com.ar\/pc-gamer\/wp-json\/wp\/v2\/product\/11522","targetHints":{"allow":["GET"]}}],"collection":[{"href":"https:\/\/unitgames.com.ar\/pc-gamer\/wp-json\/wp\/v2\/product"}],"about":[{"href":"https:\/\/unitgames.com.ar\/pc-gamer\/wp-json\/wp\/v2\/types\/product"}],"version-history":[{"count":0,"href":"https:\/\/unitgames.com.ar\/pc-gamer\/wp-json\/wp\/v2\/product\/11522\/revisions"}],"wp:featuredmedia":[{"embeddable":true,"href":"https:\/\/unitgames.com.ar\/pc-gamer\/wp-json\/wp\/v2\/media\/11542"}],"wp:attachment":[{"href":"https:\/\/unitgames.com.ar\/pc-gamer\/wp-json\/wp\/v2\/media?parent=11522"}],"wp:term":[{"taxonomy":"product_brand","embeddable":true,"href":"https:\/\/unitgames.com.ar\/pc-gamer\/wp-json\/wp\/v2\/product_brand?post=11522"},{"taxonomy":"product_cat","embeddable":true,"href":"https:\/\/unitgames.com.ar\/pc-gamer\/wp-json\/wp\/v2\/product_cat?post=11522"},{"taxonomy":"product_tag","embeddable":true,"href":"https:\/\/unitgames.com.ar\/pc-gamer\/wp-json\/wp\/v2\/product_tag?post=11522"}],"curies":[{"name":"wp","href":"https:\/\/api.w.org\/{rel}","templated":true}]}}