{"id":12144,"date":"2025-01-13T15:27:38","date_gmt":"2025-01-13T15:27:38","guid":{"rendered":"https:\/\/unitgames.com.ar\/pc-gamer\/?post_type=product&#038;p=12144"},"modified":"2026-01-09T07:17:09","modified_gmt":"2026-01-09T10:17:09","slug":"auriculares-bluetooth-mooki-sound-mh-tws33","status":"publish","type":"product","link":"https:\/\/unitgames.com.ar\/pc-gamer\/producto\/auriculares-bluetooth-mooki-sound-mh-tws33\/","title":{"rendered":"Auriculares Bluetooth MOOKI Sound MH-TWS33"},"content":{"rendered":"<p>El Moonki Sound MH-TWS33 es un auricular de tipo Earbud confeccionado con la \u00faltima tecnolog\u00eda completamente inal\u00e1mbrica de conectividad Bluetooth 5.0. Para tu tranquilidad y comodidad, despliega una amplia variedad de usos y tiempos de reproducci\u00f3n, anexando un dise\u00f1o amigablemente suave, portable y liviano. A la vez, imparte gran potencia sonora, otorg\u00e1ndole el toque de dinamismo que tus ratos de reproducci\u00f3n musical est\u00e1n necesitando e incrementando la calidad de tu escucha.<\/p>\n<p>&nbsp;<\/p>\n<ul>\n<li><strong>C\u00f3digo<\/strong>\u00a0MH-TWS33<\/li>\n<li><strong>Tipo<\/strong>\u00a0Earbud Bluetooth<\/li>\n<li><strong>Versi\u00f3n Bluetooth<\/strong>\u00a05.0<\/li>\n<li><strong>Rango de alcance<\/strong>\u00a010m<\/li>\n<li><strong>Rango de Frecuencia\u00a0<\/strong>20-20,000Hz<\/li>\n<li><strong>Sensibilidad\u00a0<\/strong>100 dB a 1 KHz<\/li>\n<li><strong>Impedancia<\/strong>\u00a032 Ohm<\/li>\n<li><strong>Driver<\/strong>\u00a08mm<\/li>\n<li><strong>Dise\u00f1o In Ear<\/strong><\/li>\n<li><strong>Micr\u00f3fono incorporado<\/strong><\/li>\n<li><strong>Estuche de carga<\/strong><\/li>\n<li><strong>Entrada de Carga<\/strong>\u00a0USB Tipo C<\/li>\n<li><strong>Bater\u00eda Litio<\/strong>\u00a030 mAh Earbuds &#8211; 400 mAh Base<\/li>\n<li><strong>Tiempo de carga\u00a0<\/strong>1.5 hrs Aprox.<\/li>\n<li><strong>Reproducci\u00f3n<\/strong>\u00a0Hasta 12Hs (tres ciclos de carga de 4hs de duraci\u00f3n)<\/li>\n<li><strong>Medidas de la Unidad\u00a0<\/strong>60 x 45 x 25 mm<\/li>\n<li><strong>Peso de la Unidad<\/strong>\u00a060 Gr<\/li>\n<li><strong>Medidas de la Caja\u00a0<\/strong>80 x 140 x 30 mm<\/li>\n<li><strong>Peso de la Caja<\/strong>\u00a0125 Gr<\/li>\n<li><strong>EAN<\/strong>\u00a07798135512354<\/li>\n<\/ul>\n","protected":false},"excerpt":{"rendered":"<p>El Moonki Sound MH-TWS33 es un auricular de tipo Earbud confeccionado con la \u00faltima tecnolog\u00eda completamente inal\u00e1mbrica de conectividad Bluetooth 5.0. Para tu tranquilidad y comodidad, despliega una amplia variedad de usos y tiempos de reproducci\u00f3n, anexando un dise\u00f1o amigablemente suave, portable y liviano. A la vez, imparte gran potencia sonora, otorg\u00e1ndole el toque de dinamismo que tus ratos de reproducci\u00f3n musical est\u00e1n necesitando e incrementando la calidad de tu escucha. &nbsp; C\u00f3digo\u00a0MH-TWS33 Tipo\u00a0Earbud Bluetooth Versi\u00f3n Bluetooth\u00a05.0 Rango de alcance\u00a010m Rango de Frecuencia\u00a020-20,000Hz Sensibilidad\u00a0100 dB a 1 KHz Impedancia\u00a032 Ohm Driver\u00a08mm Dise\u00f1o In Ear Micr\u00f3fono incorporado Estuche de carga Entrada de Carga\u00a0USB Tipo C Bater\u00eda Litio\u00a030 mAh Earbuds &#8211; 400 mAh Base Tiempo de carga\u00a01.5 hrs Aprox. Reproducci\u00f3n\u00a0Hasta 12Hs (tres ciclos de carga de 4hs de duraci\u00f3n) Medidas de la Unidad\u00a060 x 45 x 25 mm Peso de la Unidad\u00a060 Gr Medidas de la Caja\u00a080 x 140 x 30 mm Peso de la Caja\u00a0125 Gr EAN\u00a07798135512354<\/p>\n","protected":false},"featured_media":12146,"template":"","meta":{"site-sidebar-layout":"default","site-content-layout":"","ast-site-content-layout":"default","site-content-style":"default","site-sidebar-style":"default","ast-global-header-display":"","ast-banner-title-visibility":"","ast-main-header-display":"","ast-hfb-above-header-display":"","ast-hfb-below-header-display":"","ast-hfb-mobile-header-display":"","site-post-title":"","ast-breadcrumbs-content":"","ast-featured-img":"","footer-sml-layout":"","theme-transparent-header-meta":"","adv-header-id-meta":"","stick-header-meta":"","header-above-stick-meta":"","header-main-stick-meta":"","header-below-stick-meta":"","astra-migrate-meta-layouts":"default","ast-page-background-enabled":"default","ast-page-background-meta":{"desktop":{"background-color":"var(--ast-global-color-5)","background-image":"","background-repeat":"repeat","background-position":"center center","background-size":"auto","background-attachment":"scroll","background-type":"","background-media":"","overlay-type":"","overlay-color":"","overlay-opacity":"","overlay-gradient":""},"tablet":{"background-color":"","background-image":"","background-repeat":"repeat","background-position":"center center","background-size":"auto","background-attachment":"scroll","background-type":"","background-media":"","overlay-type":"","overlay-color":"","overlay-opacity":"","overlay-gradient":""},"mobile":{"background-color":"","background-image":"","background-repeat":"repeat","background-position":"center center","background-size":"auto","background-attachment":"scroll","background-type":"","background-media":"","overlay-type":"","overlay-color":"","overlay-opacity":"","overlay-gradient":""}},"ast-content-background-meta":{"desktop":{"background-color":"var(--ast-global-color-4)","background-image":"","background-repeat":"repeat","background-position":"center center","background-size":"auto","background-attachment":"scroll","background-type":"","background-media":"","overlay-type":"","overlay-color":"","overlay-opacity":"","overlay-gradient":""},"tablet":{"background-color":"var(--ast-global-color-4)","background-image":"","background-repeat":"repeat","background-position":"center center","background-size":"auto","background-attachment":"scroll","background-type":"","background-media":"","overlay-type":"","overlay-color":"","overlay-opacity":"","overlay-gradient":""},"mobile":{"background-color":"var(--ast-global-color-4)","background-image":"","background-repeat":"repeat","background-position":"center center","background-size":"auto","background-attachment":"scroll","background-type":"","background-media":"","overlay-type":"","overlay-color":"","overlay-opacity":"","overlay-gradient":""}},"_joinchat":[]},"product_brand":[],"product_cat":[60],"product_tag":[],"class_list":{"0":"post-12144","1":"product","2":"type-product","3":"status-publish","4":"has-post-thumbnail","6":"product_cat-auriculares-bluetooth","7":"desktop-align-center","8":"tablet-align-left","9":"mobile-align-left","11":"first","12":"instock","13":"shipping-taxable","14":"purchasable","15":"product-type-simple"},"yoast_head":"<!-- This site is optimized with the Yoast SEO plugin v27.3 - https:\/\/yoast.com\/product\/yoast-seo-wordpress\/ -->\n<title>Auriculares Bluetooth MOOKI Sound MH-TWS33 - UnitGames<\/title>\n<meta name=\"robots\" content=\"index, follow, max-snippet:-1, max-image-preview:large, max-video-preview:-1\" \/>\n<link rel=\"canonical\" href=\"https:\/\/unitgames.com.ar\/pc-gamer\/producto\/auriculares-bluetooth-mooki-sound-mh-tws33\/\" \/>\n<meta property=\"og:locale\" content=\"es_ES\" \/>\n<meta property=\"og:type\" content=\"article\" \/>\n<meta property=\"og:title\" content=\"Auriculares Bluetooth MOOKI Sound MH-TWS33 - UnitGames\" \/>\n<meta property=\"og:description\" content=\"El Moonki Sound MH-TWS33 es un auricular de tipo Earbud confeccionado con la \u00faltima tecnolog\u00eda completamente inal\u00e1mbrica de conectividad Bluetooth 5.0. Para tu tranquilidad y comodidad, despliega una amplia variedad de usos y tiempos de reproducci\u00f3n, anexando un dise\u00f1o amigablemente suave, portable y liviano. A la vez, imparte gran potencia sonora, otorg\u00e1ndole el toque de dinamismo que tus ratos de reproducci\u00f3n musical est\u00e1n necesitando e incrementando la calidad de tu escucha. &nbsp; C\u00f3digo\u00a0MH-TWS33 Tipo\u00a0Earbud Bluetooth Versi\u00f3n Bluetooth\u00a05.0 Rango de alcance\u00a010m Rango de Frecuencia\u00a020-20,000Hz Sensibilidad\u00a0100 dB a 1 KHz Impedancia\u00a032 Ohm Driver\u00a08mm Dise\u00f1o In Ear Micr\u00f3fono incorporado Estuche de carga Entrada de Carga\u00a0USB Tipo C Bater\u00eda Litio\u00a030 mAh Earbuds &#8211; 400 mAh Base Tiempo de carga\u00a01.5 hrs Aprox. Reproducci\u00f3n\u00a0Hasta 12Hs (tres ciclos de carga de 4hs de duraci\u00f3n) Medidas de la Unidad\u00a060 x 45 x 25 mm Peso de la Unidad\u00a060 Gr Medidas de la Caja\u00a080 x 140 x 30 mm Peso de la Caja\u00a0125 Gr EAN\u00a07798135512354\" \/>\n<meta property=\"og:url\" content=\"https:\/\/unitgames.com.ar\/pc-gamer\/producto\/auriculares-bluetooth-mooki-sound-mh-tws33\/\" \/>\n<meta property=\"og:site_name\" content=\"UnitGames\" \/>\n<meta property=\"article:modified_time\" content=\"2026-01-09T10:17:09+00:00\" \/>\n<meta property=\"og:image\" content=\"https:\/\/unitgames.com.ar\/pc-gamer\/wp-content\/uploads\/2025\/01\/Auriculares-Bluetooth-MOOKI-Sound-MH-TWS33.png\" \/>\n\t<meta property=\"og:image:width\" content=\"1263\" \/>\n\t<meta property=\"og:image:height\" content=\"1285\" \/>\n\t<meta property=\"og:image:type\" content=\"image\/png\" \/>\n<meta name=\"twitter:card\" content=\"summary_large_image\" \/>\n<meta name=\"twitter:label1\" content=\"Tiempo de lectura\" \/>\n\t<meta name=\"twitter:data1\" content=\"1 minuto\" \/>\n<script type=\"application\/ld+json\" class=\"yoast-schema-graph\">{\"@context\":\"https:\\\/\\\/schema.org\",\"@graph\":[{\"@type\":\"WebPage\",\"@id\":\"https:\\\/\\\/unitgames.com.ar\\\/pc-gamer\\\/producto\\\/auriculares-bluetooth-mooki-sound-mh-tws33\\\/\",\"url\":\"https:\\\/\\\/unitgames.com.ar\\\/pc-gamer\\\/producto\\\/auriculares-bluetooth-mooki-sound-mh-tws33\\\/\",\"name\":\"Auriculares Bluetooth MOOKI Sound MH-TWS33 - UnitGames\",\"isPartOf\":{\"@id\":\"https:\\\/\\\/unitgames.com.ar\\\/pc-gamer\\\/#website\"},\"primaryImageOfPage\":{\"@id\":\"https:\\\/\\\/unitgames.com.ar\\\/pc-gamer\\\/producto\\\/auriculares-bluetooth-mooki-sound-mh-tws33\\\/#primaryimage\"},\"image\":{\"@id\":\"https:\\\/\\\/unitgames.com.ar\\\/pc-gamer\\\/producto\\\/auriculares-bluetooth-mooki-sound-mh-tws33\\\/#primaryimage\"},\"thumbnailUrl\":\"https:\\\/\\\/unitgames.com.ar\\\/pc-gamer\\\/wp-content\\\/uploads\\\/2025\\\/01\\\/Auriculares-Bluetooth-MOOKI-Sound-MH-TWS33.png\",\"datePublished\":\"2025-01-13T15:27:38+00:00\",\"dateModified\":\"2026-01-09T10:17:09+00:00\",\"breadcrumb\":{\"@id\":\"https:\\\/\\\/unitgames.com.ar\\\/pc-gamer\\\/producto\\\/auriculares-bluetooth-mooki-sound-mh-tws33\\\/#breadcrumb\"},\"inLanguage\":\"es\",\"potentialAction\":[{\"@type\":\"ReadAction\",\"target\":[\"https:\\\/\\\/unitgames.com.ar\\\/pc-gamer\\\/producto\\\/auriculares-bluetooth-mooki-sound-mh-tws33\\\/\"]}]},{\"@type\":\"ImageObject\",\"inLanguage\":\"es\",\"@id\":\"https:\\\/\\\/unitgames.com.ar\\\/pc-gamer\\\/producto\\\/auriculares-bluetooth-mooki-sound-mh-tws33\\\/#primaryimage\",\"url\":\"https:\\\/\\\/unitgames.com.ar\\\/pc-gamer\\\/wp-content\\\/uploads\\\/2025\\\/01\\\/Auriculares-Bluetooth-MOOKI-Sound-MH-TWS33.png\",\"contentUrl\":\"https:\\\/\\\/unitgames.com.ar\\\/pc-gamer\\\/wp-content\\\/uploads\\\/2025\\\/01\\\/Auriculares-Bluetooth-MOOKI-Sound-MH-TWS33.png\",\"width\":1263,\"height\":1285},{\"@type\":\"BreadcrumbList\",\"@id\":\"https:\\\/\\\/unitgames.com.ar\\\/pc-gamer\\\/producto\\\/auriculares-bluetooth-mooki-sound-mh-tws33\\\/#breadcrumb\",\"itemListElement\":[{\"@type\":\"ListItem\",\"position\":1,\"name\":\"Tienda\",\"item\":\"https:\\\/\\\/unitgames.com.ar\\\/pc-gamer\\\/tienda\\\/\"},{\"@type\":\"ListItem\",\"position\":2,\"name\":\"Auriculares Bluetooth MOOKI Sound MH-TWS33\"}]},{\"@type\":\"WebSite\",\"@id\":\"https:\\\/\\\/unitgames.com.ar\\\/pc-gamer\\\/#website\",\"url\":\"https:\\\/\\\/unitgames.com.ar\\\/pc-gamer\\\/\",\"name\":\"UnitGames\",\"description\":\"Venta de PC Gamers, Consolas , Servicio Tecnico Especializado. Todos en Accesorios Informaticos y Gamers\",\"publisher\":{\"@id\":\"https:\\\/\\\/unitgames.com.ar\\\/pc-gamer\\\/#organization\"},\"potentialAction\":[{\"@type\":\"SearchAction\",\"target\":{\"@type\":\"EntryPoint\",\"urlTemplate\":\"https:\\\/\\\/unitgames.com.ar\\\/pc-gamer\\\/?s={search_term_string}\"},\"query-input\":{\"@type\":\"PropertyValueSpecification\",\"valueRequired\":true,\"valueName\":\"search_term_string\"}}],\"inLanguage\":\"es\"},{\"@type\":\"Organization\",\"@id\":\"https:\\\/\\\/unitgames.com.ar\\\/pc-gamer\\\/#organization\",\"name\":\"UnitGames\",\"url\":\"https:\\\/\\\/unitgames.com.ar\\\/pc-gamer\\\/\",\"logo\":{\"@type\":\"ImageObject\",\"inLanguage\":\"es\",\"@id\":\"https:\\\/\\\/unitgames.com.ar\\\/pc-gamer\\\/#\\\/schema\\\/logo\\\/image\\\/\",\"url\":\"https:\\\/\\\/unitgames.com.ar\\\/pc-gamer\\\/wp-content\\\/uploads\\\/2021\\\/01\\\/cropped-logoUnitGames2.png\",\"contentUrl\":\"https:\\\/\\\/unitgames.com.ar\\\/pc-gamer\\\/wp-content\\\/uploads\\\/2021\\\/01\\\/cropped-logoUnitGames2.png\",\"width\":152,\"height\":200,\"caption\":\"UnitGames\"},\"image\":{\"@id\":\"https:\\\/\\\/unitgames.com.ar\\\/pc-gamer\\\/#\\\/schema\\\/logo\\\/image\\\/\"}}]}<\/script>\n<!-- \/ Yoast SEO plugin. -->","yoast_head_json":{"title":"Auriculares Bluetooth MOOKI Sound MH-TWS33 - UnitGames","robots":{"index":"index","follow":"follow","max-snippet":"max-snippet:-1","max-image-preview":"max-image-preview:large","max-video-preview":"max-video-preview:-1"},"canonical":"https:\/\/unitgames.com.ar\/pc-gamer\/producto\/auriculares-bluetooth-mooki-sound-mh-tws33\/","og_locale":"es_ES","og_type":"article","og_title":"Auriculares Bluetooth MOOKI Sound MH-TWS33 - UnitGames","og_description":"El Moonki Sound MH-TWS33 es un auricular de tipo Earbud confeccionado con la \u00faltima tecnolog\u00eda completamente inal\u00e1mbrica de conectividad Bluetooth 5.0. Para tu tranquilidad y comodidad, despliega una amplia variedad de usos y tiempos de reproducci\u00f3n, anexando un dise\u00f1o amigablemente suave, portable y liviano. A la vez, imparte gran potencia sonora, otorg\u00e1ndole el toque de dinamismo que tus ratos de reproducci\u00f3n musical est\u00e1n necesitando e incrementando la calidad de tu escucha. &nbsp; C\u00f3digo\u00a0MH-TWS33 Tipo\u00a0Earbud Bluetooth Versi\u00f3n Bluetooth\u00a05.0 Rango de alcance\u00a010m Rango de Frecuencia\u00a020-20,000Hz Sensibilidad\u00a0100 dB a 1 KHz Impedancia\u00a032 Ohm Driver\u00a08mm Dise\u00f1o In Ear Micr\u00f3fono incorporado Estuche de carga Entrada de Carga\u00a0USB Tipo C Bater\u00eda Litio\u00a030 mAh Earbuds &#8211; 400 mAh Base Tiempo de carga\u00a01.5 hrs Aprox. Reproducci\u00f3n\u00a0Hasta 12Hs (tres ciclos de carga de 4hs de duraci\u00f3n) Medidas de la Unidad\u00a060 x 45 x 25 mm Peso de la Unidad\u00a060 Gr Medidas de la Caja\u00a080 x 140 x 30 mm Peso de la Caja\u00a0125 Gr EAN\u00a07798135512354","og_url":"https:\/\/unitgames.com.ar\/pc-gamer\/producto\/auriculares-bluetooth-mooki-sound-mh-tws33\/","og_site_name":"UnitGames","article_modified_time":"2026-01-09T10:17:09+00:00","og_image":[{"width":1263,"height":1285,"url":"https:\/\/unitgames.com.ar\/pc-gamer\/wp-content\/uploads\/2025\/01\/Auriculares-Bluetooth-MOOKI-Sound-MH-TWS33.png","type":"image\/png"}],"twitter_card":"summary_large_image","twitter_misc":{"Tiempo de lectura":"1 minuto"},"schema":{"@context":"https:\/\/schema.org","@graph":[{"@type":"WebPage","@id":"https:\/\/unitgames.com.ar\/pc-gamer\/producto\/auriculares-bluetooth-mooki-sound-mh-tws33\/","url":"https:\/\/unitgames.com.ar\/pc-gamer\/producto\/auriculares-bluetooth-mooki-sound-mh-tws33\/","name":"Auriculares Bluetooth MOOKI Sound MH-TWS33 - UnitGames","isPartOf":{"@id":"https:\/\/unitgames.com.ar\/pc-gamer\/#website"},"primaryImageOfPage":{"@id":"https:\/\/unitgames.com.ar\/pc-gamer\/producto\/auriculares-bluetooth-mooki-sound-mh-tws33\/#primaryimage"},"image":{"@id":"https:\/\/unitgames.com.ar\/pc-gamer\/producto\/auriculares-bluetooth-mooki-sound-mh-tws33\/#primaryimage"},"thumbnailUrl":"https:\/\/unitgames.com.ar\/pc-gamer\/wp-content\/uploads\/2025\/01\/Auriculares-Bluetooth-MOOKI-Sound-MH-TWS33.png","datePublished":"2025-01-13T15:27:38+00:00","dateModified":"2026-01-09T10:17:09+00:00","breadcrumb":{"@id":"https:\/\/unitgames.com.ar\/pc-gamer\/producto\/auriculares-bluetooth-mooki-sound-mh-tws33\/#breadcrumb"},"inLanguage":"es","potentialAction":[{"@type":"ReadAction","target":["https:\/\/unitgames.com.ar\/pc-gamer\/producto\/auriculares-bluetooth-mooki-sound-mh-tws33\/"]}]},{"@type":"ImageObject","inLanguage":"es","@id":"https:\/\/unitgames.com.ar\/pc-gamer\/producto\/auriculares-bluetooth-mooki-sound-mh-tws33\/#primaryimage","url":"https:\/\/unitgames.com.ar\/pc-gamer\/wp-content\/uploads\/2025\/01\/Auriculares-Bluetooth-MOOKI-Sound-MH-TWS33.png","contentUrl":"https:\/\/unitgames.com.ar\/pc-gamer\/wp-content\/uploads\/2025\/01\/Auriculares-Bluetooth-MOOKI-Sound-MH-TWS33.png","width":1263,"height":1285},{"@type":"BreadcrumbList","@id":"https:\/\/unitgames.com.ar\/pc-gamer\/producto\/auriculares-bluetooth-mooki-sound-mh-tws33\/#breadcrumb","itemListElement":[{"@type":"ListItem","position":1,"name":"Tienda","item":"https:\/\/unitgames.com.ar\/pc-gamer\/tienda\/"},{"@type":"ListItem","position":2,"name":"Auriculares Bluetooth MOOKI Sound MH-TWS33"}]},{"@type":"WebSite","@id":"https:\/\/unitgames.com.ar\/pc-gamer\/#website","url":"https:\/\/unitgames.com.ar\/pc-gamer\/","name":"UnitGames","description":"Venta de PC Gamers, Consolas , Servicio Tecnico Especializado. Todos en Accesorios Informaticos y Gamers","publisher":{"@id":"https:\/\/unitgames.com.ar\/pc-gamer\/#organization"},"potentialAction":[{"@type":"SearchAction","target":{"@type":"EntryPoint","urlTemplate":"https:\/\/unitgames.com.ar\/pc-gamer\/?s={search_term_string}"},"query-input":{"@type":"PropertyValueSpecification","valueRequired":true,"valueName":"search_term_string"}}],"inLanguage":"es"},{"@type":"Organization","@id":"https:\/\/unitgames.com.ar\/pc-gamer\/#organization","name":"UnitGames","url":"https:\/\/unitgames.com.ar\/pc-gamer\/","logo":{"@type":"ImageObject","inLanguage":"es","@id":"https:\/\/unitgames.com.ar\/pc-gamer\/#\/schema\/logo\/image\/","url":"https:\/\/unitgames.com.ar\/pc-gamer\/wp-content\/uploads\/2021\/01\/cropped-logoUnitGames2.png","contentUrl":"https:\/\/unitgames.com.ar\/pc-gamer\/wp-content\/uploads\/2021\/01\/cropped-logoUnitGames2.png","width":152,"height":200,"caption":"UnitGames"},"image":{"@id":"https:\/\/unitgames.com.ar\/pc-gamer\/#\/schema\/logo\/image\/"}}]}},"_links":{"self":[{"href":"https:\/\/unitgames.com.ar\/pc-gamer\/wp-json\/wp\/v2\/product\/12144","targetHints":{"allow":["GET"]}}],"collection":[{"href":"https:\/\/unitgames.com.ar\/pc-gamer\/wp-json\/wp\/v2\/product"}],"about":[{"href":"https:\/\/unitgames.com.ar\/pc-gamer\/wp-json\/wp\/v2\/types\/product"}],"version-history":[{"count":0,"href":"https:\/\/unitgames.com.ar\/pc-gamer\/wp-json\/wp\/v2\/product\/12144\/revisions"}],"wp:featuredmedia":[{"embeddable":true,"href":"https:\/\/unitgames.com.ar\/pc-gamer\/wp-json\/wp\/v2\/media\/12146"}],"wp:attachment":[{"href":"https:\/\/unitgames.com.ar\/pc-gamer\/wp-json\/wp\/v2\/media?parent=12144"}],"wp:term":[{"taxonomy":"product_brand","embeddable":true,"href":"https:\/\/unitgames.com.ar\/pc-gamer\/wp-json\/wp\/v2\/product_brand?post=12144"},{"taxonomy":"product_cat","embeddable":true,"href":"https:\/\/unitgames.com.ar\/pc-gamer\/wp-json\/wp\/v2\/product_cat?post=12144"},{"taxonomy":"product_tag","embeddable":true,"href":"https:\/\/unitgames.com.ar\/pc-gamer\/wp-json\/wp\/v2\/product_tag?post=12144"}],"curies":[{"name":"wp","href":"https:\/\/api.w.org\/{rel}","templated":true}]}}