{"id":12349,"date":"2025-01-20T15:14:28","date_gmt":"2025-01-20T15:14:28","guid":{"rendered":"https:\/\/unitgames.com.ar\/pc-gamer\/?post_type=product&#038;p=12349"},"modified":"2026-01-09T07:16:48","modified_gmt":"2026-01-09T10:16:48","slug":"parlante-noga-bluetooth-rgb-bt-620","status":"publish","type":"product","link":"https:\/\/unitgames.com.ar\/pc-gamer\/producto\/parlante-noga-bluetooth-rgb-bt-620\/","title":{"rendered":"Parlante NOGA Bluetooth RGB BT-620"},"content":{"rendered":"<div>El NG-BT620 NOGA PARTY te brinda m\u00fasica y diversi\u00f3n con todos los beneficios de un Parlante Portable Inal\u00e1mbrico.<\/div>\n<div>Su Tecnolog\u00eda BT permite sincronizalo con tu Smartphone, Tablet u otros dispositivos.<\/div>\n<div>Y su Tecnolog\u00eda TWS te permite vincularlo con otro Parlante del mismo modelo.<\/div>\n<div>Presenta unos LEDS RGB Din\u00e1micos con efectos lum\u00ednicos.<\/div>\n<div>Adem\u00e1s posee correa incorporada para transportarlo.<\/div>\n<div>Arm\u00e1 una fiesta est\u00e9s donde est\u00e9s.<\/div>\n<div><\/div>\n<div>\n<div>&#8211; Potencia 5W<\/div>\n<div>&#8211; Posee 1 Parlante de 2 pulgadas<\/div>\n<div>&#8211; LEDS RGB Din\u00e1micos con efectos lum\u00ednicos en la parte frontal<\/div>\n<div>&#8211; Tecnolog\u00eda Inal\u00e1mbrica BT 5.0 con alcance de hasta 10 metros<\/div>\n<div>&#8211; Tecnolog\u00eda TWS que permite vincularlo con otro Parlante del mismo modelo<\/div>\n<div>&#8211; Puerto Micro USB\/DC-5V para Recarga de Energ\u00eda (incluye cable Micro USB\/USB)<\/div>\n<div>&#8211; Bot\u00f3n Power ON\/OFF<\/div>\n<div>&#8211; Bot\u00f3n Mode<\/div>\n<div>&#8211; Botones Anterior\/Volumen -, Play\/Pause\/TWS, Siguiente\/Volumen +<\/div>\n<div>&#8211; Bot\u00f3n LEDS Mode &amp; LEDS ON\/OFF<\/div>\n<div>&#8211; Funciona con Bateria Recargable de Litio de 500mAH<\/div>\n<div>&#8211; Tiempo de carga: 2 horas aproximadamente<\/div>\n<div>&#8211; Correa incorporada para transportarlo<\/div>\n<div>&#8211; Medidas: 15 cm. (Alto) x 7,4 cm. (Ancho) x 7,4 cm. (Profundidad)<\/div>\n<\/div>\n","protected":false},"excerpt":{"rendered":"<p>El NG-BT620 NOGA PARTY te brinda m\u00fasica y diversi\u00f3n con todos los beneficios de un Parlante Portable Inal\u00e1mbrico. Su Tecnolog\u00eda BT permite sincronizalo con tu Smartphone, Tablet u otros dispositivos. Y su Tecnolog\u00eda TWS te permite vincularlo con otro Parlante del mismo modelo. Presenta unos LEDS RGB Din\u00e1micos con efectos lum\u00ednicos. Adem\u00e1s posee correa incorporada para transportarlo. Arm\u00e1 una fiesta est\u00e9s donde est\u00e9s. &#8211; Potencia 5W &#8211; Posee 1 Parlante de 2 pulgadas &#8211; LEDS RGB Din\u00e1micos con efectos lum\u00ednicos en la parte frontal &#8211; Tecnolog\u00eda Inal\u00e1mbrica BT 5.0 con alcance de hasta 10 metros &#8211; Tecnolog\u00eda TWS que permite vincularlo con otro Parlante del mismo modelo &#8211; Puerto Micro USB\/DC-5V para Recarga de Energ\u00eda (incluye cable Micro USB\/USB) &#8211; Bot\u00f3n Power ON\/OFF &#8211; Bot\u00f3n Mode &#8211; Botones Anterior\/Volumen -, Play\/Pause\/TWS, Siguiente\/Volumen + &#8211; Bot\u00f3n LEDS Mode &amp; LEDS ON\/OFF &#8211; Funciona con Bateria Recargable de Litio de 500mAH &#8211; Tiempo de carga: 2 horas aproximadamente &#8211; Correa incorporada para transportarlo &#8211; Medidas: 15 cm. (Alto) x 7,4 cm. (Ancho) x 7,4 cm. (Profundidad)<\/p>\n","protected":false},"featured_media":12351,"template":"","meta":{"site-sidebar-layout":"default","site-content-layout":"","ast-site-content-layout":"default","site-content-style":"default","site-sidebar-style":"default","ast-global-header-display":"","ast-banner-title-visibility":"","ast-main-header-display":"","ast-hfb-above-header-display":"","ast-hfb-below-header-display":"","ast-hfb-mobile-header-display":"","site-post-title":"","ast-breadcrumbs-content":"","ast-featured-img":"","footer-sml-layout":"","theme-transparent-header-meta":"","adv-header-id-meta":"","stick-header-meta":"","header-above-stick-meta":"","header-main-stick-meta":"","header-below-stick-meta":"","astra-migrate-meta-layouts":"default","ast-page-background-enabled":"default","ast-page-background-meta":{"desktop":{"background-color":"var(--ast-global-color-5)","background-image":"","background-repeat":"repeat","background-position":"center center","background-size":"auto","background-attachment":"scroll","background-type":"","background-media":"","overlay-type":"","overlay-color":"","overlay-opacity":"","overlay-gradient":""},"tablet":{"background-color":"","background-image":"","background-repeat":"repeat","background-position":"center center","background-size":"auto","background-attachment":"scroll","background-type":"","background-media":"","overlay-type":"","overlay-color":"","overlay-opacity":"","overlay-gradient":""},"mobile":{"background-color":"","background-image":"","background-repeat":"repeat","background-position":"center center","background-size":"auto","background-attachment":"scroll","background-type":"","background-media":"","overlay-type":"","overlay-color":"","overlay-opacity":"","overlay-gradient":""}},"ast-content-background-meta":{"desktop":{"background-color":"var(--ast-global-color-4)","background-image":"","background-repeat":"repeat","background-position":"center center","background-size":"auto","background-attachment":"scroll","background-type":"","background-media":"","overlay-type":"","overlay-color":"","overlay-opacity":"","overlay-gradient":""},"tablet":{"background-color":"var(--ast-global-color-4)","background-image":"","background-repeat":"repeat","background-position":"center center","background-size":"auto","background-attachment":"scroll","background-type":"","background-media":"","overlay-type":"","overlay-color":"","overlay-opacity":"","overlay-gradient":""},"mobile":{"background-color":"var(--ast-global-color-4)","background-image":"","background-repeat":"repeat","background-position":"center center","background-size":"auto","background-attachment":"scroll","background-type":"","background-media":"","overlay-type":"","overlay-color":"","overlay-opacity":"","overlay-gradient":""}},"_joinchat":[]},"product_brand":[],"product_cat":[85],"product_tag":[],"class_list":{"0":"post-12349","1":"product","2":"type-product","3":"status-publish","4":"has-post-thumbnail","6":"product_cat-parlantes","7":"desktop-align-center","8":"tablet-align-left","9":"mobile-align-left","11":"first","12":"instock","13":"shipping-taxable","14":"purchasable","15":"product-type-simple"},"yoast_head":"<!-- This site is optimized with the Yoast SEO plugin v27.3 - https:\/\/yoast.com\/product\/yoast-seo-wordpress\/ -->\n<title>Parlante NOGA Bluetooth RGB BT-620 - UnitGames<\/title>\n<meta name=\"robots\" content=\"index, follow, max-snippet:-1, max-image-preview:large, max-video-preview:-1\" \/>\n<link rel=\"canonical\" href=\"https:\/\/unitgames.com.ar\/pc-gamer\/producto\/parlante-noga-bluetooth-rgb-bt-620\/\" \/>\n<meta property=\"og:locale\" content=\"es_ES\" \/>\n<meta property=\"og:type\" content=\"article\" \/>\n<meta property=\"og:title\" content=\"Parlante NOGA Bluetooth RGB BT-620 - UnitGames\" \/>\n<meta property=\"og:description\" content=\"El NG-BT620 NOGA PARTY te brinda m\u00fasica y diversi\u00f3n con todos los beneficios de un Parlante Portable Inal\u00e1mbrico. Su Tecnolog\u00eda BT permite sincronizalo con tu Smartphone, Tablet u otros dispositivos. Y su Tecnolog\u00eda TWS te permite vincularlo con otro Parlante del mismo modelo. Presenta unos LEDS RGB Din\u00e1micos con efectos lum\u00ednicos. Adem\u00e1s posee correa incorporada para transportarlo. Arm\u00e1 una fiesta est\u00e9s donde est\u00e9s. &#8211; Potencia 5W &#8211; Posee 1 Parlante de 2 pulgadas &#8211; LEDS RGB Din\u00e1micos con efectos lum\u00ednicos en la parte frontal &#8211; Tecnolog\u00eda Inal\u00e1mbrica BT 5.0 con alcance de hasta 10 metros &#8211; Tecnolog\u00eda TWS que permite vincularlo con otro Parlante del mismo modelo &#8211; Puerto Micro USB\/DC-5V para Recarga de Energ\u00eda (incluye cable Micro USB\/USB) &#8211; Bot\u00f3n Power ON\/OFF &#8211; Bot\u00f3n Mode &#8211; Botones Anterior\/Volumen -, Play\/Pause\/TWS, Siguiente\/Volumen + &#8211; Bot\u00f3n LEDS Mode &amp; LEDS ON\/OFF &#8211; Funciona con Bateria Recargable de Litio de 500mAH &#8211; Tiempo de carga: 2 horas aproximadamente &#8211; Correa incorporada para transportarlo &#8211; Medidas: 15 cm. (Alto) x 7,4 cm. (Ancho) x 7,4 cm. (Profundidad)\" \/>\n<meta property=\"og:url\" content=\"https:\/\/unitgames.com.ar\/pc-gamer\/producto\/parlante-noga-bluetooth-rgb-bt-620\/\" \/>\n<meta property=\"og:site_name\" content=\"UnitGames\" \/>\n<meta property=\"article:modified_time\" content=\"2026-01-09T10:16:48+00:00\" \/>\n<meta property=\"og:image\" content=\"https:\/\/unitgames.com.ar\/pc-gamer\/wp-content\/uploads\/2025\/01\/Parlante-NOGA-RGB-BT-620.png\" \/>\n\t<meta property=\"og:image:width\" content=\"1304\" \/>\n\t<meta property=\"og:image:height\" content=\"1303\" \/>\n\t<meta property=\"og:image:type\" content=\"image\/png\" \/>\n<meta name=\"twitter:card\" content=\"summary_large_image\" \/>\n<meta name=\"twitter:label1\" content=\"Tiempo de lectura\" \/>\n\t<meta name=\"twitter:data1\" content=\"1 minuto\" \/>\n<script type=\"application\/ld+json\" class=\"yoast-schema-graph\">{\"@context\":\"https:\\\/\\\/schema.org\",\"@graph\":[{\"@type\":\"WebPage\",\"@id\":\"https:\\\/\\\/unitgames.com.ar\\\/pc-gamer\\\/producto\\\/parlante-noga-bluetooth-rgb-bt-620\\\/\",\"url\":\"https:\\\/\\\/unitgames.com.ar\\\/pc-gamer\\\/producto\\\/parlante-noga-bluetooth-rgb-bt-620\\\/\",\"name\":\"Parlante NOGA Bluetooth RGB BT-620 - UnitGames\",\"isPartOf\":{\"@id\":\"https:\\\/\\\/unitgames.com.ar\\\/pc-gamer\\\/#website\"},\"primaryImageOfPage\":{\"@id\":\"https:\\\/\\\/unitgames.com.ar\\\/pc-gamer\\\/producto\\\/parlante-noga-bluetooth-rgb-bt-620\\\/#primaryimage\"},\"image\":{\"@id\":\"https:\\\/\\\/unitgames.com.ar\\\/pc-gamer\\\/producto\\\/parlante-noga-bluetooth-rgb-bt-620\\\/#primaryimage\"},\"thumbnailUrl\":\"https:\\\/\\\/unitgames.com.ar\\\/pc-gamer\\\/wp-content\\\/uploads\\\/2025\\\/01\\\/Parlante-NOGA-RGB-BT-620.png\",\"datePublished\":\"2025-01-20T15:14:28+00:00\",\"dateModified\":\"2026-01-09T10:16:48+00:00\",\"breadcrumb\":{\"@id\":\"https:\\\/\\\/unitgames.com.ar\\\/pc-gamer\\\/producto\\\/parlante-noga-bluetooth-rgb-bt-620\\\/#breadcrumb\"},\"inLanguage\":\"es\",\"potentialAction\":[{\"@type\":\"ReadAction\",\"target\":[\"https:\\\/\\\/unitgames.com.ar\\\/pc-gamer\\\/producto\\\/parlante-noga-bluetooth-rgb-bt-620\\\/\"]}]},{\"@type\":\"ImageObject\",\"inLanguage\":\"es\",\"@id\":\"https:\\\/\\\/unitgames.com.ar\\\/pc-gamer\\\/producto\\\/parlante-noga-bluetooth-rgb-bt-620\\\/#primaryimage\",\"url\":\"https:\\\/\\\/unitgames.com.ar\\\/pc-gamer\\\/wp-content\\\/uploads\\\/2025\\\/01\\\/Parlante-NOGA-RGB-BT-620.png\",\"contentUrl\":\"https:\\\/\\\/unitgames.com.ar\\\/pc-gamer\\\/wp-content\\\/uploads\\\/2025\\\/01\\\/Parlante-NOGA-RGB-BT-620.png\",\"width\":1304,\"height\":1303},{\"@type\":\"BreadcrumbList\",\"@id\":\"https:\\\/\\\/unitgames.com.ar\\\/pc-gamer\\\/producto\\\/parlante-noga-bluetooth-rgb-bt-620\\\/#breadcrumb\",\"itemListElement\":[{\"@type\":\"ListItem\",\"position\":1,\"name\":\"Tienda\",\"item\":\"https:\\\/\\\/unitgames.com.ar\\\/pc-gamer\\\/tienda\\\/\"},{\"@type\":\"ListItem\",\"position\":2,\"name\":\"Parlante NOGA Bluetooth RGB BT-620\"}]},{\"@type\":\"WebSite\",\"@id\":\"https:\\\/\\\/unitgames.com.ar\\\/pc-gamer\\\/#website\",\"url\":\"https:\\\/\\\/unitgames.com.ar\\\/pc-gamer\\\/\",\"name\":\"UnitGames\",\"description\":\"Venta de PC Gamers, Consolas , Servicio Tecnico Especializado. Todos en Accesorios Informaticos y Gamers\",\"publisher\":{\"@id\":\"https:\\\/\\\/unitgames.com.ar\\\/pc-gamer\\\/#organization\"},\"potentialAction\":[{\"@type\":\"SearchAction\",\"target\":{\"@type\":\"EntryPoint\",\"urlTemplate\":\"https:\\\/\\\/unitgames.com.ar\\\/pc-gamer\\\/?s={search_term_string}\"},\"query-input\":{\"@type\":\"PropertyValueSpecification\",\"valueRequired\":true,\"valueName\":\"search_term_string\"}}],\"inLanguage\":\"es\"},{\"@type\":\"Organization\",\"@id\":\"https:\\\/\\\/unitgames.com.ar\\\/pc-gamer\\\/#organization\",\"name\":\"UnitGames\",\"url\":\"https:\\\/\\\/unitgames.com.ar\\\/pc-gamer\\\/\",\"logo\":{\"@type\":\"ImageObject\",\"inLanguage\":\"es\",\"@id\":\"https:\\\/\\\/unitgames.com.ar\\\/pc-gamer\\\/#\\\/schema\\\/logo\\\/image\\\/\",\"url\":\"https:\\\/\\\/unitgames.com.ar\\\/pc-gamer\\\/wp-content\\\/uploads\\\/2021\\\/01\\\/cropped-logoUnitGames2.png\",\"contentUrl\":\"https:\\\/\\\/unitgames.com.ar\\\/pc-gamer\\\/wp-content\\\/uploads\\\/2021\\\/01\\\/cropped-logoUnitGames2.png\",\"width\":152,\"height\":200,\"caption\":\"UnitGames\"},\"image\":{\"@id\":\"https:\\\/\\\/unitgames.com.ar\\\/pc-gamer\\\/#\\\/schema\\\/logo\\\/image\\\/\"}}]}<\/script>\n<!-- \/ Yoast SEO plugin. -->","yoast_head_json":{"title":"Parlante NOGA Bluetooth RGB BT-620 - UnitGames","robots":{"index":"index","follow":"follow","max-snippet":"max-snippet:-1","max-image-preview":"max-image-preview:large","max-video-preview":"max-video-preview:-1"},"canonical":"https:\/\/unitgames.com.ar\/pc-gamer\/producto\/parlante-noga-bluetooth-rgb-bt-620\/","og_locale":"es_ES","og_type":"article","og_title":"Parlante NOGA Bluetooth RGB BT-620 - UnitGames","og_description":"El NG-BT620 NOGA PARTY te brinda m\u00fasica y diversi\u00f3n con todos los beneficios de un Parlante Portable Inal\u00e1mbrico. Su Tecnolog\u00eda BT permite sincronizalo con tu Smartphone, Tablet u otros dispositivos. Y su Tecnolog\u00eda TWS te permite vincularlo con otro Parlante del mismo modelo. Presenta unos LEDS RGB Din\u00e1micos con efectos lum\u00ednicos. Adem\u00e1s posee correa incorporada para transportarlo. Arm\u00e1 una fiesta est\u00e9s donde est\u00e9s. &#8211; Potencia 5W &#8211; Posee 1 Parlante de 2 pulgadas &#8211; LEDS RGB Din\u00e1micos con efectos lum\u00ednicos en la parte frontal &#8211; Tecnolog\u00eda Inal\u00e1mbrica BT 5.0 con alcance de hasta 10 metros &#8211; Tecnolog\u00eda TWS que permite vincularlo con otro Parlante del mismo modelo &#8211; Puerto Micro USB\/DC-5V para Recarga de Energ\u00eda (incluye cable Micro USB\/USB) &#8211; Bot\u00f3n Power ON\/OFF &#8211; Bot\u00f3n Mode &#8211; Botones Anterior\/Volumen -, Play\/Pause\/TWS, Siguiente\/Volumen + &#8211; Bot\u00f3n LEDS Mode &amp; LEDS ON\/OFF &#8211; Funciona con Bateria Recargable de Litio de 500mAH &#8211; Tiempo de carga: 2 horas aproximadamente &#8211; Correa incorporada para transportarlo &#8211; Medidas: 15 cm. (Alto) x 7,4 cm. (Ancho) x 7,4 cm. (Profundidad)","og_url":"https:\/\/unitgames.com.ar\/pc-gamer\/producto\/parlante-noga-bluetooth-rgb-bt-620\/","og_site_name":"UnitGames","article_modified_time":"2026-01-09T10:16:48+00:00","og_image":[{"width":1304,"height":1303,"url":"https:\/\/unitgames.com.ar\/pc-gamer\/wp-content\/uploads\/2025\/01\/Parlante-NOGA-RGB-BT-620.png","type":"image\/png"}],"twitter_card":"summary_large_image","twitter_misc":{"Tiempo de lectura":"1 minuto"},"schema":{"@context":"https:\/\/schema.org","@graph":[{"@type":"WebPage","@id":"https:\/\/unitgames.com.ar\/pc-gamer\/producto\/parlante-noga-bluetooth-rgb-bt-620\/","url":"https:\/\/unitgames.com.ar\/pc-gamer\/producto\/parlante-noga-bluetooth-rgb-bt-620\/","name":"Parlante NOGA Bluetooth RGB BT-620 - UnitGames","isPartOf":{"@id":"https:\/\/unitgames.com.ar\/pc-gamer\/#website"},"primaryImageOfPage":{"@id":"https:\/\/unitgames.com.ar\/pc-gamer\/producto\/parlante-noga-bluetooth-rgb-bt-620\/#primaryimage"},"image":{"@id":"https:\/\/unitgames.com.ar\/pc-gamer\/producto\/parlante-noga-bluetooth-rgb-bt-620\/#primaryimage"},"thumbnailUrl":"https:\/\/unitgames.com.ar\/pc-gamer\/wp-content\/uploads\/2025\/01\/Parlante-NOGA-RGB-BT-620.png","datePublished":"2025-01-20T15:14:28+00:00","dateModified":"2026-01-09T10:16:48+00:00","breadcrumb":{"@id":"https:\/\/unitgames.com.ar\/pc-gamer\/producto\/parlante-noga-bluetooth-rgb-bt-620\/#breadcrumb"},"inLanguage":"es","potentialAction":[{"@type":"ReadAction","target":["https:\/\/unitgames.com.ar\/pc-gamer\/producto\/parlante-noga-bluetooth-rgb-bt-620\/"]}]},{"@type":"ImageObject","inLanguage":"es","@id":"https:\/\/unitgames.com.ar\/pc-gamer\/producto\/parlante-noga-bluetooth-rgb-bt-620\/#primaryimage","url":"https:\/\/unitgames.com.ar\/pc-gamer\/wp-content\/uploads\/2025\/01\/Parlante-NOGA-RGB-BT-620.png","contentUrl":"https:\/\/unitgames.com.ar\/pc-gamer\/wp-content\/uploads\/2025\/01\/Parlante-NOGA-RGB-BT-620.png","width":1304,"height":1303},{"@type":"BreadcrumbList","@id":"https:\/\/unitgames.com.ar\/pc-gamer\/producto\/parlante-noga-bluetooth-rgb-bt-620\/#breadcrumb","itemListElement":[{"@type":"ListItem","position":1,"name":"Tienda","item":"https:\/\/unitgames.com.ar\/pc-gamer\/tienda\/"},{"@type":"ListItem","position":2,"name":"Parlante NOGA Bluetooth RGB BT-620"}]},{"@type":"WebSite","@id":"https:\/\/unitgames.com.ar\/pc-gamer\/#website","url":"https:\/\/unitgames.com.ar\/pc-gamer\/","name":"UnitGames","description":"Venta de PC Gamers, Consolas , Servicio Tecnico Especializado. Todos en Accesorios Informaticos y Gamers","publisher":{"@id":"https:\/\/unitgames.com.ar\/pc-gamer\/#organization"},"potentialAction":[{"@type":"SearchAction","target":{"@type":"EntryPoint","urlTemplate":"https:\/\/unitgames.com.ar\/pc-gamer\/?s={search_term_string}"},"query-input":{"@type":"PropertyValueSpecification","valueRequired":true,"valueName":"search_term_string"}}],"inLanguage":"es"},{"@type":"Organization","@id":"https:\/\/unitgames.com.ar\/pc-gamer\/#organization","name":"UnitGames","url":"https:\/\/unitgames.com.ar\/pc-gamer\/","logo":{"@type":"ImageObject","inLanguage":"es","@id":"https:\/\/unitgames.com.ar\/pc-gamer\/#\/schema\/logo\/image\/","url":"https:\/\/unitgames.com.ar\/pc-gamer\/wp-content\/uploads\/2021\/01\/cropped-logoUnitGames2.png","contentUrl":"https:\/\/unitgames.com.ar\/pc-gamer\/wp-content\/uploads\/2021\/01\/cropped-logoUnitGames2.png","width":152,"height":200,"caption":"UnitGames"},"image":{"@id":"https:\/\/unitgames.com.ar\/pc-gamer\/#\/schema\/logo\/image\/"}}]}},"_links":{"self":[{"href":"https:\/\/unitgames.com.ar\/pc-gamer\/wp-json\/wp\/v2\/product\/12349","targetHints":{"allow":["GET"]}}],"collection":[{"href":"https:\/\/unitgames.com.ar\/pc-gamer\/wp-json\/wp\/v2\/product"}],"about":[{"href":"https:\/\/unitgames.com.ar\/pc-gamer\/wp-json\/wp\/v2\/types\/product"}],"version-history":[{"count":0,"href":"https:\/\/unitgames.com.ar\/pc-gamer\/wp-json\/wp\/v2\/product\/12349\/revisions"}],"wp:featuredmedia":[{"embeddable":true,"href":"https:\/\/unitgames.com.ar\/pc-gamer\/wp-json\/wp\/v2\/media\/12351"}],"wp:attachment":[{"href":"https:\/\/unitgames.com.ar\/pc-gamer\/wp-json\/wp\/v2\/media?parent=12349"}],"wp:term":[{"taxonomy":"product_brand","embeddable":true,"href":"https:\/\/unitgames.com.ar\/pc-gamer\/wp-json\/wp\/v2\/product_brand?post=12349"},{"taxonomy":"product_cat","embeddable":true,"href":"https:\/\/unitgames.com.ar\/pc-gamer\/wp-json\/wp\/v2\/product_cat?post=12349"},{"taxonomy":"product_tag","embeddable":true,"href":"https:\/\/unitgames.com.ar\/pc-gamer\/wp-json\/wp\/v2\/product_tag?post=12349"}],"curies":[{"name":"wp","href":"https:\/\/api.w.org\/{rel}","templated":true}]}}