{"id":12765,"date":"2025-02-17T23:28:49","date_gmt":"2025-02-17T23:28:49","guid":{"rendered":"https:\/\/unitgames.com.ar\/pc-gamer\/?post_type=product&#038;p=12765"},"modified":"2026-01-09T07:16:28","modified_gmt":"2026-01-09T10:16:28","slug":"transmisor-modulador-fm-con-cargador-para-auto-bluetooth-fulltotal-kcb-905","status":"publish","type":"product","link":"https:\/\/unitgames.com.ar\/pc-gamer\/producto\/transmisor-modulador-fm-con-cargador-para-auto-bluetooth-fulltotal-kcb-905\/","title":{"rendered":"Transmisor Modulador FM con cargador para Auto Bluetooth Fulltotal KCB-905"},"content":{"rendered":"<p>Transmisor FM manos libres cargador USB MP3 LCD P\/AUTO<\/p>\n<p>Caracter\u00edsticas:<br \/>\n&#8211; Funci\u00f3n de cancelaci\u00f3n de ruido, circuito integrado para claridad en llamadas<br \/>\n&#8211; Dise\u00f1o estructural preciso y confortable<br \/>\n&#8211; Cargador USB 2.1A<br \/>\n&#8211; Bluetooth Versi\u00f3n 4.1<br \/>\n&#8211; Compatible con dispositivos Bluetooth, tarjeta TF y reproductor de pendrive por USB<br \/>\n&#8211; Permite reproducci\u00f3n de audio y llamadas con manos libres<br \/>\n&#8211; Adopci\u00f3n de tecnolog\u00eda de transmisi\u00f3n inal\u00e1mbrica de frecuencia completa FM<br \/>\n&#8211; Capacidad de leer archivos de audio desde tel\u00e9fono m\u00f3vil, tarjeta TF o pendrive por USB<br \/>\n&#8211; Descodificaci\u00f3n de audio de alta calidad sin p\u00e9rdidas<br \/>\n&#8211; Funci\u00f3n de carga de coche USB en un dispositivo MP3 multifuncional<br \/>\n&#8211; Funci\u00f3n de alimentaci\u00f3n y memoria<br \/>\n&#8211; Pantalla capaz de mostrar la frecuencia<br \/>\n&#8211; Permite cargar dispositivos mientras se escuchan canciones<\/p>\n<p>Especificaciones:<br \/>\n&#8211; Temperatura de funcionamiento: 0 \u00b0C-60 \u00b0C<br \/>\n&#8211; Tipo de tarjeta de memoria: tarjeta TF<br \/>\n&#8211; Distancia de transmisi\u00f3n &lt;5 metros<br \/>\n&#8211; Velocidad de bits: 64-320kbps<br \/>\n&#8211; Modelos adecuados: DC12V &#8211; 24 V universal<br \/>\n&#8211; Tama\u00f1o: 8*5*3,7 cm<br \/>\n&#8211; Distorsi\u00f3n Arm\u00f3nica: &lt;0.05% FM: &lt;0.1%<br \/>\n&#8211; Material: ABS<br \/>\n&#8211; Rango de frecuencia FM: 87,5 &#8211; 108 MHz<br \/>\n&#8211; Corriente de funcionamiento: 50-100mA DC12V<br \/>\n&#8211; Capacidad m\u00e1xima de tarjeta TF\/disco U: = 16 GB<br \/>\n&#8211; Relaci\u00f3n se\u00f1al-ruido: 85db (FM: 65db)<br \/>\n&#8211; Fuente de alimentaci\u00f3n: DC12 &#8211; 24V<br \/>\n&#8211; Interfaz: USB 2.0 de alta velocidad<br \/>\n&#8211; Pantalla: LED<br \/>\n&#8211; Salida USB: 2.1A<br \/>\n&#8211; Tipo de archivo soportado: MP3\/WMA<br \/>\n&#8211; Fuente de alimentaci\u00f3n: encendedor de cigarrillos<\/p>\n<p>Contenido del paquete:<br \/>\n1 x Transmisor FM manos libres MP3<\/p>\n","protected":false},"excerpt":{"rendered":"<p>Transmisor FM manos libres cargador USB MP3 LCD P\/AUTO Caracter\u00edsticas: &#8211; Funci\u00f3n de cancelaci\u00f3n de ruido, circuito integrado para claridad en llamadas &#8211; Dise\u00f1o estructural preciso y confortable &#8211; Cargador USB 2.1A &#8211; Bluetooth Versi\u00f3n 4.1 &#8211; Compatible con dispositivos Bluetooth, tarjeta TF y reproductor de pendrive por USB &#8211; Permite reproducci\u00f3n de audio y llamadas con manos libres &#8211; Adopci\u00f3n de tecnolog\u00eda de transmisi\u00f3n inal\u00e1mbrica de frecuencia completa FM &#8211; Capacidad de leer archivos de audio desde tel\u00e9fono m\u00f3vil, tarjeta TF o pendrive por USB &#8211; Descodificaci\u00f3n de audio de alta calidad sin p\u00e9rdidas &#8211; Funci\u00f3n de carga de coche USB en un dispositivo MP3 multifuncional &#8211; Funci\u00f3n de alimentaci\u00f3n y memoria &#8211; Pantalla capaz de mostrar la frecuencia &#8211; Permite cargar dispositivos mientras se escuchan canciones Especificaciones: &#8211; Temperatura de funcionamiento: 0 \u00b0C-60 \u00b0C &#8211; Tipo de tarjeta de memoria: tarjeta TF &#8211; Distancia de transmisi\u00f3n &lt;5 metros &#8211; Velocidad de bits: 64-320kbps &#8211; Modelos adecuados: DC12V &#8211; 24 V universal &#8211; Tama\u00f1o: 8*5*3,7 cm &#8211; Distorsi\u00f3n Arm\u00f3nica: &lt;0.05% FM: &lt;0.1% &#8211; Material: ABS &#8211; Rango de frecuencia FM: 87,5 &#8211; 108 MHz &#8211; Corriente de funcionamiento: 50-100mA DC12V &#8211; Capacidad m\u00e1xima de tarjeta TF\/disco U: = 16 GB &#8211; Relaci\u00f3n se\u00f1al-ruido: 85db (FM: 65db) &#8211; Fuente de alimentaci\u00f3n: DC12 &#8211; 24V &#8211; Interfaz: USB 2.0 de alta velocidad &#8211; Pantalla: LED &#8211; Salida USB: 2.1A &#8211; Tipo de archivo soportado: MP3\/WMA &#8211; Fuente de alimentaci\u00f3n: encendedor de cigarrillos Contenido del paquete: 1 x Transmisor FM manos libres MP3<\/p>\n","protected":false},"featured_media":12766,"template":"","meta":{"site-sidebar-layout":"default","site-content-layout":"","ast-site-content-layout":"default","site-content-style":"default","site-sidebar-style":"default","ast-global-header-display":"","ast-banner-title-visibility":"","ast-main-header-display":"","ast-hfb-above-header-display":"","ast-hfb-below-header-display":"","ast-hfb-mobile-header-display":"","site-post-title":"","ast-breadcrumbs-content":"","ast-featured-img":"","footer-sml-layout":"","theme-transparent-header-meta":"","adv-header-id-meta":"","stick-header-meta":"","header-above-stick-meta":"","header-main-stick-meta":"","header-below-stick-meta":"","astra-migrate-meta-layouts":"default","ast-page-background-enabled":"default","ast-page-background-meta":{"desktop":{"background-color":"var(--ast-global-color-5)","background-image":"","background-repeat":"repeat","background-position":"center center","background-size":"auto","background-attachment":"scroll","background-type":"","background-media":"","overlay-type":"","overlay-color":"","overlay-opacity":"","overlay-gradient":""},"tablet":{"background-color":"","background-image":"","background-repeat":"repeat","background-position":"center center","background-size":"auto","background-attachment":"scroll","background-type":"","background-media":"","overlay-type":"","overlay-color":"","overlay-opacity":"","overlay-gradient":""},"mobile":{"background-color":"","background-image":"","background-repeat":"repeat","background-position":"center center","background-size":"auto","background-attachment":"scroll","background-type":"","background-media":"","overlay-type":"","overlay-color":"","overlay-opacity":"","overlay-gradient":""}},"ast-content-background-meta":{"desktop":{"background-color":"var(--ast-global-color-4)","background-image":"","background-repeat":"repeat","background-position":"center center","background-size":"auto","background-attachment":"scroll","background-type":"","background-media":"","overlay-type":"","overlay-color":"","overlay-opacity":"","overlay-gradient":""},"tablet":{"background-color":"var(--ast-global-color-4)","background-image":"","background-repeat":"repeat","background-position":"center center","background-size":"auto","background-attachment":"scroll","background-type":"","background-media":"","overlay-type":"","overlay-color":"","overlay-opacity":"","overlay-gradient":""},"mobile":{"background-color":"var(--ast-global-color-4)","background-image":"","background-repeat":"repeat","background-position":"center center","background-size":"auto","background-attachment":"scroll","background-type":"","background-media":"","overlay-type":"","overlay-color":"","overlay-opacity":"","overlay-gradient":""}},"_joinchat":[]},"product_brand":[],"product_cat":[139,102],"product_tag":[],"class_list":{"0":"post-12765","1":"product","2":"type-product","3":"status-publish","4":"has-post-thumbnail","6":"product_cat-accesorios-para-auto","7":"product_cat-cables-y-adaptadores","8":"desktop-align-center","9":"tablet-align-left","10":"mobile-align-left","12":"first","13":"instock","14":"shipping-taxable","15":"purchasable","16":"product-type-simple"},"yoast_head":"<!-- This site is optimized with the Yoast SEO plugin v27.5 - https:\/\/yoast.com\/product\/yoast-seo-wordpress\/ -->\n<title>Transmisor Modulador FM con cargador para Auto Bluetooth Fulltotal KCB-905 - UnitGames<\/title>\n<meta name=\"robots\" content=\"index, follow, max-snippet:-1, max-image-preview:large, max-video-preview:-1\" \/>\n<link rel=\"canonical\" href=\"https:\/\/unitgames.com.ar\/pc-gamer\/producto\/transmisor-modulador-fm-con-cargador-para-auto-bluetooth-fulltotal-kcb-905\/\" \/>\n<meta property=\"og:locale\" content=\"es_ES\" \/>\n<meta property=\"og:type\" content=\"article\" \/>\n<meta property=\"og:title\" content=\"Transmisor Modulador FM con cargador para Auto Bluetooth Fulltotal KCB-905 - UnitGames\" \/>\n<meta property=\"og:description\" content=\"Transmisor FM manos libres cargador USB MP3 LCD P\/AUTO Caracter\u00edsticas: &#8211; Funci\u00f3n de cancelaci\u00f3n de ruido, circuito integrado para claridad en llamadas &#8211; Dise\u00f1o estructural preciso y confortable &#8211; Cargador USB 2.1A &#8211; Bluetooth Versi\u00f3n 4.1 &#8211; Compatible con dispositivos Bluetooth, tarjeta TF y reproductor de pendrive por USB &#8211; Permite reproducci\u00f3n de audio y llamadas con manos libres &#8211; Adopci\u00f3n de tecnolog\u00eda de transmisi\u00f3n inal\u00e1mbrica de frecuencia completa FM &#8211; Capacidad de leer archivos de audio desde tel\u00e9fono m\u00f3vil, tarjeta TF o pendrive por USB &#8211; Descodificaci\u00f3n de audio de alta calidad sin p\u00e9rdidas &#8211; Funci\u00f3n de carga de coche USB en un dispositivo MP3 multifuncional &#8211; Funci\u00f3n de alimentaci\u00f3n y memoria &#8211; Pantalla capaz de mostrar la frecuencia &#8211; Permite cargar dispositivos mientras se escuchan canciones Especificaciones: &#8211; Temperatura de funcionamiento: 0 \u00b0C-60 \u00b0C &#8211; Tipo de tarjeta de memoria: tarjeta TF &#8211; Distancia de transmisi\u00f3n &lt;5 metros &#8211; Velocidad de bits: 64-320kbps &#8211; Modelos adecuados: DC12V &#8211; 24 V universal &#8211; Tama\u00f1o: 8*5*3,7 cm &#8211; Distorsi\u00f3n Arm\u00f3nica: &lt;0.05% FM: &lt;0.1% &#8211; Material: ABS &#8211; Rango de frecuencia FM: 87,5 &#8211; 108 MHz &#8211; Corriente de funcionamiento: 50-100mA DC12V &#8211; Capacidad m\u00e1xima de tarjeta TF\/disco U: = 16 GB &#8211; Relaci\u00f3n se\u00f1al-ruido: 85db (FM: 65db) &#8211; Fuente de alimentaci\u00f3n: DC12 &#8211; 24V &#8211; Interfaz: USB 2.0 de alta velocidad &#8211; Pantalla: LED &#8211; Salida USB: 2.1A &#8211; Tipo de archivo soportado: MP3\/WMA &#8211; Fuente de alimentaci\u00f3n: encendedor de cigarrillos Contenido del paquete: 1 x Transmisor FM manos libres MP3\" \/>\n<meta property=\"og:url\" content=\"https:\/\/unitgames.com.ar\/pc-gamer\/producto\/transmisor-modulador-fm-con-cargador-para-auto-bluetooth-fulltotal-kcb-905\/\" \/>\n<meta property=\"og:site_name\" content=\"UnitGames\" \/>\n<meta property=\"article:modified_time\" content=\"2026-01-09T10:16:28+00:00\" \/>\n<meta property=\"og:image\" content=\"https:\/\/unitgames.com.ar\/pc-gamer\/wp-content\/uploads\/2025\/02\/Transmisor-Modulador-FM-con-cargador-para-Auto-Bluetooth-Fulltotal-KCB-905.png\" \/>\n\t<meta property=\"og:image:width\" content=\"1283\" \/>\n\t<meta property=\"og:image:height\" content=\"1283\" \/>\n\t<meta property=\"og:image:type\" content=\"image\/png\" \/>\n<meta name=\"twitter:card\" content=\"summary_large_image\" \/>\n<meta name=\"twitter:label1\" content=\"Tiempo de lectura\" \/>\n\t<meta name=\"twitter:data1\" content=\"2 minutos\" \/>\n<script type=\"application\/ld+json\" class=\"yoast-schema-graph\">{\"@context\":\"https:\\\/\\\/schema.org\",\"@graph\":[{\"@type\":\"WebPage\",\"@id\":\"https:\\\/\\\/unitgames.com.ar\\\/pc-gamer\\\/producto\\\/transmisor-modulador-fm-con-cargador-para-auto-bluetooth-fulltotal-kcb-905\\\/\",\"url\":\"https:\\\/\\\/unitgames.com.ar\\\/pc-gamer\\\/producto\\\/transmisor-modulador-fm-con-cargador-para-auto-bluetooth-fulltotal-kcb-905\\\/\",\"name\":\"Transmisor Modulador FM con cargador para Auto Bluetooth Fulltotal KCB-905 - UnitGames\",\"isPartOf\":{\"@id\":\"https:\\\/\\\/unitgames.com.ar\\\/pc-gamer\\\/#website\"},\"primaryImageOfPage\":{\"@id\":\"https:\\\/\\\/unitgames.com.ar\\\/pc-gamer\\\/producto\\\/transmisor-modulador-fm-con-cargador-para-auto-bluetooth-fulltotal-kcb-905\\\/#primaryimage\"},\"image\":{\"@id\":\"https:\\\/\\\/unitgames.com.ar\\\/pc-gamer\\\/producto\\\/transmisor-modulador-fm-con-cargador-para-auto-bluetooth-fulltotal-kcb-905\\\/#primaryimage\"},\"thumbnailUrl\":\"https:\\\/\\\/unitgames.com.ar\\\/pc-gamer\\\/wp-content\\\/uploads\\\/2025\\\/02\\\/Transmisor-Modulador-FM-con-cargador-para-Auto-Bluetooth-Fulltotal-KCB-905.png\",\"datePublished\":\"2025-02-17T23:28:49+00:00\",\"dateModified\":\"2026-01-09T10:16:28+00:00\",\"breadcrumb\":{\"@id\":\"https:\\\/\\\/unitgames.com.ar\\\/pc-gamer\\\/producto\\\/transmisor-modulador-fm-con-cargador-para-auto-bluetooth-fulltotal-kcb-905\\\/#breadcrumb\"},\"inLanguage\":\"es\",\"potentialAction\":[{\"@type\":\"ReadAction\",\"target\":[\"https:\\\/\\\/unitgames.com.ar\\\/pc-gamer\\\/producto\\\/transmisor-modulador-fm-con-cargador-para-auto-bluetooth-fulltotal-kcb-905\\\/\"]}]},{\"@type\":\"ImageObject\",\"inLanguage\":\"es\",\"@id\":\"https:\\\/\\\/unitgames.com.ar\\\/pc-gamer\\\/producto\\\/transmisor-modulador-fm-con-cargador-para-auto-bluetooth-fulltotal-kcb-905\\\/#primaryimage\",\"url\":\"https:\\\/\\\/unitgames.com.ar\\\/pc-gamer\\\/wp-content\\\/uploads\\\/2025\\\/02\\\/Transmisor-Modulador-FM-con-cargador-para-Auto-Bluetooth-Fulltotal-KCB-905.png\",\"contentUrl\":\"https:\\\/\\\/unitgames.com.ar\\\/pc-gamer\\\/wp-content\\\/uploads\\\/2025\\\/02\\\/Transmisor-Modulador-FM-con-cargador-para-Auto-Bluetooth-Fulltotal-KCB-905.png\",\"width\":1283,\"height\":1283},{\"@type\":\"BreadcrumbList\",\"@id\":\"https:\\\/\\\/unitgames.com.ar\\\/pc-gamer\\\/producto\\\/transmisor-modulador-fm-con-cargador-para-auto-bluetooth-fulltotal-kcb-905\\\/#breadcrumb\",\"itemListElement\":[{\"@type\":\"ListItem\",\"position\":1,\"name\":\"Tienda\",\"item\":\"https:\\\/\\\/unitgames.com.ar\\\/pc-gamer\\\/tienda\\\/\"},{\"@type\":\"ListItem\",\"position\":2,\"name\":\"Transmisor Modulador FM con cargador para Auto Bluetooth Fulltotal KCB-905\"}]},{\"@type\":\"WebSite\",\"@id\":\"https:\\\/\\\/unitgames.com.ar\\\/pc-gamer\\\/#website\",\"url\":\"https:\\\/\\\/unitgames.com.ar\\\/pc-gamer\\\/\",\"name\":\"UnitGames\",\"description\":\"Venta de PC Gamers, Consolas , Servicio Tecnico Especializado. Todos en Accesorios Informaticos y Gamers\",\"publisher\":{\"@id\":\"https:\\\/\\\/unitgames.com.ar\\\/pc-gamer\\\/#organization\"},\"potentialAction\":[{\"@type\":\"SearchAction\",\"target\":{\"@type\":\"EntryPoint\",\"urlTemplate\":\"https:\\\/\\\/unitgames.com.ar\\\/pc-gamer\\\/?s={search_term_string}\"},\"query-input\":{\"@type\":\"PropertyValueSpecification\",\"valueRequired\":true,\"valueName\":\"search_term_string\"}}],\"inLanguage\":\"es\"},{\"@type\":\"Organization\",\"@id\":\"https:\\\/\\\/unitgames.com.ar\\\/pc-gamer\\\/#organization\",\"name\":\"UnitGames\",\"url\":\"https:\\\/\\\/unitgames.com.ar\\\/pc-gamer\\\/\",\"logo\":{\"@type\":\"ImageObject\",\"inLanguage\":\"es\",\"@id\":\"https:\\\/\\\/unitgames.com.ar\\\/pc-gamer\\\/#\\\/schema\\\/logo\\\/image\\\/\",\"url\":\"https:\\\/\\\/unitgames.com.ar\\\/pc-gamer\\\/wp-content\\\/uploads\\\/2021\\\/01\\\/cropped-logoUnitGames2.png\",\"contentUrl\":\"https:\\\/\\\/unitgames.com.ar\\\/pc-gamer\\\/wp-content\\\/uploads\\\/2021\\\/01\\\/cropped-logoUnitGames2.png\",\"width\":152,\"height\":200,\"caption\":\"UnitGames\"},\"image\":{\"@id\":\"https:\\\/\\\/unitgames.com.ar\\\/pc-gamer\\\/#\\\/schema\\\/logo\\\/image\\\/\"}}]}<\/script>\n<!-- \/ Yoast SEO plugin. -->","yoast_head_json":{"title":"Transmisor Modulador FM con cargador para Auto Bluetooth Fulltotal KCB-905 - UnitGames","robots":{"index":"index","follow":"follow","max-snippet":"max-snippet:-1","max-image-preview":"max-image-preview:large","max-video-preview":"max-video-preview:-1"},"canonical":"https:\/\/unitgames.com.ar\/pc-gamer\/producto\/transmisor-modulador-fm-con-cargador-para-auto-bluetooth-fulltotal-kcb-905\/","og_locale":"es_ES","og_type":"article","og_title":"Transmisor Modulador FM con cargador para Auto Bluetooth Fulltotal KCB-905 - UnitGames","og_description":"Transmisor FM manos libres cargador USB MP3 LCD P\/AUTO Caracter\u00edsticas: &#8211; Funci\u00f3n de cancelaci\u00f3n de ruido, circuito integrado para claridad en llamadas &#8211; Dise\u00f1o estructural preciso y confortable &#8211; Cargador USB 2.1A &#8211; Bluetooth Versi\u00f3n 4.1 &#8211; Compatible con dispositivos Bluetooth, tarjeta TF y reproductor de pendrive por USB &#8211; Permite reproducci\u00f3n de audio y llamadas con manos libres &#8211; Adopci\u00f3n de tecnolog\u00eda de transmisi\u00f3n inal\u00e1mbrica de frecuencia completa FM &#8211; Capacidad de leer archivos de audio desde tel\u00e9fono m\u00f3vil, tarjeta TF o pendrive por USB &#8211; Descodificaci\u00f3n de audio de alta calidad sin p\u00e9rdidas &#8211; Funci\u00f3n de carga de coche USB en un dispositivo MP3 multifuncional &#8211; Funci\u00f3n de alimentaci\u00f3n y memoria &#8211; Pantalla capaz de mostrar la frecuencia &#8211; Permite cargar dispositivos mientras se escuchan canciones Especificaciones: &#8211; Temperatura de funcionamiento: 0 \u00b0C-60 \u00b0C &#8211; Tipo de tarjeta de memoria: tarjeta TF &#8211; Distancia de transmisi\u00f3n &lt;5 metros &#8211; Velocidad de bits: 64-320kbps &#8211; Modelos adecuados: DC12V &#8211; 24 V universal &#8211; Tama\u00f1o: 8*5*3,7 cm &#8211; Distorsi\u00f3n Arm\u00f3nica: &lt;0.05% FM: &lt;0.1% &#8211; Material: ABS &#8211; Rango de frecuencia FM: 87,5 &#8211; 108 MHz &#8211; Corriente de funcionamiento: 50-100mA DC12V &#8211; Capacidad m\u00e1xima de tarjeta TF\/disco U: = 16 GB &#8211; Relaci\u00f3n se\u00f1al-ruido: 85db (FM: 65db) &#8211; Fuente de alimentaci\u00f3n: DC12 &#8211; 24V &#8211; Interfaz: USB 2.0 de alta velocidad &#8211; Pantalla: LED &#8211; Salida USB: 2.1A &#8211; Tipo de archivo soportado: MP3\/WMA &#8211; Fuente de alimentaci\u00f3n: encendedor de cigarrillos Contenido del paquete: 1 x Transmisor FM manos libres MP3","og_url":"https:\/\/unitgames.com.ar\/pc-gamer\/producto\/transmisor-modulador-fm-con-cargador-para-auto-bluetooth-fulltotal-kcb-905\/","og_site_name":"UnitGames","article_modified_time":"2026-01-09T10:16:28+00:00","og_image":[{"width":1283,"height":1283,"url":"https:\/\/unitgames.com.ar\/pc-gamer\/wp-content\/uploads\/2025\/02\/Transmisor-Modulador-FM-con-cargador-para-Auto-Bluetooth-Fulltotal-KCB-905.png","type":"image\/png"}],"twitter_card":"summary_large_image","twitter_misc":{"Tiempo de lectura":"2 minutos"},"schema":{"@context":"https:\/\/schema.org","@graph":[{"@type":"WebPage","@id":"https:\/\/unitgames.com.ar\/pc-gamer\/producto\/transmisor-modulador-fm-con-cargador-para-auto-bluetooth-fulltotal-kcb-905\/","url":"https:\/\/unitgames.com.ar\/pc-gamer\/producto\/transmisor-modulador-fm-con-cargador-para-auto-bluetooth-fulltotal-kcb-905\/","name":"Transmisor Modulador FM con cargador para Auto Bluetooth Fulltotal KCB-905 - UnitGames","isPartOf":{"@id":"https:\/\/unitgames.com.ar\/pc-gamer\/#website"},"primaryImageOfPage":{"@id":"https:\/\/unitgames.com.ar\/pc-gamer\/producto\/transmisor-modulador-fm-con-cargador-para-auto-bluetooth-fulltotal-kcb-905\/#primaryimage"},"image":{"@id":"https:\/\/unitgames.com.ar\/pc-gamer\/producto\/transmisor-modulador-fm-con-cargador-para-auto-bluetooth-fulltotal-kcb-905\/#primaryimage"},"thumbnailUrl":"https:\/\/unitgames.com.ar\/pc-gamer\/wp-content\/uploads\/2025\/02\/Transmisor-Modulador-FM-con-cargador-para-Auto-Bluetooth-Fulltotal-KCB-905.png","datePublished":"2025-02-17T23:28:49+00:00","dateModified":"2026-01-09T10:16:28+00:00","breadcrumb":{"@id":"https:\/\/unitgames.com.ar\/pc-gamer\/producto\/transmisor-modulador-fm-con-cargador-para-auto-bluetooth-fulltotal-kcb-905\/#breadcrumb"},"inLanguage":"es","potentialAction":[{"@type":"ReadAction","target":["https:\/\/unitgames.com.ar\/pc-gamer\/producto\/transmisor-modulador-fm-con-cargador-para-auto-bluetooth-fulltotal-kcb-905\/"]}]},{"@type":"ImageObject","inLanguage":"es","@id":"https:\/\/unitgames.com.ar\/pc-gamer\/producto\/transmisor-modulador-fm-con-cargador-para-auto-bluetooth-fulltotal-kcb-905\/#primaryimage","url":"https:\/\/unitgames.com.ar\/pc-gamer\/wp-content\/uploads\/2025\/02\/Transmisor-Modulador-FM-con-cargador-para-Auto-Bluetooth-Fulltotal-KCB-905.png","contentUrl":"https:\/\/unitgames.com.ar\/pc-gamer\/wp-content\/uploads\/2025\/02\/Transmisor-Modulador-FM-con-cargador-para-Auto-Bluetooth-Fulltotal-KCB-905.png","width":1283,"height":1283},{"@type":"BreadcrumbList","@id":"https:\/\/unitgames.com.ar\/pc-gamer\/producto\/transmisor-modulador-fm-con-cargador-para-auto-bluetooth-fulltotal-kcb-905\/#breadcrumb","itemListElement":[{"@type":"ListItem","position":1,"name":"Tienda","item":"https:\/\/unitgames.com.ar\/pc-gamer\/tienda\/"},{"@type":"ListItem","position":2,"name":"Transmisor Modulador FM con cargador para Auto Bluetooth Fulltotal KCB-905"}]},{"@type":"WebSite","@id":"https:\/\/unitgames.com.ar\/pc-gamer\/#website","url":"https:\/\/unitgames.com.ar\/pc-gamer\/","name":"UnitGames","description":"Venta de PC Gamers, Consolas , Servicio Tecnico Especializado. Todos en Accesorios Informaticos y Gamers","publisher":{"@id":"https:\/\/unitgames.com.ar\/pc-gamer\/#organization"},"potentialAction":[{"@type":"SearchAction","target":{"@type":"EntryPoint","urlTemplate":"https:\/\/unitgames.com.ar\/pc-gamer\/?s={search_term_string}"},"query-input":{"@type":"PropertyValueSpecification","valueRequired":true,"valueName":"search_term_string"}}],"inLanguage":"es"},{"@type":"Organization","@id":"https:\/\/unitgames.com.ar\/pc-gamer\/#organization","name":"UnitGames","url":"https:\/\/unitgames.com.ar\/pc-gamer\/","logo":{"@type":"ImageObject","inLanguage":"es","@id":"https:\/\/unitgames.com.ar\/pc-gamer\/#\/schema\/logo\/image\/","url":"https:\/\/unitgames.com.ar\/pc-gamer\/wp-content\/uploads\/2021\/01\/cropped-logoUnitGames2.png","contentUrl":"https:\/\/unitgames.com.ar\/pc-gamer\/wp-content\/uploads\/2021\/01\/cropped-logoUnitGames2.png","width":152,"height":200,"caption":"UnitGames"},"image":{"@id":"https:\/\/unitgames.com.ar\/pc-gamer\/#\/schema\/logo\/image\/"}}]}},"_links":{"self":[{"href":"https:\/\/unitgames.com.ar\/pc-gamer\/wp-json\/wp\/v2\/product\/12765","targetHints":{"allow":["GET"]}}],"collection":[{"href":"https:\/\/unitgames.com.ar\/pc-gamer\/wp-json\/wp\/v2\/product"}],"about":[{"href":"https:\/\/unitgames.com.ar\/pc-gamer\/wp-json\/wp\/v2\/types\/product"}],"version-history":[{"count":0,"href":"https:\/\/unitgames.com.ar\/pc-gamer\/wp-json\/wp\/v2\/product\/12765\/revisions"}],"wp:featuredmedia":[{"embeddable":true,"href":"https:\/\/unitgames.com.ar\/pc-gamer\/wp-json\/wp\/v2\/media\/12766"}],"wp:attachment":[{"href":"https:\/\/unitgames.com.ar\/pc-gamer\/wp-json\/wp\/v2\/media?parent=12765"}],"wp:term":[{"taxonomy":"product_brand","embeddable":true,"href":"https:\/\/unitgames.com.ar\/pc-gamer\/wp-json\/wp\/v2\/product_brand?post=12765"},{"taxonomy":"product_cat","embeddable":true,"href":"https:\/\/unitgames.com.ar\/pc-gamer\/wp-json\/wp\/v2\/product_cat?post=12765"},{"taxonomy":"product_tag","embeddable":true,"href":"https:\/\/unitgames.com.ar\/pc-gamer\/wp-json\/wp\/v2\/product_tag?post=12765"}],"curies":[{"name":"wp","href":"https:\/\/api.w.org\/{rel}","templated":true}]}}