{"id":13214,"date":"2025-03-12T12:29:18","date_gmt":"2025-03-12T15:29:18","guid":{"rendered":"https:\/\/unitgames.com.ar\/pc-gamer\/?post_type=product&#038;p=13214"},"modified":"2026-01-09T07:16:02","modified_gmt":"2026-01-09T10:16:02","slug":"memoria-micro-sd-hiksemi-32gb-neo-v30-clase-10","status":"publish","type":"product","link":"https:\/\/unitgames.com.ar\/pc-gamer\/producto\/memoria-micro-sd-hiksemi-32gb-neo-v30-clase-10\/","title":{"rendered":"Memoria Micro SD HIKSEMI 32GB NEO V30 Clase 10"},"content":{"rendered":"<h5>Caracter\u00edsticas y especificaciones<\/h5>\n<div>\n<p>HikSemi Memoria Micro SD 32Gb NEO Clase 10 V30 HS-TF-C1<\/p>\n<p>&#8211; Tarjeta NEO TF de consumo + adaptador opcional<br \/>\nGuarda lo que capturaste, comparte todo lo que amas<\/p>\n<p>&#8211; Misi\u00f3n completada con su presupuesto<br \/>\nClase 10, nivel de velocidad USH-1<br \/>\nLectura\/Escritura Hasta 92\/40 MB\/s<\/p>\n<p>&#8211; \u00a1Hola mundo, hola memoria!<br \/>\n128 GB | Para su altavoz, c\u00e1mara, tableta y tel\u00e9fonos inteligentes<\/p>\n<p>&#8211; 2 en 1 Opcional<br \/>\nCon adaptador opcional,: adaptado tambi\u00e9n a la ranura para tarjeta SD<\/p>\n<p>&#8211; Calidad y protecci\u00f3n mejoradas<br \/>\nControlador de calidad a prueba de agua, golpes y rayos X y flash NAND<\/p>\n<p>Especificaci\u00f3n<br \/>\n&#8211; Capacidad: 128 GB<br \/>\n&#8211; M\u00e1x. velocidad de lectura: 92 MB\/s<br \/>\n&#8211; M\u00e1x. velocidad de escritura: 40 MB\/s<br \/>\n&#8211; NAND<br \/>\n&#8211; Formato: MicroSDHC | MicroSDHC | MicroSDXC | MicroSDXC | MicroSDXC<br \/>\n&#8211; Dimensiones: 14,99 mm x 10,92 mm x 1,02 mm<br \/>\n&#8211; Temperatura de funcionamiento: 0\u00b0C a 70\u00b0C<br \/>\n&#8211; Temperatura de almacenamiento: -25\u00b0C a 85\u00b0C<br \/>\n&#8211; Compatibilidad: MicroSDHC, MicroSDXC, MicroSDHCUHS-I, MicroSDXCUHS-I<\/p>\n<\/div>\n","protected":false},"excerpt":{"rendered":"<p>Caracter\u00edsticas y especificaciones HikSemi Memoria Micro SD 32Gb NEO Clase 10 V30 HS-TF-C1 &#8211; Tarjeta NEO TF de consumo + adaptador opcional Guarda lo que capturaste, comparte todo lo que amas &#8211; Misi\u00f3n completada con su presupuesto Clase 10, nivel de velocidad USH-1 Lectura\/Escritura Hasta 92\/40 MB\/s &#8211; \u00a1Hola mundo, hola memoria! 128 GB | Para su altavoz, c\u00e1mara, tableta y tel\u00e9fonos inteligentes &#8211; 2 en 1 Opcional Con adaptador opcional,: adaptado tambi\u00e9n a la ranura para tarjeta SD &#8211; Calidad y protecci\u00f3n mejoradas Controlador de calidad a prueba de agua, golpes y rayos X y flash NAND Especificaci\u00f3n &#8211; Capacidad: 128 GB &#8211; M\u00e1x. velocidad de lectura: 92 MB\/s &#8211; M\u00e1x. velocidad de escritura: 40 MB\/s &#8211; NAND &#8211; Formato: MicroSDHC | MicroSDHC | MicroSDXC | MicroSDXC | MicroSDXC &#8211; Dimensiones: 14,99 mm x 10,92 mm x 1,02 mm &#8211; Temperatura de funcionamiento: 0\u00b0C a 70\u00b0C &#8211; Temperatura de almacenamiento: -25\u00b0C a 85\u00b0C &#8211; Compatibilidad: MicroSDHC, MicroSDXC, MicroSDHCUHS-I, MicroSDXCUHS-I<\/p>\n","protected":false},"featured_media":11331,"template":"","meta":{"site-sidebar-layout":"default","site-content-layout":"","ast-site-content-layout":"default","site-content-style":"default","site-sidebar-style":"default","ast-global-header-display":"","ast-banner-title-visibility":"","ast-main-header-display":"","ast-hfb-above-header-display":"","ast-hfb-below-header-display":"","ast-hfb-mobile-header-display":"","site-post-title":"","ast-breadcrumbs-content":"","ast-featured-img":"","footer-sml-layout":"","theme-transparent-header-meta":"default","adv-header-id-meta":"","stick-header-meta":"","header-above-stick-meta":"","header-main-stick-meta":"","header-below-stick-meta":"","astra-migrate-meta-layouts":"set","ast-page-background-enabled":"default","ast-page-background-meta":{"desktop":{"background-color":"var(--ast-global-color-5)","background-image":"","background-repeat":"repeat","background-position":"center center","background-size":"auto","background-attachment":"scroll","background-type":"","background-media":"","overlay-type":"","overlay-color":"","overlay-opacity":"","overlay-gradient":""},"tablet":{"background-color":"","background-image":"","background-repeat":"repeat","background-position":"center center","background-size":"auto","background-attachment":"scroll","background-type":"","background-media":"","overlay-type":"","overlay-color":"","overlay-opacity":"","overlay-gradient":""},"mobile":{"background-color":"","background-image":"","background-repeat":"repeat","background-position":"center center","background-size":"auto","background-attachment":"scroll","background-type":"","background-media":"","overlay-type":"","overlay-color":"","overlay-opacity":"","overlay-gradient":""}},"ast-content-background-meta":{"desktop":{"background-color":"var(--ast-global-color-4)","background-image":"","background-repeat":"repeat","background-position":"center center","background-size":"auto","background-attachment":"scroll","background-type":"","background-media":"","overlay-type":"","overlay-color":"","overlay-opacity":"","overlay-gradient":""},"tablet":{"background-color":"var(--ast-global-color-4)","background-image":"","background-repeat":"repeat","background-position":"center center","background-size":"auto","background-attachment":"scroll","background-type":"","background-media":"","overlay-type":"","overlay-color":"","overlay-opacity":"","overlay-gradient":""},"mobile":{"background-color":"var(--ast-global-color-4)","background-image":"","background-repeat":"repeat","background-position":"center center","background-size":"auto","background-attachment":"scroll","background-type":"","background-media":"","overlay-type":"","overlay-color":"","overlay-opacity":"","overlay-gradient":""}},"_joinchat":[]},"product_brand":[],"product_cat":[86],"product_tag":[],"class_list":{"0":"post-13214","1":"product","2":"type-product","3":"status-publish","4":"has-post-thumbnail","6":"product_cat-pendrives-memorias-sd","7":"desktop-align-center","8":"tablet-align-left","9":"mobile-align-left","11":"first","12":"instock","13":"shipping-taxable","14":"purchasable","15":"product-type-simple"},"yoast_head":"<!-- This site is optimized with the Yoast SEO plugin v27.3 - https:\/\/yoast.com\/product\/yoast-seo-wordpress\/ -->\n<title>Memoria Micro SD HIKSEMI 32GB NEO V30 Clase 10 - UnitGames<\/title>\n<meta name=\"robots\" content=\"index, follow, max-snippet:-1, max-image-preview:large, max-video-preview:-1\" \/>\n<link rel=\"canonical\" href=\"https:\/\/unitgames.com.ar\/pc-gamer\/producto\/memoria-micro-sd-hiksemi-32gb-neo-v30-clase-10\/\" \/>\n<meta property=\"og:locale\" content=\"es_ES\" \/>\n<meta property=\"og:type\" content=\"article\" \/>\n<meta property=\"og:title\" content=\"Memoria Micro SD HIKSEMI 32GB NEO V30 Clase 10 - UnitGames\" \/>\n<meta property=\"og:description\" content=\"Caracter\u00edsticas y especificaciones HikSemi Memoria Micro SD 32Gb NEO Clase 10 V30 HS-TF-C1 &#8211; Tarjeta NEO TF de consumo + adaptador opcional Guarda lo que capturaste, comparte todo lo que amas &#8211; Misi\u00f3n completada con su presupuesto Clase 10, nivel de velocidad USH-1 Lectura\/Escritura Hasta 92\/40 MB\/s &#8211; \u00a1Hola mundo, hola memoria! 128 GB | Para su altavoz, c\u00e1mara, tableta y tel\u00e9fonos inteligentes &#8211; 2 en 1 Opcional Con adaptador opcional,: adaptado tambi\u00e9n a la ranura para tarjeta SD &#8211; Calidad y protecci\u00f3n mejoradas Controlador de calidad a prueba de agua, golpes y rayos X y flash NAND Especificaci\u00f3n &#8211; Capacidad: 128 GB &#8211; M\u00e1x. velocidad de lectura: 92 MB\/s &#8211; M\u00e1x. velocidad de escritura: 40 MB\/s &#8211; NAND &#8211; Formato: MicroSDHC | MicroSDHC | MicroSDXC | MicroSDXC | MicroSDXC &#8211; Dimensiones: 14,99 mm x 10,92 mm x 1,02 mm &#8211; Temperatura de funcionamiento: 0\u00b0C a 70\u00b0C &#8211; Temperatura de almacenamiento: -25\u00b0C a 85\u00b0C &#8211; Compatibilidad: MicroSDHC, MicroSDXC, MicroSDHCUHS-I, MicroSDXCUHS-I\" \/>\n<meta property=\"og:url\" content=\"https:\/\/unitgames.com.ar\/pc-gamer\/producto\/memoria-micro-sd-hiksemi-32gb-neo-v30-clase-10\/\" \/>\n<meta property=\"og:site_name\" content=\"UnitGames\" \/>\n<meta property=\"article:modified_time\" content=\"2026-01-09T10:16:02+00:00\" \/>\n<meta property=\"og:image\" content=\"https:\/\/unitgames.com.ar\/pc-gamer\/wp-content\/uploads\/2024\/10\/Memoria-Micro-SD-HIKSEMI-64GB-NEO-CLASE-10-V30S.png\" \/>\n\t<meta property=\"og:image:width\" content=\"1283\" \/>\n\t<meta property=\"og:image:height\" content=\"1283\" \/>\n\t<meta property=\"og:image:type\" content=\"image\/png\" \/>\n<meta name=\"twitter:card\" content=\"summary_large_image\" \/>\n<meta name=\"twitter:label1\" content=\"Tiempo de lectura\" \/>\n\t<meta name=\"twitter:data1\" content=\"1 minuto\" \/>\n<script type=\"application\/ld+json\" class=\"yoast-schema-graph\">{\"@context\":\"https:\\\/\\\/schema.org\",\"@graph\":[{\"@type\":\"WebPage\",\"@id\":\"https:\\\/\\\/unitgames.com.ar\\\/pc-gamer\\\/producto\\\/memoria-micro-sd-hiksemi-32gb-neo-v30-clase-10\\\/\",\"url\":\"https:\\\/\\\/unitgames.com.ar\\\/pc-gamer\\\/producto\\\/memoria-micro-sd-hiksemi-32gb-neo-v30-clase-10\\\/\",\"name\":\"Memoria Micro SD HIKSEMI 32GB NEO V30 Clase 10 - UnitGames\",\"isPartOf\":{\"@id\":\"https:\\\/\\\/unitgames.com.ar\\\/pc-gamer\\\/#website\"},\"primaryImageOfPage\":{\"@id\":\"https:\\\/\\\/unitgames.com.ar\\\/pc-gamer\\\/producto\\\/memoria-micro-sd-hiksemi-32gb-neo-v30-clase-10\\\/#primaryimage\"},\"image\":{\"@id\":\"https:\\\/\\\/unitgames.com.ar\\\/pc-gamer\\\/producto\\\/memoria-micro-sd-hiksemi-32gb-neo-v30-clase-10\\\/#primaryimage\"},\"thumbnailUrl\":\"https:\\\/\\\/unitgames.com.ar\\\/pc-gamer\\\/wp-content\\\/uploads\\\/2024\\\/10\\\/Memoria-Micro-SD-HIKSEMI-64GB-NEO-CLASE-10-V30S.png\",\"datePublished\":\"2025-03-12T15:29:18+00:00\",\"dateModified\":\"2026-01-09T10:16:02+00:00\",\"breadcrumb\":{\"@id\":\"https:\\\/\\\/unitgames.com.ar\\\/pc-gamer\\\/producto\\\/memoria-micro-sd-hiksemi-32gb-neo-v30-clase-10\\\/#breadcrumb\"},\"inLanguage\":\"es\",\"potentialAction\":[{\"@type\":\"ReadAction\",\"target\":[\"https:\\\/\\\/unitgames.com.ar\\\/pc-gamer\\\/producto\\\/memoria-micro-sd-hiksemi-32gb-neo-v30-clase-10\\\/\"]}]},{\"@type\":\"ImageObject\",\"inLanguage\":\"es\",\"@id\":\"https:\\\/\\\/unitgames.com.ar\\\/pc-gamer\\\/producto\\\/memoria-micro-sd-hiksemi-32gb-neo-v30-clase-10\\\/#primaryimage\",\"url\":\"https:\\\/\\\/unitgames.com.ar\\\/pc-gamer\\\/wp-content\\\/uploads\\\/2024\\\/10\\\/Memoria-Micro-SD-HIKSEMI-64GB-NEO-CLASE-10-V30S.png\",\"contentUrl\":\"https:\\\/\\\/unitgames.com.ar\\\/pc-gamer\\\/wp-content\\\/uploads\\\/2024\\\/10\\\/Memoria-Micro-SD-HIKSEMI-64GB-NEO-CLASE-10-V30S.png\",\"width\":1283,\"height\":1283},{\"@type\":\"BreadcrumbList\",\"@id\":\"https:\\\/\\\/unitgames.com.ar\\\/pc-gamer\\\/producto\\\/memoria-micro-sd-hiksemi-32gb-neo-v30-clase-10\\\/#breadcrumb\",\"itemListElement\":[{\"@type\":\"ListItem\",\"position\":1,\"name\":\"Tienda\",\"item\":\"https:\\\/\\\/unitgames.com.ar\\\/pc-gamer\\\/tienda\\\/\"},{\"@type\":\"ListItem\",\"position\":2,\"name\":\"Memoria Micro SD HIKSEMI 32GB NEO V30 Clase 10\"}]},{\"@type\":\"WebSite\",\"@id\":\"https:\\\/\\\/unitgames.com.ar\\\/pc-gamer\\\/#website\",\"url\":\"https:\\\/\\\/unitgames.com.ar\\\/pc-gamer\\\/\",\"name\":\"UnitGames\",\"description\":\"Venta de PC Gamers, Consolas , Servicio Tecnico Especializado. Todos en Accesorios Informaticos y Gamers\",\"publisher\":{\"@id\":\"https:\\\/\\\/unitgames.com.ar\\\/pc-gamer\\\/#organization\"},\"potentialAction\":[{\"@type\":\"SearchAction\",\"target\":{\"@type\":\"EntryPoint\",\"urlTemplate\":\"https:\\\/\\\/unitgames.com.ar\\\/pc-gamer\\\/?s={search_term_string}\"},\"query-input\":{\"@type\":\"PropertyValueSpecification\",\"valueRequired\":true,\"valueName\":\"search_term_string\"}}],\"inLanguage\":\"es\"},{\"@type\":\"Organization\",\"@id\":\"https:\\\/\\\/unitgames.com.ar\\\/pc-gamer\\\/#organization\",\"name\":\"UnitGames\",\"url\":\"https:\\\/\\\/unitgames.com.ar\\\/pc-gamer\\\/\",\"logo\":{\"@type\":\"ImageObject\",\"inLanguage\":\"es\",\"@id\":\"https:\\\/\\\/unitgames.com.ar\\\/pc-gamer\\\/#\\\/schema\\\/logo\\\/image\\\/\",\"url\":\"https:\\\/\\\/unitgames.com.ar\\\/pc-gamer\\\/wp-content\\\/uploads\\\/2021\\\/01\\\/cropped-logoUnitGames2.png\",\"contentUrl\":\"https:\\\/\\\/unitgames.com.ar\\\/pc-gamer\\\/wp-content\\\/uploads\\\/2021\\\/01\\\/cropped-logoUnitGames2.png\",\"width\":152,\"height\":200,\"caption\":\"UnitGames\"},\"image\":{\"@id\":\"https:\\\/\\\/unitgames.com.ar\\\/pc-gamer\\\/#\\\/schema\\\/logo\\\/image\\\/\"}}]}<\/script>\n<!-- \/ Yoast SEO plugin. -->","yoast_head_json":{"title":"Memoria Micro SD HIKSEMI 32GB NEO V30 Clase 10 - UnitGames","robots":{"index":"index","follow":"follow","max-snippet":"max-snippet:-1","max-image-preview":"max-image-preview:large","max-video-preview":"max-video-preview:-1"},"canonical":"https:\/\/unitgames.com.ar\/pc-gamer\/producto\/memoria-micro-sd-hiksemi-32gb-neo-v30-clase-10\/","og_locale":"es_ES","og_type":"article","og_title":"Memoria Micro SD HIKSEMI 32GB NEO V30 Clase 10 - UnitGames","og_description":"Caracter\u00edsticas y especificaciones HikSemi Memoria Micro SD 32Gb NEO Clase 10 V30 HS-TF-C1 &#8211; Tarjeta NEO TF de consumo + adaptador opcional Guarda lo que capturaste, comparte todo lo que amas &#8211; Misi\u00f3n completada con su presupuesto Clase 10, nivel de velocidad USH-1 Lectura\/Escritura Hasta 92\/40 MB\/s &#8211; \u00a1Hola mundo, hola memoria! 128 GB | Para su altavoz, c\u00e1mara, tableta y tel\u00e9fonos inteligentes &#8211; 2 en 1 Opcional Con adaptador opcional,: adaptado tambi\u00e9n a la ranura para tarjeta SD &#8211; Calidad y protecci\u00f3n mejoradas Controlador de calidad a prueba de agua, golpes y rayos X y flash NAND Especificaci\u00f3n &#8211; Capacidad: 128 GB &#8211; M\u00e1x. velocidad de lectura: 92 MB\/s &#8211; M\u00e1x. velocidad de escritura: 40 MB\/s &#8211; NAND &#8211; Formato: MicroSDHC | MicroSDHC | MicroSDXC | MicroSDXC | MicroSDXC &#8211; Dimensiones: 14,99 mm x 10,92 mm x 1,02 mm &#8211; Temperatura de funcionamiento: 0\u00b0C a 70\u00b0C &#8211; Temperatura de almacenamiento: -25\u00b0C a 85\u00b0C &#8211; Compatibilidad: MicroSDHC, MicroSDXC, MicroSDHCUHS-I, MicroSDXCUHS-I","og_url":"https:\/\/unitgames.com.ar\/pc-gamer\/producto\/memoria-micro-sd-hiksemi-32gb-neo-v30-clase-10\/","og_site_name":"UnitGames","article_modified_time":"2026-01-09T10:16:02+00:00","og_image":[{"width":1283,"height":1283,"url":"https:\/\/unitgames.com.ar\/pc-gamer\/wp-content\/uploads\/2024\/10\/Memoria-Micro-SD-HIKSEMI-64GB-NEO-CLASE-10-V30S.png","type":"image\/png"}],"twitter_card":"summary_large_image","twitter_misc":{"Tiempo de lectura":"1 minuto"},"schema":{"@context":"https:\/\/schema.org","@graph":[{"@type":"WebPage","@id":"https:\/\/unitgames.com.ar\/pc-gamer\/producto\/memoria-micro-sd-hiksemi-32gb-neo-v30-clase-10\/","url":"https:\/\/unitgames.com.ar\/pc-gamer\/producto\/memoria-micro-sd-hiksemi-32gb-neo-v30-clase-10\/","name":"Memoria Micro SD HIKSEMI 32GB NEO V30 Clase 10 - UnitGames","isPartOf":{"@id":"https:\/\/unitgames.com.ar\/pc-gamer\/#website"},"primaryImageOfPage":{"@id":"https:\/\/unitgames.com.ar\/pc-gamer\/producto\/memoria-micro-sd-hiksemi-32gb-neo-v30-clase-10\/#primaryimage"},"image":{"@id":"https:\/\/unitgames.com.ar\/pc-gamer\/producto\/memoria-micro-sd-hiksemi-32gb-neo-v30-clase-10\/#primaryimage"},"thumbnailUrl":"https:\/\/unitgames.com.ar\/pc-gamer\/wp-content\/uploads\/2024\/10\/Memoria-Micro-SD-HIKSEMI-64GB-NEO-CLASE-10-V30S.png","datePublished":"2025-03-12T15:29:18+00:00","dateModified":"2026-01-09T10:16:02+00:00","breadcrumb":{"@id":"https:\/\/unitgames.com.ar\/pc-gamer\/producto\/memoria-micro-sd-hiksemi-32gb-neo-v30-clase-10\/#breadcrumb"},"inLanguage":"es","potentialAction":[{"@type":"ReadAction","target":["https:\/\/unitgames.com.ar\/pc-gamer\/producto\/memoria-micro-sd-hiksemi-32gb-neo-v30-clase-10\/"]}]},{"@type":"ImageObject","inLanguage":"es","@id":"https:\/\/unitgames.com.ar\/pc-gamer\/producto\/memoria-micro-sd-hiksemi-32gb-neo-v30-clase-10\/#primaryimage","url":"https:\/\/unitgames.com.ar\/pc-gamer\/wp-content\/uploads\/2024\/10\/Memoria-Micro-SD-HIKSEMI-64GB-NEO-CLASE-10-V30S.png","contentUrl":"https:\/\/unitgames.com.ar\/pc-gamer\/wp-content\/uploads\/2024\/10\/Memoria-Micro-SD-HIKSEMI-64GB-NEO-CLASE-10-V30S.png","width":1283,"height":1283},{"@type":"BreadcrumbList","@id":"https:\/\/unitgames.com.ar\/pc-gamer\/producto\/memoria-micro-sd-hiksemi-32gb-neo-v30-clase-10\/#breadcrumb","itemListElement":[{"@type":"ListItem","position":1,"name":"Tienda","item":"https:\/\/unitgames.com.ar\/pc-gamer\/tienda\/"},{"@type":"ListItem","position":2,"name":"Memoria Micro SD HIKSEMI 32GB NEO V30 Clase 10"}]},{"@type":"WebSite","@id":"https:\/\/unitgames.com.ar\/pc-gamer\/#website","url":"https:\/\/unitgames.com.ar\/pc-gamer\/","name":"UnitGames","description":"Venta de PC Gamers, Consolas , Servicio Tecnico Especializado. Todos en Accesorios Informaticos y Gamers","publisher":{"@id":"https:\/\/unitgames.com.ar\/pc-gamer\/#organization"},"potentialAction":[{"@type":"SearchAction","target":{"@type":"EntryPoint","urlTemplate":"https:\/\/unitgames.com.ar\/pc-gamer\/?s={search_term_string}"},"query-input":{"@type":"PropertyValueSpecification","valueRequired":true,"valueName":"search_term_string"}}],"inLanguage":"es"},{"@type":"Organization","@id":"https:\/\/unitgames.com.ar\/pc-gamer\/#organization","name":"UnitGames","url":"https:\/\/unitgames.com.ar\/pc-gamer\/","logo":{"@type":"ImageObject","inLanguage":"es","@id":"https:\/\/unitgames.com.ar\/pc-gamer\/#\/schema\/logo\/image\/","url":"https:\/\/unitgames.com.ar\/pc-gamer\/wp-content\/uploads\/2021\/01\/cropped-logoUnitGames2.png","contentUrl":"https:\/\/unitgames.com.ar\/pc-gamer\/wp-content\/uploads\/2021\/01\/cropped-logoUnitGames2.png","width":152,"height":200,"caption":"UnitGames"},"image":{"@id":"https:\/\/unitgames.com.ar\/pc-gamer\/#\/schema\/logo\/image\/"}}]}},"_links":{"self":[{"href":"https:\/\/unitgames.com.ar\/pc-gamer\/wp-json\/wp\/v2\/product\/13214","targetHints":{"allow":["GET"]}}],"collection":[{"href":"https:\/\/unitgames.com.ar\/pc-gamer\/wp-json\/wp\/v2\/product"}],"about":[{"href":"https:\/\/unitgames.com.ar\/pc-gamer\/wp-json\/wp\/v2\/types\/product"}],"version-history":[{"count":0,"href":"https:\/\/unitgames.com.ar\/pc-gamer\/wp-json\/wp\/v2\/product\/13214\/revisions"}],"wp:featuredmedia":[{"embeddable":true,"href":"https:\/\/unitgames.com.ar\/pc-gamer\/wp-json\/wp\/v2\/media\/11331"}],"wp:attachment":[{"href":"https:\/\/unitgames.com.ar\/pc-gamer\/wp-json\/wp\/v2\/media?parent=13214"}],"wp:term":[{"taxonomy":"product_brand","embeddable":true,"href":"https:\/\/unitgames.com.ar\/pc-gamer\/wp-json\/wp\/v2\/product_brand?post=13214"},{"taxonomy":"product_cat","embeddable":true,"href":"https:\/\/unitgames.com.ar\/pc-gamer\/wp-json\/wp\/v2\/product_cat?post=13214"},{"taxonomy":"product_tag","embeddable":true,"href":"https:\/\/unitgames.com.ar\/pc-gamer\/wp-json\/wp\/v2\/product_tag?post=13214"}],"curies":[{"name":"wp","href":"https:\/\/api.w.org\/{rel}","templated":true}]}}