{"id":13306,"date":"2025-03-18T00:37:07","date_gmt":"2025-03-18T03:37:07","guid":{"rendered":"https:\/\/unitgames.com.ar\/pc-gamer\/?post_type=product&#038;p=13306"},"modified":"2026-05-01T09:37:52","modified_gmt":"2026-05-01T12:37:52","slug":"teclado-mecanico-redragon-ucal-pro-max","status":"publish","type":"product","link":"https:\/\/unitgames.com.ar\/pc-gamer\/producto\/teclado-mecanico-redragon-ucal-pro-max\/","title":{"rendered":"Teclado Mecanico  Inalambrico REDRAGON Ucal Max"},"content":{"rendered":"<p class=\"product-section--split__title\"><strong>EL JUEGO SUTIL<\/strong><\/p>\n<p class=\"product-section--split__description\">El Ucal Pro es un teclado mec\u00e1nico 75% con teclas premium de PBT, triple conexi\u00f3n, amortiguaci\u00f3n gasket, rueda de control y bater\u00eda de duraci\u00f3n extra larga. Adem\u00e1s, est\u00e1 equipado con iluminaci\u00f3n RGB y un software renovado para la personalizaci\u00f3n total.<\/p>\n<p class=\"product-section--split__title\"><strong>MUY SUAVE<\/strong><\/p>\n<p class=\"product-section--split__description\">Equipado con los switches silenciosos Redragon Red, el<br \/>\nUcal Pro agrega un elemento extra a la experiencia del<br \/>\ntecleo ya que incluye una serie de capas internas de<br \/>\namortiguaci\u00f3n con sistema gasket que suavizan el sonido<br \/>\ny el tacto de las pulsaciones sin resignar por ello precisi\u00f3n<br \/>\nni respuesta.<\/p>\n<p class=\"product-section--split__title\"><strong>TRIPLE CONEXI\u00d3N<\/strong><\/p>\n<p class=\"product-section--split__description\">Para cada necesidad, una modalidad de conexi\u00f3n.<\/p>\n<p><img decoding=\"async\" class=\"emoji\" role=\"img\" draggable=\"false\" src=\"https:\/\/s.w.org\/images\/core\/emoji\/15.0.3\/svg\/25b6.svg\" alt=\"&#x25b6;\" \/>\u00a0Bluetooth para el uso inal\u00e1mbrico casual en m\u00faltiples dispositivos.<br \/>\n<img decoding=\"async\" class=\"emoji\" role=\"img\" draggable=\"false\" src=\"https:\/\/s.w.org\/images\/core\/emoji\/15.0.3\/svg\/25b6.svg\" alt=\"&#x25b6;\" \/>\u00a0RF de 2,4 GHz (con dongle USB) para el juego competitivo en modo inal\u00e1mbrico.<br \/>\n<img decoding=\"async\" class=\"emoji\" role=\"img\" draggable=\"false\" src=\"https:\/\/s.w.org\/images\/core\/emoji\/15.0.3\/svg\/25b6.svg\" alt=\"&#x25b6;\" \/>\u00a0Cable USB-C con adaptador USB-A para el juego competitivo en modo cableado.<\/p>\n<p class=\"product-section--split__title\"><strong>KEYCAPS PREMIUM PBT<\/strong><\/p>\n<p class=\"product-section--split__description\">Las keycaps del Ucal Pro est\u00e1n construidas en pl\u00e1stico PBT,<br \/>\nun material premium m\u00e1s resistente y menos susceptible<br \/>\nde impregnarse con la grasitud corporal que el ABS.<\/p>\n<p><img decoding=\"async\" class=\"emoji\" role=\"img\" draggable=\"false\" src=\"https:\/\/s.w.org\/images\/core\/emoji\/15.0.3\/svg\/25b6.svg\" alt=\"&#x25b6;\" \/>\u00a0Adem\u00e1s, son de doble inyecci\u00f3n, lo que significa que cada<br \/>\npieza est\u00e1 construida a partir de dos bloques independientes<br \/>\nque se encastran con precisi\u00f3n l\u00e1ser y aseguran una muy larga<br \/>\nvida \u00fatil.<\/p>\n<p class=\"product-section--split__title\"><strong>BATER\u00cdA DE DURACI\u00d3N EXTRA LARGA<\/strong><\/p>\n<p class=\"product-section--split__description\">La bater\u00eda interna de 3000 mAh otorga una asombrosa autonom\u00eda<br \/>\nde entre 10 y 12 d\u00edas por carga, contemplando las diferencias de<br \/>\nconsumo entre las modalidades RF y BT. \u00a1Much\u00edsimo!<\/p>\n<p class=\"product-section--split__title\"><strong>RUEDA CLICABLE<\/strong><\/p>\n<p class=\"product-section--split__description\">Un plus de comodidad para nuestra gente; la rueda clicable permite subir y bajar r\u00e1pidamente el volumen del audio y el brillo de la iluminaci\u00f3n.<br \/>\n<img decoding=\"async\" class=\"emoji\" role=\"img\" draggable=\"false\" src=\"https:\/\/s.w.org\/images\/core\/emoji\/15.0.3\/svg\/25b6.svg\" alt=\"&#x25b6;\" \/>\u00a0Una verdad fundamental del universo: rueda = placer. Es as\u00ed.<\/p>\n<p>&nbsp;<\/p>\n","protected":false},"excerpt":{"rendered":"<p>EL JUEGO SUTIL El Ucal Pro es un teclado mec\u00e1nico 75% con teclas premium de PBT, triple conexi\u00f3n, amortiguaci\u00f3n gasket, rueda de control y bater\u00eda de duraci\u00f3n extra larga. Adem\u00e1s, est\u00e1 equipado con iluminaci\u00f3n RGB y un software renovado para la personalizaci\u00f3n total. MUY SUAVE Equipado con los switches silenciosos Redragon Red, el Ucal Pro agrega un elemento extra a la experiencia del tecleo ya que incluye una serie de capas internas de amortiguaci\u00f3n con sistema gasket que suavizan el sonido y el tacto de las pulsaciones sin resignar por ello precisi\u00f3n ni respuesta. TRIPLE CONEXI\u00d3N Para cada necesidad, una modalidad de conexi\u00f3n. \u00a0Bluetooth para el uso inal\u00e1mbrico casual en m\u00faltiples dispositivos. \u00a0RF de 2,4 GHz (con dongle USB) para el juego competitivo en modo inal\u00e1mbrico. \u00a0Cable USB-C con adaptador USB-A para el juego competitivo en modo cableado. KEYCAPS PREMIUM PBT Las keycaps del Ucal Pro est\u00e1n construidas en pl\u00e1stico PBT, un material premium m\u00e1s resistente y menos susceptible de impregnarse con la grasitud corporal que el ABS. \u00a0Adem\u00e1s, son de doble inyecci\u00f3n, lo que significa que cada pieza est\u00e1 construida a partir de dos bloques independientes que se encastran con precisi\u00f3n l\u00e1ser y aseguran una muy larga vida \u00fatil. BATER\u00cdA DE DURACI\u00d3N EXTRA LARGA La bater\u00eda interna de 3000 mAh otorga una asombrosa autonom\u00eda de entre 10 y 12 d\u00edas por carga, contemplando las diferencias de consumo entre las modalidades RF y BT. \u00a1Much\u00edsimo! RUEDA CLICABLE Un plus de comodidad para nuestra gente; la rueda clicable permite subir y bajar r\u00e1pidamente el volumen del audio y el brillo de la iluminaci\u00f3n. \u00a0Una verdad fundamental del universo: rueda = placer. Es as\u00ed. &nbsp;<\/p>\n","protected":false},"featured_media":13446,"template":"","meta":{"site-sidebar-layout":"default","site-content-layout":"","ast-site-content-layout":"default","site-content-style":"default","site-sidebar-style":"default","ast-global-header-display":"","ast-banner-title-visibility":"","ast-main-header-display":"","ast-hfb-above-header-display":"","ast-hfb-below-header-display":"","ast-hfb-mobile-header-display":"","site-post-title":"","ast-breadcrumbs-content":"","ast-featured-img":"","footer-sml-layout":"","theme-transparent-header-meta":"default","adv-header-id-meta":"","stick-header-meta":"","header-above-stick-meta":"","header-main-stick-meta":"","header-below-stick-meta":"","astra-migrate-meta-layouts":"set","ast-page-background-enabled":"default","ast-page-background-meta":{"desktop":{"background-color":"var(--ast-global-color-5)","background-image":"","background-repeat":"repeat","background-position":"center center","background-size":"auto","background-attachment":"scroll","background-type":"","background-media":"","overlay-type":"","overlay-color":"","overlay-opacity":"","overlay-gradient":""},"tablet":{"background-color":"","background-image":"","background-repeat":"repeat","background-position":"center center","background-size":"auto","background-attachment":"scroll","background-type":"","background-media":"","overlay-type":"","overlay-color":"","overlay-opacity":"","overlay-gradient":""},"mobile":{"background-color":"","background-image":"","background-repeat":"repeat","background-position":"center center","background-size":"auto","background-attachment":"scroll","background-type":"","background-media":"","overlay-type":"","overlay-color":"","overlay-opacity":"","overlay-gradient":""}},"ast-content-background-meta":{"desktop":{"background-color":"var(--ast-global-color-4)","background-image":"","background-repeat":"repeat","background-position":"center center","background-size":"auto","background-attachment":"scroll","background-type":"","background-media":"","overlay-type":"","overlay-color":"","overlay-opacity":"","overlay-gradient":""},"tablet":{"background-color":"var(--ast-global-color-4)","background-image":"","background-repeat":"repeat","background-position":"center center","background-size":"auto","background-attachment":"scroll","background-type":"","background-media":"","overlay-type":"","overlay-color":"","overlay-opacity":"","overlay-gradient":""},"mobile":{"background-color":"var(--ast-global-color-4)","background-image":"","background-repeat":"repeat","background-position":"center center","background-size":"auto","background-attachment":"scroll","background-type":"","background-media":"","overlay-type":"","overlay-color":"","overlay-opacity":"","overlay-gradient":""}},"_joinchat":[]},"product_brand":[],"product_cat":[92],"product_tag":[],"class_list":{"0":"post-13306","1":"product","2":"type-product","3":"status-publish","4":"has-post-thumbnail","6":"product_cat-teclados-mecanicos","7":"desktop-align-center","8":"tablet-align-left","9":"mobile-align-left","11":"first","12":"instock","13":"shipping-taxable","14":"purchasable","15":"product-type-simple"},"yoast_head":"<!-- This site is optimized with the Yoast SEO plugin v27.5 - https:\/\/yoast.com\/product\/yoast-seo-wordpress\/ -->\n<title>Teclado Mecanico Inalambrico REDRAGON Ucal Max - UnitGames<\/title>\n<meta name=\"robots\" content=\"index, follow, max-snippet:-1, max-image-preview:large, max-video-preview:-1\" \/>\n<link rel=\"canonical\" href=\"https:\/\/unitgames.com.ar\/pc-gamer\/producto\/teclado-mecanico-redragon-ucal-pro-max\/\" \/>\n<meta property=\"og:locale\" content=\"es_ES\" \/>\n<meta property=\"og:type\" content=\"article\" \/>\n<meta property=\"og:title\" content=\"Teclado Mecanico Inalambrico REDRAGON Ucal Max - UnitGames\" \/>\n<meta property=\"og:description\" content=\"EL JUEGO SUTIL El Ucal Pro es un teclado mec\u00e1nico 75% con teclas premium de PBT, triple conexi\u00f3n, amortiguaci\u00f3n gasket, rueda de control y bater\u00eda de duraci\u00f3n extra larga. Adem\u00e1s, est\u00e1 equipado con iluminaci\u00f3n RGB y un software renovado para la personalizaci\u00f3n total. MUY SUAVE Equipado con los switches silenciosos Redragon Red, el Ucal Pro agrega un elemento extra a la experiencia del tecleo ya que incluye una serie de capas internas de amortiguaci\u00f3n con sistema gasket que suavizan el sonido y el tacto de las pulsaciones sin resignar por ello precisi\u00f3n ni respuesta. TRIPLE CONEXI\u00d3N Para cada necesidad, una modalidad de conexi\u00f3n. \u00a0Bluetooth para el uso inal\u00e1mbrico casual en m\u00faltiples dispositivos. \u00a0RF de 2,4 GHz (con dongle USB) para el juego competitivo en modo inal\u00e1mbrico. \u00a0Cable USB-C con adaptador USB-A para el juego competitivo en modo cableado. KEYCAPS PREMIUM PBT Las keycaps del Ucal Pro est\u00e1n construidas en pl\u00e1stico PBT, un material premium m\u00e1s resistente y menos susceptible de impregnarse con la grasitud corporal que el ABS. \u00a0Adem\u00e1s, son de doble inyecci\u00f3n, lo que significa que cada pieza est\u00e1 construida a partir de dos bloques independientes que se encastran con precisi\u00f3n l\u00e1ser y aseguran una muy larga vida \u00fatil. BATER\u00cdA DE DURACI\u00d3N EXTRA LARGA La bater\u00eda interna de 3000 mAh otorga una asombrosa autonom\u00eda de entre 10 y 12 d\u00edas por carga, contemplando las diferencias de consumo entre las modalidades RF y BT. \u00a1Much\u00edsimo! RUEDA CLICABLE Un plus de comodidad para nuestra gente; la rueda clicable permite subir y bajar r\u00e1pidamente el volumen del audio y el brillo de la iluminaci\u00f3n. \u00a0Una verdad fundamental del universo: rueda = placer. Es as\u00ed. &nbsp;\" \/>\n<meta property=\"og:url\" content=\"https:\/\/unitgames.com.ar\/pc-gamer\/producto\/teclado-mecanico-redragon-ucal-pro-max\/\" \/>\n<meta property=\"og:site_name\" content=\"UnitGames\" \/>\n<meta property=\"article:modified_time\" content=\"2026-05-01T12:37:52+00:00\" \/>\n<meta property=\"og:image\" content=\"https:\/\/unitgames.com.ar\/pc-gamer\/wp-content\/uploads\/2025\/03\/Teclado-Mecanico-REDRAGON-UCAL-PRO-MAX.png\" \/>\n\t<meta property=\"og:image:width\" content=\"1283\" \/>\n\t<meta property=\"og:image:height\" content=\"1283\" \/>\n\t<meta property=\"og:image:type\" content=\"image\/png\" \/>\n<meta name=\"twitter:card\" content=\"summary_large_image\" \/>\n<meta name=\"twitter:label1\" content=\"Tiempo de lectura\" \/>\n\t<meta name=\"twitter:data1\" content=\"3 minutos\" \/>\n<script type=\"application\/ld+json\" class=\"yoast-schema-graph\">{\"@context\":\"https:\\\/\\\/schema.org\",\"@graph\":[{\"@type\":\"WebPage\",\"@id\":\"https:\\\/\\\/unitgames.com.ar\\\/pc-gamer\\\/producto\\\/teclado-mecanico-redragon-ucal-pro-max\\\/\",\"url\":\"https:\\\/\\\/unitgames.com.ar\\\/pc-gamer\\\/producto\\\/teclado-mecanico-redragon-ucal-pro-max\\\/\",\"name\":\"Teclado Mecanico Inalambrico REDRAGON Ucal Max - UnitGames\",\"isPartOf\":{\"@id\":\"https:\\\/\\\/unitgames.com.ar\\\/pc-gamer\\\/#website\"},\"primaryImageOfPage\":{\"@id\":\"https:\\\/\\\/unitgames.com.ar\\\/pc-gamer\\\/producto\\\/teclado-mecanico-redragon-ucal-pro-max\\\/#primaryimage\"},\"image\":{\"@id\":\"https:\\\/\\\/unitgames.com.ar\\\/pc-gamer\\\/producto\\\/teclado-mecanico-redragon-ucal-pro-max\\\/#primaryimage\"},\"thumbnailUrl\":\"https:\\\/\\\/unitgames.com.ar\\\/pc-gamer\\\/wp-content\\\/uploads\\\/2025\\\/03\\\/Teclado-Mecanico-REDRAGON-UCAL-PRO-MAX.png\",\"datePublished\":\"2025-03-18T03:37:07+00:00\",\"dateModified\":\"2026-05-01T12:37:52+00:00\",\"breadcrumb\":{\"@id\":\"https:\\\/\\\/unitgames.com.ar\\\/pc-gamer\\\/producto\\\/teclado-mecanico-redragon-ucal-pro-max\\\/#breadcrumb\"},\"inLanguage\":\"es\",\"potentialAction\":[{\"@type\":\"ReadAction\",\"target\":[\"https:\\\/\\\/unitgames.com.ar\\\/pc-gamer\\\/producto\\\/teclado-mecanico-redragon-ucal-pro-max\\\/\"]}]},{\"@type\":\"ImageObject\",\"inLanguage\":\"es\",\"@id\":\"https:\\\/\\\/unitgames.com.ar\\\/pc-gamer\\\/producto\\\/teclado-mecanico-redragon-ucal-pro-max\\\/#primaryimage\",\"url\":\"https:\\\/\\\/unitgames.com.ar\\\/pc-gamer\\\/wp-content\\\/uploads\\\/2025\\\/03\\\/Teclado-Mecanico-REDRAGON-UCAL-PRO-MAX.png\",\"contentUrl\":\"https:\\\/\\\/unitgames.com.ar\\\/pc-gamer\\\/wp-content\\\/uploads\\\/2025\\\/03\\\/Teclado-Mecanico-REDRAGON-UCAL-PRO-MAX.png\",\"width\":1283,\"height\":1283},{\"@type\":\"BreadcrumbList\",\"@id\":\"https:\\\/\\\/unitgames.com.ar\\\/pc-gamer\\\/producto\\\/teclado-mecanico-redragon-ucal-pro-max\\\/#breadcrumb\",\"itemListElement\":[{\"@type\":\"ListItem\",\"position\":1,\"name\":\"Tienda\",\"item\":\"https:\\\/\\\/unitgames.com.ar\\\/pc-gamer\\\/tienda\\\/\"},{\"@type\":\"ListItem\",\"position\":2,\"name\":\"Teclado Mecanico Inalambrico REDRAGON Ucal Max\"}]},{\"@type\":\"WebSite\",\"@id\":\"https:\\\/\\\/unitgames.com.ar\\\/pc-gamer\\\/#website\",\"url\":\"https:\\\/\\\/unitgames.com.ar\\\/pc-gamer\\\/\",\"name\":\"UnitGames\",\"description\":\"Venta de PC Gamers, Consolas , Servicio Tecnico Especializado. Todos en Accesorios Informaticos y Gamers\",\"publisher\":{\"@id\":\"https:\\\/\\\/unitgames.com.ar\\\/pc-gamer\\\/#organization\"},\"potentialAction\":[{\"@type\":\"SearchAction\",\"target\":{\"@type\":\"EntryPoint\",\"urlTemplate\":\"https:\\\/\\\/unitgames.com.ar\\\/pc-gamer\\\/?s={search_term_string}\"},\"query-input\":{\"@type\":\"PropertyValueSpecification\",\"valueRequired\":true,\"valueName\":\"search_term_string\"}}],\"inLanguage\":\"es\"},{\"@type\":\"Organization\",\"@id\":\"https:\\\/\\\/unitgames.com.ar\\\/pc-gamer\\\/#organization\",\"name\":\"UnitGames\",\"url\":\"https:\\\/\\\/unitgames.com.ar\\\/pc-gamer\\\/\",\"logo\":{\"@type\":\"ImageObject\",\"inLanguage\":\"es\",\"@id\":\"https:\\\/\\\/unitgames.com.ar\\\/pc-gamer\\\/#\\\/schema\\\/logo\\\/image\\\/\",\"url\":\"https:\\\/\\\/unitgames.com.ar\\\/pc-gamer\\\/wp-content\\\/uploads\\\/2021\\\/01\\\/cropped-logoUnitGames2.png\",\"contentUrl\":\"https:\\\/\\\/unitgames.com.ar\\\/pc-gamer\\\/wp-content\\\/uploads\\\/2021\\\/01\\\/cropped-logoUnitGames2.png\",\"width\":152,\"height\":200,\"caption\":\"UnitGames\"},\"image\":{\"@id\":\"https:\\\/\\\/unitgames.com.ar\\\/pc-gamer\\\/#\\\/schema\\\/logo\\\/image\\\/\"}}]}<\/script>\n<!-- \/ Yoast SEO plugin. -->","yoast_head_json":{"title":"Teclado Mecanico Inalambrico REDRAGON Ucal Max - UnitGames","robots":{"index":"index","follow":"follow","max-snippet":"max-snippet:-1","max-image-preview":"max-image-preview:large","max-video-preview":"max-video-preview:-1"},"canonical":"https:\/\/unitgames.com.ar\/pc-gamer\/producto\/teclado-mecanico-redragon-ucal-pro-max\/","og_locale":"es_ES","og_type":"article","og_title":"Teclado Mecanico Inalambrico REDRAGON Ucal Max - UnitGames","og_description":"EL JUEGO SUTIL El Ucal Pro es un teclado mec\u00e1nico 75% con teclas premium de PBT, triple conexi\u00f3n, amortiguaci\u00f3n gasket, rueda de control y bater\u00eda de duraci\u00f3n extra larga. Adem\u00e1s, est\u00e1 equipado con iluminaci\u00f3n RGB y un software renovado para la personalizaci\u00f3n total. MUY SUAVE Equipado con los switches silenciosos Redragon Red, el Ucal Pro agrega un elemento extra a la experiencia del tecleo ya que incluye una serie de capas internas de amortiguaci\u00f3n con sistema gasket que suavizan el sonido y el tacto de las pulsaciones sin resignar por ello precisi\u00f3n ni respuesta. TRIPLE CONEXI\u00d3N Para cada necesidad, una modalidad de conexi\u00f3n. \u00a0Bluetooth para el uso inal\u00e1mbrico casual en m\u00faltiples dispositivos. \u00a0RF de 2,4 GHz (con dongle USB) para el juego competitivo en modo inal\u00e1mbrico. \u00a0Cable USB-C con adaptador USB-A para el juego competitivo en modo cableado. KEYCAPS PREMIUM PBT Las keycaps del Ucal Pro est\u00e1n construidas en pl\u00e1stico PBT, un material premium m\u00e1s resistente y menos susceptible de impregnarse con la grasitud corporal que el ABS. \u00a0Adem\u00e1s, son de doble inyecci\u00f3n, lo que significa que cada pieza est\u00e1 construida a partir de dos bloques independientes que se encastran con precisi\u00f3n l\u00e1ser y aseguran una muy larga vida \u00fatil. BATER\u00cdA DE DURACI\u00d3N EXTRA LARGA La bater\u00eda interna de 3000 mAh otorga una asombrosa autonom\u00eda de entre 10 y 12 d\u00edas por carga, contemplando las diferencias de consumo entre las modalidades RF y BT. \u00a1Much\u00edsimo! RUEDA CLICABLE Un plus de comodidad para nuestra gente; la rueda clicable permite subir y bajar r\u00e1pidamente el volumen del audio y el brillo de la iluminaci\u00f3n. \u00a0Una verdad fundamental del universo: rueda = placer. Es as\u00ed. &nbsp;","og_url":"https:\/\/unitgames.com.ar\/pc-gamer\/producto\/teclado-mecanico-redragon-ucal-pro-max\/","og_site_name":"UnitGames","article_modified_time":"2026-05-01T12:37:52+00:00","og_image":[{"width":1283,"height":1283,"url":"https:\/\/unitgames.com.ar\/pc-gamer\/wp-content\/uploads\/2025\/03\/Teclado-Mecanico-REDRAGON-UCAL-PRO-MAX.png","type":"image\/png"}],"twitter_card":"summary_large_image","twitter_misc":{"Tiempo de lectura":"3 minutos"},"schema":{"@context":"https:\/\/schema.org","@graph":[{"@type":"WebPage","@id":"https:\/\/unitgames.com.ar\/pc-gamer\/producto\/teclado-mecanico-redragon-ucal-pro-max\/","url":"https:\/\/unitgames.com.ar\/pc-gamer\/producto\/teclado-mecanico-redragon-ucal-pro-max\/","name":"Teclado Mecanico Inalambrico REDRAGON Ucal Max - UnitGames","isPartOf":{"@id":"https:\/\/unitgames.com.ar\/pc-gamer\/#website"},"primaryImageOfPage":{"@id":"https:\/\/unitgames.com.ar\/pc-gamer\/producto\/teclado-mecanico-redragon-ucal-pro-max\/#primaryimage"},"image":{"@id":"https:\/\/unitgames.com.ar\/pc-gamer\/producto\/teclado-mecanico-redragon-ucal-pro-max\/#primaryimage"},"thumbnailUrl":"https:\/\/unitgames.com.ar\/pc-gamer\/wp-content\/uploads\/2025\/03\/Teclado-Mecanico-REDRAGON-UCAL-PRO-MAX.png","datePublished":"2025-03-18T03:37:07+00:00","dateModified":"2026-05-01T12:37:52+00:00","breadcrumb":{"@id":"https:\/\/unitgames.com.ar\/pc-gamer\/producto\/teclado-mecanico-redragon-ucal-pro-max\/#breadcrumb"},"inLanguage":"es","potentialAction":[{"@type":"ReadAction","target":["https:\/\/unitgames.com.ar\/pc-gamer\/producto\/teclado-mecanico-redragon-ucal-pro-max\/"]}]},{"@type":"ImageObject","inLanguage":"es","@id":"https:\/\/unitgames.com.ar\/pc-gamer\/producto\/teclado-mecanico-redragon-ucal-pro-max\/#primaryimage","url":"https:\/\/unitgames.com.ar\/pc-gamer\/wp-content\/uploads\/2025\/03\/Teclado-Mecanico-REDRAGON-UCAL-PRO-MAX.png","contentUrl":"https:\/\/unitgames.com.ar\/pc-gamer\/wp-content\/uploads\/2025\/03\/Teclado-Mecanico-REDRAGON-UCAL-PRO-MAX.png","width":1283,"height":1283},{"@type":"BreadcrumbList","@id":"https:\/\/unitgames.com.ar\/pc-gamer\/producto\/teclado-mecanico-redragon-ucal-pro-max\/#breadcrumb","itemListElement":[{"@type":"ListItem","position":1,"name":"Tienda","item":"https:\/\/unitgames.com.ar\/pc-gamer\/tienda\/"},{"@type":"ListItem","position":2,"name":"Teclado Mecanico Inalambrico REDRAGON Ucal Max"}]},{"@type":"WebSite","@id":"https:\/\/unitgames.com.ar\/pc-gamer\/#website","url":"https:\/\/unitgames.com.ar\/pc-gamer\/","name":"UnitGames","description":"Venta de PC Gamers, Consolas , Servicio Tecnico Especializado. Todos en Accesorios Informaticos y Gamers","publisher":{"@id":"https:\/\/unitgames.com.ar\/pc-gamer\/#organization"},"potentialAction":[{"@type":"SearchAction","target":{"@type":"EntryPoint","urlTemplate":"https:\/\/unitgames.com.ar\/pc-gamer\/?s={search_term_string}"},"query-input":{"@type":"PropertyValueSpecification","valueRequired":true,"valueName":"search_term_string"}}],"inLanguage":"es"},{"@type":"Organization","@id":"https:\/\/unitgames.com.ar\/pc-gamer\/#organization","name":"UnitGames","url":"https:\/\/unitgames.com.ar\/pc-gamer\/","logo":{"@type":"ImageObject","inLanguage":"es","@id":"https:\/\/unitgames.com.ar\/pc-gamer\/#\/schema\/logo\/image\/","url":"https:\/\/unitgames.com.ar\/pc-gamer\/wp-content\/uploads\/2021\/01\/cropped-logoUnitGames2.png","contentUrl":"https:\/\/unitgames.com.ar\/pc-gamer\/wp-content\/uploads\/2021\/01\/cropped-logoUnitGames2.png","width":152,"height":200,"caption":"UnitGames"},"image":{"@id":"https:\/\/unitgames.com.ar\/pc-gamer\/#\/schema\/logo\/image\/"}}]}},"_links":{"self":[{"href":"https:\/\/unitgames.com.ar\/pc-gamer\/wp-json\/wp\/v2\/product\/13306","targetHints":{"allow":["GET"]}}],"collection":[{"href":"https:\/\/unitgames.com.ar\/pc-gamer\/wp-json\/wp\/v2\/product"}],"about":[{"href":"https:\/\/unitgames.com.ar\/pc-gamer\/wp-json\/wp\/v2\/types\/product"}],"version-history":[{"count":1,"href":"https:\/\/unitgames.com.ar\/pc-gamer\/wp-json\/wp\/v2\/product\/13306\/revisions"}],"predecessor-version":[{"id":21058,"href":"https:\/\/unitgames.com.ar\/pc-gamer\/wp-json\/wp\/v2\/product\/13306\/revisions\/21058"}],"wp:featuredmedia":[{"embeddable":true,"href":"https:\/\/unitgames.com.ar\/pc-gamer\/wp-json\/wp\/v2\/media\/13446"}],"wp:attachment":[{"href":"https:\/\/unitgames.com.ar\/pc-gamer\/wp-json\/wp\/v2\/media?parent=13306"}],"wp:term":[{"taxonomy":"product_brand","embeddable":true,"href":"https:\/\/unitgames.com.ar\/pc-gamer\/wp-json\/wp\/v2\/product_brand?post=13306"},{"taxonomy":"product_cat","embeddable":true,"href":"https:\/\/unitgames.com.ar\/pc-gamer\/wp-json\/wp\/v2\/product_cat?post=13306"},{"taxonomy":"product_tag","embeddable":true,"href":"https:\/\/unitgames.com.ar\/pc-gamer\/wp-json\/wp\/v2\/product_tag?post=13306"}],"curies":[{"name":"wp","href":"https:\/\/api.w.org\/{rel}","templated":true}]}}