{"id":13338,"date":"2025-03-18T01:52:20","date_gmt":"2025-03-18T04:52:20","guid":{"rendered":"https:\/\/unitgames.com.ar\/pc-gamer\/?post_type=product&#038;p=13338"},"modified":"2026-03-22T10:48:34","modified_gmt":"2026-03-22T13:48:34","slug":"auriculares-bluetooth-xiaomi-redmi-buds-6-active","status":"publish","type":"product","link":"https:\/\/unitgames.com.ar\/pc-gamer\/producto\/auriculares-bluetooth-xiaomi-redmi-buds-6-active\/","title":{"rendered":"Auriculares Bluetooth XIAOMI Redmi Buds 6 Active"},"content":{"rendered":"<div class=\"sc-6658e434-1 flHXBD\">\n<p><span style=\"font-size: 1.7em; font-weight: bold;\">Especificaciones de Redmi Buds 6 Active<\/span><\/p>\n<div class=\"sc-6658e434-5 fNAAqz\">\n<p>Modelo: M2344E1<\/p>\n<p>Color: Consultar disponibilidad | Negro Blanco Azul Rosa<\/p>\n<h3><\/h3>\n<h3>Dimensiones y peso de Redmi Buds 6 Active<\/h3>\n<p>Peso de un solo auricular: 4 g<br \/>\nPeso total: 36 g<br \/>\nTama\u00f1o de un solo auricular: 32<em>17.8<\/em>18.5 mm<br \/>\nDimensiones del estuche de carga: 49<em>48.6<\/em>23 mm<\/p>\n<h3>Carga de Redmi Buds 6 Active<\/h3>\n<p>Capacidad de la bater\u00eda: Auriculares: 37 mAh | Estuche de carga: 475 mAh<br \/>\nTiempo de carga: Auriculares: 90 minutos | Estuche de carga: 120 minutos<br \/>\nPuerto de carga: USB Tipo-C<br \/>\nPar\u00e1metros de entrada del auricular: 5V \u2393 50mA MAX (un solo auricular)<br \/>\nDuraci\u00f3n de la bater\u00eda: Duraci\u00f3n de la bater\u00eda con una sola carga 4 horas | Duraci\u00f3n de la bater\u00eda con estuche de carga | 12\u00a0horas<\/p>\n<h3>Conexi\u00f3n de Redmi Buds 6 Active<\/h3>\n<p>Versi\u00f3n Bluetooth: Bluetooth\u00ae 5.4<br \/>\nAlcance de comunicaci\u00f3n: 10 m (espacio libre sin obst\u00e1culos)<\/p>\n<h3>Contenido del paquete de Redmi Buds 6 Active<\/h3>\n<p>Auriculares x 2 | Estuche de carga x 1 | Manual de usuario x 1<\/p>\n<p>*Prueba de resistencia al polvo y al agua IP. El dispositivo no est\u00e1 dise\u00f1ado para que se lo sumerja en el agua ni para que se lo exponga a agua presurizada o a otros l\u00edquidos. La resistencia no es permanente y puede disminuir de forma natural con el paso del tiempo. Si el dispositivo est\u00e1 h\u00famedo, no intentes cargarlo. Los da\u00f1os por l\u00edquidos no est\u00e1n cubiertos por la garant\u00eda.<\/p>\n<\/div>\n<div class=\"sc-6658e434-5 nFnId\"><\/div>\n<p>&nbsp;<\/p>\n<\/div>\n<div class=\"sc-9e6cc52e-0 lhEMAk\"><\/div>\n","protected":false},"excerpt":{"rendered":"<p>Especificaciones de Redmi Buds 6 Active Modelo: M2344E1 Color: Consultar disponibilidad | Negro Blanco Azul Rosa Dimensiones y peso de Redmi Buds 6 Active Peso de un solo auricular: 4 g Peso total: 36 g Tama\u00f1o de un solo auricular: 3217.818.5 mm Dimensiones del estuche de carga: 4948.623 mm Carga de Redmi Buds 6 Active Capacidad de la bater\u00eda: Auriculares: 37 mAh | Estuche de carga: 475 mAh Tiempo de carga: Auriculares: 90 minutos | Estuche de carga: 120 minutos Puerto de carga: USB Tipo-C Par\u00e1metros de entrada del auricular: 5V \u2393 50mA MAX (un solo auricular) Duraci\u00f3n de la bater\u00eda: Duraci\u00f3n de la bater\u00eda con una sola carga 4 horas | Duraci\u00f3n de la bater\u00eda con estuche de carga | 12\u00a0horas Conexi\u00f3n de Redmi Buds 6 Active Versi\u00f3n Bluetooth: Bluetooth\u00ae 5.4 Alcance de comunicaci\u00f3n: 10 m (espacio libre sin obst\u00e1culos) Contenido del paquete de Redmi Buds 6 Active Auriculares x 2 | Estuche de carga x 1 | Manual de usuario x 1 *Prueba de resistencia al polvo y al agua IP. El dispositivo no est\u00e1 dise\u00f1ado para que se lo sumerja en el agua ni para que se lo exponga a agua presurizada o a otros l\u00edquidos. La resistencia no es permanente y puede disminuir de forma natural con el paso del tiempo. Si el dispositivo est\u00e1 h\u00famedo, no intentes cargarlo. Los da\u00f1os por l\u00edquidos no est\u00e1n cubiertos por la garant\u00eda. &nbsp;<\/p>\n","protected":false},"featured_media":13409,"template":"","meta":{"site-sidebar-layout":"default","site-content-layout":"","ast-site-content-layout":"default","site-content-style":"default","site-sidebar-style":"default","ast-global-header-display":"","ast-banner-title-visibility":"","ast-main-header-display":"","ast-hfb-above-header-display":"","ast-hfb-below-header-display":"","ast-hfb-mobile-header-display":"","site-post-title":"","ast-breadcrumbs-content":"","ast-featured-img":"","footer-sml-layout":"","theme-transparent-header-meta":"default","adv-header-id-meta":"","stick-header-meta":"","header-above-stick-meta":"","header-main-stick-meta":"","header-below-stick-meta":"","astra-migrate-meta-layouts":"set","ast-page-background-enabled":"default","ast-page-background-meta":{"desktop":{"background-color":"var(--ast-global-color-5)","background-image":"","background-repeat":"repeat","background-position":"center center","background-size":"auto","background-attachment":"scroll","background-type":"","background-media":"","overlay-type":"","overlay-color":"","overlay-opacity":"","overlay-gradient":""},"tablet":{"background-color":"","background-image":"","background-repeat":"repeat","background-position":"center center","background-size":"auto","background-attachment":"scroll","background-type":"","background-media":"","overlay-type":"","overlay-color":"","overlay-opacity":"","overlay-gradient":""},"mobile":{"background-color":"","background-image":"","background-repeat":"repeat","background-position":"center center","background-size":"auto","background-attachment":"scroll","background-type":"","background-media":"","overlay-type":"","overlay-color":"","overlay-opacity":"","overlay-gradient":""}},"ast-content-background-meta":{"desktop":{"background-color":"var(--ast-global-color-4)","background-image":"","background-repeat":"repeat","background-position":"center center","background-size":"auto","background-attachment":"scroll","background-type":"","background-media":"","overlay-type":"","overlay-color":"","overlay-opacity":"","overlay-gradient":""},"tablet":{"background-color":"var(--ast-global-color-4)","background-image":"","background-repeat":"repeat","background-position":"center center","background-size":"auto","background-attachment":"scroll","background-type":"","background-media":"","overlay-type":"","overlay-color":"","overlay-opacity":"","overlay-gradient":""},"mobile":{"background-color":"var(--ast-global-color-4)","background-image":"","background-repeat":"repeat","background-position":"center center","background-size":"auto","background-attachment":"scroll","background-type":"","background-media":"","overlay-type":"","overlay-color":"","overlay-opacity":"","overlay-gradient":""}},"_joinchat":[]},"product_brand":[],"product_cat":[60],"product_tag":[],"class_list":{"0":"post-13338","1":"product","2":"type-product","3":"status-publish","4":"has-post-thumbnail","6":"product_cat-auriculares-bluetooth","7":"desktop-align-center","8":"tablet-align-left","9":"mobile-align-left","11":"first","12":"instock","13":"shipping-taxable","14":"purchasable","15":"product-type-simple"},"yoast_head":"<!-- This site is optimized with the Yoast SEO plugin v27.3 - https:\/\/yoast.com\/product\/yoast-seo-wordpress\/ -->\n<title>Auriculares Bluetooth XIAOMI Redmi Buds 6 Active - UnitGames<\/title>\n<meta name=\"robots\" content=\"index, follow, max-snippet:-1, max-image-preview:large, max-video-preview:-1\" \/>\n<link rel=\"canonical\" href=\"https:\/\/unitgames.com.ar\/pc-gamer\/producto\/auriculares-bluetooth-xiaomi-redmi-buds-6-active\/\" \/>\n<meta property=\"og:locale\" content=\"es_ES\" \/>\n<meta property=\"og:type\" content=\"article\" \/>\n<meta property=\"og:title\" content=\"Auriculares Bluetooth XIAOMI Redmi Buds 6 Active - UnitGames\" \/>\n<meta property=\"og:description\" content=\"Especificaciones de Redmi Buds 6 Active Modelo: M2344E1 Color: Consultar disponibilidad | Negro Blanco Azul Rosa Dimensiones y peso de Redmi Buds 6 Active Peso de un solo auricular: 4 g Peso total: 36 g Tama\u00f1o de un solo auricular: 3217.818.5 mm Dimensiones del estuche de carga: 4948.623 mm Carga de Redmi Buds 6 Active Capacidad de la bater\u00eda: Auriculares: 37 mAh | Estuche de carga: 475 mAh Tiempo de carga: Auriculares: 90 minutos | Estuche de carga: 120 minutos Puerto de carga: USB Tipo-C Par\u00e1metros de entrada del auricular: 5V \u2393 50mA MAX (un solo auricular) Duraci\u00f3n de la bater\u00eda: Duraci\u00f3n de la bater\u00eda con una sola carga 4 horas | Duraci\u00f3n de la bater\u00eda con estuche de carga | 12\u00a0horas Conexi\u00f3n de Redmi Buds 6 Active Versi\u00f3n Bluetooth: Bluetooth\u00ae 5.4 Alcance de comunicaci\u00f3n: 10 m (espacio libre sin obst\u00e1culos) Contenido del paquete de Redmi Buds 6 Active Auriculares x 2 | Estuche de carga x 1 | Manual de usuario x 1 *Prueba de resistencia al polvo y al agua IP. El dispositivo no est\u00e1 dise\u00f1ado para que se lo sumerja en el agua ni para que se lo exponga a agua presurizada o a otros l\u00edquidos. La resistencia no es permanente y puede disminuir de forma natural con el paso del tiempo. Si el dispositivo est\u00e1 h\u00famedo, no intentes cargarlo. Los da\u00f1os por l\u00edquidos no est\u00e1n cubiertos por la garant\u00eda. &nbsp;\" \/>\n<meta property=\"og:url\" content=\"https:\/\/unitgames.com.ar\/pc-gamer\/producto\/auriculares-bluetooth-xiaomi-redmi-buds-6-active\/\" \/>\n<meta property=\"og:site_name\" content=\"UnitGames\" \/>\n<meta property=\"article:modified_time\" content=\"2026-03-22T13:48:34+00:00\" \/>\n<meta property=\"og:image\" content=\"https:\/\/unitgames.com.ar\/pc-gamer\/wp-content\/uploads\/2025\/03\/Auriculares-Bluetooth-XIAOMI-Redmi-Buds-6-Active.png\" \/>\n\t<meta property=\"og:image:width\" content=\"1283\" \/>\n\t<meta property=\"og:image:height\" content=\"1283\" \/>\n\t<meta property=\"og:image:type\" content=\"image\/png\" \/>\n<meta name=\"twitter:card\" content=\"summary_large_image\" \/>\n<meta name=\"twitter:label1\" content=\"Tiempo de lectura\" \/>\n\t<meta name=\"twitter:data1\" content=\"2 minutos\" \/>\n<script type=\"application\/ld+json\" class=\"yoast-schema-graph\">{\"@context\":\"https:\\\/\\\/schema.org\",\"@graph\":[{\"@type\":\"WebPage\",\"@id\":\"https:\\\/\\\/unitgames.com.ar\\\/pc-gamer\\\/producto\\\/auriculares-bluetooth-xiaomi-redmi-buds-6-active\\\/\",\"url\":\"https:\\\/\\\/unitgames.com.ar\\\/pc-gamer\\\/producto\\\/auriculares-bluetooth-xiaomi-redmi-buds-6-active\\\/\",\"name\":\"Auriculares Bluetooth XIAOMI Redmi Buds 6 Active - UnitGames\",\"isPartOf\":{\"@id\":\"https:\\\/\\\/unitgames.com.ar\\\/pc-gamer\\\/#website\"},\"primaryImageOfPage\":{\"@id\":\"https:\\\/\\\/unitgames.com.ar\\\/pc-gamer\\\/producto\\\/auriculares-bluetooth-xiaomi-redmi-buds-6-active\\\/#primaryimage\"},\"image\":{\"@id\":\"https:\\\/\\\/unitgames.com.ar\\\/pc-gamer\\\/producto\\\/auriculares-bluetooth-xiaomi-redmi-buds-6-active\\\/#primaryimage\"},\"thumbnailUrl\":\"https:\\\/\\\/unitgames.com.ar\\\/pc-gamer\\\/wp-content\\\/uploads\\\/2025\\\/03\\\/Auriculares-Bluetooth-XIAOMI-Redmi-Buds-6-Active.png\",\"datePublished\":\"2025-03-18T04:52:20+00:00\",\"dateModified\":\"2026-03-22T13:48:34+00:00\",\"breadcrumb\":{\"@id\":\"https:\\\/\\\/unitgames.com.ar\\\/pc-gamer\\\/producto\\\/auriculares-bluetooth-xiaomi-redmi-buds-6-active\\\/#breadcrumb\"},\"inLanguage\":\"es\",\"potentialAction\":[{\"@type\":\"ReadAction\",\"target\":[\"https:\\\/\\\/unitgames.com.ar\\\/pc-gamer\\\/producto\\\/auriculares-bluetooth-xiaomi-redmi-buds-6-active\\\/\"]}]},{\"@type\":\"ImageObject\",\"inLanguage\":\"es\",\"@id\":\"https:\\\/\\\/unitgames.com.ar\\\/pc-gamer\\\/producto\\\/auriculares-bluetooth-xiaomi-redmi-buds-6-active\\\/#primaryimage\",\"url\":\"https:\\\/\\\/unitgames.com.ar\\\/pc-gamer\\\/wp-content\\\/uploads\\\/2025\\\/03\\\/Auriculares-Bluetooth-XIAOMI-Redmi-Buds-6-Active.png\",\"contentUrl\":\"https:\\\/\\\/unitgames.com.ar\\\/pc-gamer\\\/wp-content\\\/uploads\\\/2025\\\/03\\\/Auriculares-Bluetooth-XIAOMI-Redmi-Buds-6-Active.png\",\"width\":1283,\"height\":1283},{\"@type\":\"BreadcrumbList\",\"@id\":\"https:\\\/\\\/unitgames.com.ar\\\/pc-gamer\\\/producto\\\/auriculares-bluetooth-xiaomi-redmi-buds-6-active\\\/#breadcrumb\",\"itemListElement\":[{\"@type\":\"ListItem\",\"position\":1,\"name\":\"Tienda\",\"item\":\"https:\\\/\\\/unitgames.com.ar\\\/pc-gamer\\\/tienda\\\/\"},{\"@type\":\"ListItem\",\"position\":2,\"name\":\"Auriculares Bluetooth XIAOMI Redmi Buds 6 Active\"}]},{\"@type\":\"WebSite\",\"@id\":\"https:\\\/\\\/unitgames.com.ar\\\/pc-gamer\\\/#website\",\"url\":\"https:\\\/\\\/unitgames.com.ar\\\/pc-gamer\\\/\",\"name\":\"UnitGames\",\"description\":\"Venta de PC Gamers, Consolas , Servicio Tecnico Especializado. Todos en Accesorios Informaticos y Gamers\",\"publisher\":{\"@id\":\"https:\\\/\\\/unitgames.com.ar\\\/pc-gamer\\\/#organization\"},\"potentialAction\":[{\"@type\":\"SearchAction\",\"target\":{\"@type\":\"EntryPoint\",\"urlTemplate\":\"https:\\\/\\\/unitgames.com.ar\\\/pc-gamer\\\/?s={search_term_string}\"},\"query-input\":{\"@type\":\"PropertyValueSpecification\",\"valueRequired\":true,\"valueName\":\"search_term_string\"}}],\"inLanguage\":\"es\"},{\"@type\":\"Organization\",\"@id\":\"https:\\\/\\\/unitgames.com.ar\\\/pc-gamer\\\/#organization\",\"name\":\"UnitGames\",\"url\":\"https:\\\/\\\/unitgames.com.ar\\\/pc-gamer\\\/\",\"logo\":{\"@type\":\"ImageObject\",\"inLanguage\":\"es\",\"@id\":\"https:\\\/\\\/unitgames.com.ar\\\/pc-gamer\\\/#\\\/schema\\\/logo\\\/image\\\/\",\"url\":\"https:\\\/\\\/unitgames.com.ar\\\/pc-gamer\\\/wp-content\\\/uploads\\\/2021\\\/01\\\/cropped-logoUnitGames2.png\",\"contentUrl\":\"https:\\\/\\\/unitgames.com.ar\\\/pc-gamer\\\/wp-content\\\/uploads\\\/2021\\\/01\\\/cropped-logoUnitGames2.png\",\"width\":152,\"height\":200,\"caption\":\"UnitGames\"},\"image\":{\"@id\":\"https:\\\/\\\/unitgames.com.ar\\\/pc-gamer\\\/#\\\/schema\\\/logo\\\/image\\\/\"}}]}<\/script>\n<!-- \/ Yoast SEO plugin. -->","yoast_head_json":{"title":"Auriculares Bluetooth XIAOMI Redmi Buds 6 Active - UnitGames","robots":{"index":"index","follow":"follow","max-snippet":"max-snippet:-1","max-image-preview":"max-image-preview:large","max-video-preview":"max-video-preview:-1"},"canonical":"https:\/\/unitgames.com.ar\/pc-gamer\/producto\/auriculares-bluetooth-xiaomi-redmi-buds-6-active\/","og_locale":"es_ES","og_type":"article","og_title":"Auriculares Bluetooth XIAOMI Redmi Buds 6 Active - UnitGames","og_description":"Especificaciones de Redmi Buds 6 Active Modelo: M2344E1 Color: Consultar disponibilidad | Negro Blanco Azul Rosa Dimensiones y peso de Redmi Buds 6 Active Peso de un solo auricular: 4 g Peso total: 36 g Tama\u00f1o de un solo auricular: 3217.818.5 mm Dimensiones del estuche de carga: 4948.623 mm Carga de Redmi Buds 6 Active Capacidad de la bater\u00eda: Auriculares: 37 mAh | Estuche de carga: 475 mAh Tiempo de carga: Auriculares: 90 minutos | Estuche de carga: 120 minutos Puerto de carga: USB Tipo-C Par\u00e1metros de entrada del auricular: 5V \u2393 50mA MAX (un solo auricular) Duraci\u00f3n de la bater\u00eda: Duraci\u00f3n de la bater\u00eda con una sola carga 4 horas | Duraci\u00f3n de la bater\u00eda con estuche de carga | 12\u00a0horas Conexi\u00f3n de Redmi Buds 6 Active Versi\u00f3n Bluetooth: Bluetooth\u00ae 5.4 Alcance de comunicaci\u00f3n: 10 m (espacio libre sin obst\u00e1culos) Contenido del paquete de Redmi Buds 6 Active Auriculares x 2 | Estuche de carga x 1 | Manual de usuario x 1 *Prueba de resistencia al polvo y al agua IP. El dispositivo no est\u00e1 dise\u00f1ado para que se lo sumerja en el agua ni para que se lo exponga a agua presurizada o a otros l\u00edquidos. La resistencia no es permanente y puede disminuir de forma natural con el paso del tiempo. Si el dispositivo est\u00e1 h\u00famedo, no intentes cargarlo. Los da\u00f1os por l\u00edquidos no est\u00e1n cubiertos por la garant\u00eda. &nbsp;","og_url":"https:\/\/unitgames.com.ar\/pc-gamer\/producto\/auriculares-bluetooth-xiaomi-redmi-buds-6-active\/","og_site_name":"UnitGames","article_modified_time":"2026-03-22T13:48:34+00:00","og_image":[{"width":1283,"height":1283,"url":"https:\/\/unitgames.com.ar\/pc-gamer\/wp-content\/uploads\/2025\/03\/Auriculares-Bluetooth-XIAOMI-Redmi-Buds-6-Active.png","type":"image\/png"}],"twitter_card":"summary_large_image","twitter_misc":{"Tiempo de lectura":"2 minutos"},"schema":{"@context":"https:\/\/schema.org","@graph":[{"@type":"WebPage","@id":"https:\/\/unitgames.com.ar\/pc-gamer\/producto\/auriculares-bluetooth-xiaomi-redmi-buds-6-active\/","url":"https:\/\/unitgames.com.ar\/pc-gamer\/producto\/auriculares-bluetooth-xiaomi-redmi-buds-6-active\/","name":"Auriculares Bluetooth XIAOMI Redmi Buds 6 Active - UnitGames","isPartOf":{"@id":"https:\/\/unitgames.com.ar\/pc-gamer\/#website"},"primaryImageOfPage":{"@id":"https:\/\/unitgames.com.ar\/pc-gamer\/producto\/auriculares-bluetooth-xiaomi-redmi-buds-6-active\/#primaryimage"},"image":{"@id":"https:\/\/unitgames.com.ar\/pc-gamer\/producto\/auriculares-bluetooth-xiaomi-redmi-buds-6-active\/#primaryimage"},"thumbnailUrl":"https:\/\/unitgames.com.ar\/pc-gamer\/wp-content\/uploads\/2025\/03\/Auriculares-Bluetooth-XIAOMI-Redmi-Buds-6-Active.png","datePublished":"2025-03-18T04:52:20+00:00","dateModified":"2026-03-22T13:48:34+00:00","breadcrumb":{"@id":"https:\/\/unitgames.com.ar\/pc-gamer\/producto\/auriculares-bluetooth-xiaomi-redmi-buds-6-active\/#breadcrumb"},"inLanguage":"es","potentialAction":[{"@type":"ReadAction","target":["https:\/\/unitgames.com.ar\/pc-gamer\/producto\/auriculares-bluetooth-xiaomi-redmi-buds-6-active\/"]}]},{"@type":"ImageObject","inLanguage":"es","@id":"https:\/\/unitgames.com.ar\/pc-gamer\/producto\/auriculares-bluetooth-xiaomi-redmi-buds-6-active\/#primaryimage","url":"https:\/\/unitgames.com.ar\/pc-gamer\/wp-content\/uploads\/2025\/03\/Auriculares-Bluetooth-XIAOMI-Redmi-Buds-6-Active.png","contentUrl":"https:\/\/unitgames.com.ar\/pc-gamer\/wp-content\/uploads\/2025\/03\/Auriculares-Bluetooth-XIAOMI-Redmi-Buds-6-Active.png","width":1283,"height":1283},{"@type":"BreadcrumbList","@id":"https:\/\/unitgames.com.ar\/pc-gamer\/producto\/auriculares-bluetooth-xiaomi-redmi-buds-6-active\/#breadcrumb","itemListElement":[{"@type":"ListItem","position":1,"name":"Tienda","item":"https:\/\/unitgames.com.ar\/pc-gamer\/tienda\/"},{"@type":"ListItem","position":2,"name":"Auriculares Bluetooth XIAOMI Redmi Buds 6 Active"}]},{"@type":"WebSite","@id":"https:\/\/unitgames.com.ar\/pc-gamer\/#website","url":"https:\/\/unitgames.com.ar\/pc-gamer\/","name":"UnitGames","description":"Venta de PC Gamers, Consolas , Servicio Tecnico Especializado. Todos en Accesorios Informaticos y Gamers","publisher":{"@id":"https:\/\/unitgames.com.ar\/pc-gamer\/#organization"},"potentialAction":[{"@type":"SearchAction","target":{"@type":"EntryPoint","urlTemplate":"https:\/\/unitgames.com.ar\/pc-gamer\/?s={search_term_string}"},"query-input":{"@type":"PropertyValueSpecification","valueRequired":true,"valueName":"search_term_string"}}],"inLanguage":"es"},{"@type":"Organization","@id":"https:\/\/unitgames.com.ar\/pc-gamer\/#organization","name":"UnitGames","url":"https:\/\/unitgames.com.ar\/pc-gamer\/","logo":{"@type":"ImageObject","inLanguage":"es","@id":"https:\/\/unitgames.com.ar\/pc-gamer\/#\/schema\/logo\/image\/","url":"https:\/\/unitgames.com.ar\/pc-gamer\/wp-content\/uploads\/2021\/01\/cropped-logoUnitGames2.png","contentUrl":"https:\/\/unitgames.com.ar\/pc-gamer\/wp-content\/uploads\/2021\/01\/cropped-logoUnitGames2.png","width":152,"height":200,"caption":"UnitGames"},"image":{"@id":"https:\/\/unitgames.com.ar\/pc-gamer\/#\/schema\/logo\/image\/"}}]}},"_links":{"self":[{"href":"https:\/\/unitgames.com.ar\/pc-gamer\/wp-json\/wp\/v2\/product\/13338","targetHints":{"allow":["GET"]}}],"collection":[{"href":"https:\/\/unitgames.com.ar\/pc-gamer\/wp-json\/wp\/v2\/product"}],"about":[{"href":"https:\/\/unitgames.com.ar\/pc-gamer\/wp-json\/wp\/v2\/types\/product"}],"version-history":[{"count":0,"href":"https:\/\/unitgames.com.ar\/pc-gamer\/wp-json\/wp\/v2\/product\/13338\/revisions"}],"wp:featuredmedia":[{"embeddable":true,"href":"https:\/\/unitgames.com.ar\/pc-gamer\/wp-json\/wp\/v2\/media\/13409"}],"wp:attachment":[{"href":"https:\/\/unitgames.com.ar\/pc-gamer\/wp-json\/wp\/v2\/media?parent=13338"}],"wp:term":[{"taxonomy":"product_brand","embeddable":true,"href":"https:\/\/unitgames.com.ar\/pc-gamer\/wp-json\/wp\/v2\/product_brand?post=13338"},{"taxonomy":"product_cat","embeddable":true,"href":"https:\/\/unitgames.com.ar\/pc-gamer\/wp-json\/wp\/v2\/product_cat?post=13338"},{"taxonomy":"product_tag","embeddable":true,"href":"https:\/\/unitgames.com.ar\/pc-gamer\/wp-json\/wp\/v2\/product_tag?post=13338"}],"curies":[{"name":"wp","href":"https:\/\/api.w.org\/{rel}","templated":true}]}}