{"id":14883,"date":"2025-05-14T07:04:36","date_gmt":"2025-05-14T10:04:36","guid":{"rendered":"https:\/\/unitgames.com.ar\/pc-gamer\/?post_type=product&#038;p=14883"},"modified":"2026-01-31T20:57:03","modified_gmt":"2026-01-31T23:57:03","slug":"watercooling-solarmax-wc-w240-white","status":"publish","type":"product","link":"https:\/\/unitgames.com.ar\/pc-gamer\/producto\/watercooling-solarmax-wc-w240-white\/","title":{"rendered":"WaterCooling SOLARMAX  WC-W240 White"},"content":{"rendered":"<p data-start=\"39\" data-end=\"173\"><span class=\"relative -mx-px my-[-0.2rem] rounded px-px py-[0.2rem] transition-colors duration-100 ease-in-out\">El <strong data-start=\"3\" data-end=\"46\">Watercooler Solarmax WC-W240 White ARGB<\/strong> es una soluci\u00f3n de refrigeraci\u00f3n l\u00edquida todo en uno (AIO) de 240 mm, dise\u00f1ada para ofrecer un rendimiento eficiente y una est\u00e9tica moderna con iluminaci\u00f3n ARGB.<\/span> A continuaci\u00f3n, se detallan sus especificaciones t\u00e9cnicas:<\/p>\n<hr data-start=\"175\" data-end=\"178\" \/>\n<h3 data-start=\"180\" data-end=\"216\"><strong data-start=\"187\" data-end=\"216\">Especificaciones T\u00e9cnicas<\/strong><\/h3>\n<p>&nbsp;<\/p>\n<ul>\n<li data-start=\"220\" data-end=\"287\"><strong data-start=\"220\" data-end=\"248\">Dimensiones del radiador<\/strong>: <span class=\"relative -mx-px my-[-0.2rem] rounded px-px py-[0.2rem] transition-colors duration-100 ease-in-out\">274 \u00d7 120 \u00d7 27 mm<\/span><\/li>\n<li data-start=\"290\" data-end=\"354\"><strong data-start=\"290\" data-end=\"315\">Material del radiador<\/strong>: <span class=\"relative -mx-px my-[-0.2rem] rounded px-px py-[0.2rem] transition-colors duration-100 ease-in-out\">Aluminio<\/span><\/li>\n<li data-start=\"357\" data-end=\"431\"><strong data-start=\"357\" data-end=\"390\">Velocidad de los ventiladores<\/strong>: <span class=\"relative -mx-px my-[-0.2rem] rounded px-px py-[0.2rem] transition-colors duration-100 ease-in-out\">2800 RPM<\/span><\/li>\n<li data-start=\"434\" data-end=\"504\"><strong data-start=\"434\" data-end=\"463\">Longitud de las mangueras<\/strong>: <span class=\"relative -mx-px my-[-0.2rem] rounded px-px py-[0.2rem] transition-colors duration-100 ease-in-out\">360 mm<\/span><\/li>\n<li data-start=\"507\" data-end=\"570\"><strong data-start=\"507\" data-end=\"529\">Voltaje de entrada<\/strong>: <span class=\"relative -mx-px my-[-0.2rem] rounded px-px py-[0.2rem] transition-colors duration-100 ease-in-out\">12V DC<\/span><\/li>\n<li data-start=\"573\" data-end=\"668\"><strong data-start=\"573\" data-end=\"588\">Iluminaci\u00f3n<\/strong>: <span class=\"relative -mx-px my-[-0.2rem] rounded px-px py-[0.2rem] transition-colors duration-100 ease-in-out\">ARGB (Addressable RGB)<\/span><\/li>\n<\/ul>\n<hr data-start=\"670\" data-end=\"673\" \/>\n<h3 data-start=\"675\" data-end=\"711\"><strong data-start=\"682\" data-end=\"711\">Compatibilidad de Sockets<\/strong><\/h3>\n<p>&nbsp;<\/p>\n<ul>\n<li data-start=\"715\" data-end=\"765\"><strong data-start=\"715\" data-end=\"724\">Intel<\/strong>: <span class=\"relative -mx-px my-[-0.2rem] rounded px-px py-[0.2rem] transition-colors duration-100 ease-in-out\">LGA 775, 1150, 1151, 1156, 1366, 2011, 2011-V3, 1200, 1700<\/span><\/li>\n<li data-start=\"768\" data-end=\"855\"><strong data-start=\"768\" data-end=\"775\">AMD<\/strong>: <span class=\"relative -mx-px my-[-0.2rem] rounded px-px py-[0.2rem] transition-colors duration-100 ease-in-out\">AM3, AM4, AM5, Ryzen 3, Ryzen 5, Ryzen 7, Threadripper<\/span><\/li>\n<\/ul>\n<hr data-start=\"857\" data-end=\"860\" \/>\n<h3 data-start=\"862\" data-end=\"900\"><strong data-start=\"869\" data-end=\"900\">Caracter\u00edsticas Adicionales<\/strong><\/h3>\n<p>&nbsp;<\/p>\n<ul>\n<li data-start=\"904\" data-end=\"965\"><strong data-start=\"904\" data-end=\"924\">Iluminaci\u00f3n ARGB<\/strong>: <span class=\"relative -mx-px my-[-0.2rem] rounded px-px py-[0.2rem] transition-colors duration-100 ease-in-out\">Compatible con placas madre que soportan control de iluminaci\u00f3n ARGB, permitiendo sincronizar efectos de luz con otros componentes del sistema.<\/span><\/li>\n<li data-start=\"968\" data-end=\"1028\"><strong data-start=\"968\" data-end=\"987\">Dise\u00f1o compacto<\/strong>: <span class=\"relative -mx-px my-[-0.2rem] rounded px-px py-[0.2rem] transition-colors duration-100 ease-in-out\">Su tama\u00f1o de 240 mm lo hace adecuado para gabinetes de tama\u00f1o medio, ofreciendo una instalaci\u00f3n sencilla y una est\u00e9tica limpia.<\/span><\/li>\n<li data-start=\"1031\" data-end=\"1135\"><strong data-start=\"1031\" data-end=\"1055\">Construcci\u00f3n robusta<\/strong>: <span class=\"relative -mx-px my-[-0.2rem] rounded px-px py-[0.2rem] transition-colors duration-100 ease-in-out\">El radiador de aluminio y las mangueras de 360 mm ofrecen durabilidad y flexibilidad en la instalaci\u00f3n.<\/span><\/li>\n<\/ul>\n","protected":false},"excerpt":{"rendered":"<p>El Watercooler Solarmax WC-W240 White ARGB es una soluci\u00f3n de refrigeraci\u00f3n l\u00edquida todo en uno (AIO) de 240 mm, dise\u00f1ada para ofrecer un rendimiento eficiente y una est\u00e9tica moderna con iluminaci\u00f3n ARGB. A continuaci\u00f3n, se detallan sus especificaciones t\u00e9cnicas: Especificaciones T\u00e9cnicas &nbsp; Dimensiones del radiador: 274 \u00d7 120 \u00d7 27 mm Material del radiador: Aluminio Velocidad de los ventiladores: 2800 RPM Longitud de las mangueras: 360 mm Voltaje de entrada: 12V DC Iluminaci\u00f3n: ARGB (Addressable RGB) Compatibilidad de Sockets &nbsp; Intel: LGA 775, 1150, 1151, 1156, 1366, 2011, 2011-V3, 1200, 1700 AMD: AM3, AM4, AM5, Ryzen 3, Ryzen 5, Ryzen 7, Threadripper Caracter\u00edsticas Adicionales &nbsp; Iluminaci\u00f3n ARGB: Compatible con placas madre que soportan control de iluminaci\u00f3n ARGB, permitiendo sincronizar efectos de luz con otros componentes del sistema. Dise\u00f1o compacto: Su tama\u00f1o de 240 mm lo hace adecuado para gabinetes de tama\u00f1o medio, ofreciendo una instalaci\u00f3n sencilla y una est\u00e9tica limpia. Construcci\u00f3n robusta: El radiador de aluminio y las mangueras de 360 mm ofrecen durabilidad y flexibilidad en la instalaci\u00f3n.<\/p>\n","protected":false},"featured_media":15124,"template":"","meta":{"site-sidebar-layout":"default","site-content-layout":"","ast-site-content-layout":"default","site-content-style":"default","site-sidebar-style":"default","ast-global-header-display":"","ast-banner-title-visibility":"","ast-main-header-display":"","ast-hfb-above-header-display":"","ast-hfb-below-header-display":"","ast-hfb-mobile-header-display":"","site-post-title":"","ast-breadcrumbs-content":"","ast-featured-img":"","footer-sml-layout":"","theme-transparent-header-meta":"default","adv-header-id-meta":"","stick-header-meta":"","header-above-stick-meta":"","header-main-stick-meta":"","header-below-stick-meta":"","astra-migrate-meta-layouts":"set","ast-page-background-enabled":"default","ast-page-background-meta":{"desktop":{"background-color":"var(--ast-global-color-5)","background-image":"","background-repeat":"repeat","background-position":"center center","background-size":"auto","background-attachment":"scroll","background-type":"","background-media":"","overlay-type":"","overlay-color":"","overlay-opacity":"","overlay-gradient":""},"tablet":{"background-color":"","background-image":"","background-repeat":"repeat","background-position":"center center","background-size":"auto","background-attachment":"scroll","background-type":"","background-media":"","overlay-type":"","overlay-color":"","overlay-opacity":"","overlay-gradient":""},"mobile":{"background-color":"","background-image":"","background-repeat":"repeat","background-position":"center center","background-size":"auto","background-attachment":"scroll","background-type":"","background-media":"","overlay-type":"","overlay-color":"","overlay-opacity":"","overlay-gradient":""}},"ast-content-background-meta":{"desktop":{"background-color":"var(--ast-global-color-4)","background-image":"","background-repeat":"repeat","background-position":"center center","background-size":"auto","background-attachment":"scroll","background-type":"","background-media":"","overlay-type":"","overlay-color":"","overlay-opacity":"","overlay-gradient":""},"tablet":{"background-color":"var(--ast-global-color-4)","background-image":"","background-repeat":"repeat","background-position":"center center","background-size":"auto","background-attachment":"scroll","background-type":"","background-media":"","overlay-type":"","overlay-color":"","overlay-opacity":"","overlay-gradient":""},"mobile":{"background-color":"var(--ast-global-color-4)","background-image":"","background-repeat":"repeat","background-position":"center center","background-size":"auto","background-attachment":"scroll","background-type":"","background-media":"","overlay-type":"","overlay-color":"","overlay-opacity":"","overlay-gradient":""}},"_joinchat":[]},"product_brand":[],"product_cat":[100],"product_tag":[],"class_list":{"0":"post-14883","1":"product","2":"type-product","3":"status-publish","4":"has-post-thumbnail","6":"product_cat-cpu-coolers","7":"desktop-align-center","8":"tablet-align-left","9":"mobile-align-left","11":"first","12":"instock","13":"shipping-taxable","14":"purchasable","15":"product-type-simple"},"yoast_head":"<!-- This site is optimized with the Yoast SEO plugin v27.5 - https:\/\/yoast.com\/product\/yoast-seo-wordpress\/ -->\n<title>WaterCooling SOLARMAX WC-W240 White - UnitGames<\/title>\n<meta name=\"robots\" content=\"index, follow, max-snippet:-1, max-image-preview:large, max-video-preview:-1\" \/>\n<link rel=\"canonical\" href=\"https:\/\/unitgames.com.ar\/pc-gamer\/producto\/watercooling-solarmax-wc-w240-white\/\" \/>\n<meta property=\"og:locale\" content=\"es_ES\" \/>\n<meta property=\"og:type\" content=\"article\" \/>\n<meta property=\"og:title\" content=\"WaterCooling SOLARMAX WC-W240 White - UnitGames\" \/>\n<meta property=\"og:description\" content=\"El Watercooler Solarmax WC-W240 White ARGB es una soluci\u00f3n de refrigeraci\u00f3n l\u00edquida todo en uno (AIO) de 240 mm, dise\u00f1ada para ofrecer un rendimiento eficiente y una est\u00e9tica moderna con iluminaci\u00f3n ARGB. A continuaci\u00f3n, se detallan sus especificaciones t\u00e9cnicas: Especificaciones T\u00e9cnicas &nbsp; Dimensiones del radiador: 274 \u00d7 120 \u00d7 27 mm Material del radiador: Aluminio Velocidad de los ventiladores: 2800 RPM Longitud de las mangueras: 360 mm Voltaje de entrada: 12V DC Iluminaci\u00f3n: ARGB (Addressable RGB) Compatibilidad de Sockets &nbsp; Intel: LGA 775, 1150, 1151, 1156, 1366, 2011, 2011-V3, 1200, 1700 AMD: AM3, AM4, AM5, Ryzen 3, Ryzen 5, Ryzen 7, Threadripper Caracter\u00edsticas Adicionales &nbsp; Iluminaci\u00f3n ARGB: Compatible con placas madre que soportan control de iluminaci\u00f3n ARGB, permitiendo sincronizar efectos de luz con otros componentes del sistema. Dise\u00f1o compacto: Su tama\u00f1o de 240 mm lo hace adecuado para gabinetes de tama\u00f1o medio, ofreciendo una instalaci\u00f3n sencilla y una est\u00e9tica limpia. Construcci\u00f3n robusta: El radiador de aluminio y las mangueras de 360 mm ofrecen durabilidad y flexibilidad en la instalaci\u00f3n.\" \/>\n<meta property=\"og:url\" content=\"https:\/\/unitgames.com.ar\/pc-gamer\/producto\/watercooling-solarmax-wc-w240-white\/\" \/>\n<meta property=\"og:site_name\" content=\"UnitGames\" \/>\n<meta property=\"article:modified_time\" content=\"2026-01-31T23:57:03+00:00\" \/>\n<meta property=\"og:image\" content=\"https:\/\/unitgames.com.ar\/pc-gamer\/wp-content\/uploads\/2025\/05\/WaterCooling-SOLARMAX-WC-W240-White.png\" \/>\n\t<meta property=\"og:image:width\" content=\"1282\" \/>\n\t<meta property=\"og:image:height\" content=\"1285\" \/>\n\t<meta property=\"og:image:type\" content=\"image\/png\" \/>\n<meta name=\"twitter:card\" content=\"summary_large_image\" \/>\n<meta name=\"twitter:label1\" content=\"Tiempo de lectura\" \/>\n\t<meta name=\"twitter:data1\" content=\"1 minuto\" \/>\n<script type=\"application\/ld+json\" class=\"yoast-schema-graph\">{\"@context\":\"https:\\\/\\\/schema.org\",\"@graph\":[{\"@type\":\"WebPage\",\"@id\":\"https:\\\/\\\/unitgames.com.ar\\\/pc-gamer\\\/producto\\\/watercooling-solarmax-wc-w240-white\\\/\",\"url\":\"https:\\\/\\\/unitgames.com.ar\\\/pc-gamer\\\/producto\\\/watercooling-solarmax-wc-w240-white\\\/\",\"name\":\"WaterCooling SOLARMAX WC-W240 White - UnitGames\",\"isPartOf\":{\"@id\":\"https:\\\/\\\/unitgames.com.ar\\\/pc-gamer\\\/#website\"},\"primaryImageOfPage\":{\"@id\":\"https:\\\/\\\/unitgames.com.ar\\\/pc-gamer\\\/producto\\\/watercooling-solarmax-wc-w240-white\\\/#primaryimage\"},\"image\":{\"@id\":\"https:\\\/\\\/unitgames.com.ar\\\/pc-gamer\\\/producto\\\/watercooling-solarmax-wc-w240-white\\\/#primaryimage\"},\"thumbnailUrl\":\"https:\\\/\\\/unitgames.com.ar\\\/pc-gamer\\\/wp-content\\\/uploads\\\/2025\\\/05\\\/WaterCooling-SOLARMAX-WC-W240-White.png\",\"datePublished\":\"2025-05-14T10:04:36+00:00\",\"dateModified\":\"2026-01-31T23:57:03+00:00\",\"breadcrumb\":{\"@id\":\"https:\\\/\\\/unitgames.com.ar\\\/pc-gamer\\\/producto\\\/watercooling-solarmax-wc-w240-white\\\/#breadcrumb\"},\"inLanguage\":\"es\",\"potentialAction\":[{\"@type\":\"ReadAction\",\"target\":[\"https:\\\/\\\/unitgames.com.ar\\\/pc-gamer\\\/producto\\\/watercooling-solarmax-wc-w240-white\\\/\"]}]},{\"@type\":\"ImageObject\",\"inLanguage\":\"es\",\"@id\":\"https:\\\/\\\/unitgames.com.ar\\\/pc-gamer\\\/producto\\\/watercooling-solarmax-wc-w240-white\\\/#primaryimage\",\"url\":\"https:\\\/\\\/unitgames.com.ar\\\/pc-gamer\\\/wp-content\\\/uploads\\\/2025\\\/05\\\/WaterCooling-SOLARMAX-WC-W240-White.png\",\"contentUrl\":\"https:\\\/\\\/unitgames.com.ar\\\/pc-gamer\\\/wp-content\\\/uploads\\\/2025\\\/05\\\/WaterCooling-SOLARMAX-WC-W240-White.png\",\"width\":1282,\"height\":1285},{\"@type\":\"BreadcrumbList\",\"@id\":\"https:\\\/\\\/unitgames.com.ar\\\/pc-gamer\\\/producto\\\/watercooling-solarmax-wc-w240-white\\\/#breadcrumb\",\"itemListElement\":[{\"@type\":\"ListItem\",\"position\":1,\"name\":\"Tienda\",\"item\":\"https:\\\/\\\/unitgames.com.ar\\\/pc-gamer\\\/tienda\\\/\"},{\"@type\":\"ListItem\",\"position\":2,\"name\":\"WaterCooling SOLARMAX WC-W240 White\"}]},{\"@type\":\"WebSite\",\"@id\":\"https:\\\/\\\/unitgames.com.ar\\\/pc-gamer\\\/#website\",\"url\":\"https:\\\/\\\/unitgames.com.ar\\\/pc-gamer\\\/\",\"name\":\"UnitGames\",\"description\":\"Venta de PC Gamers, Consolas , Servicio Tecnico Especializado. Todos en Accesorios Informaticos y Gamers\",\"publisher\":{\"@id\":\"https:\\\/\\\/unitgames.com.ar\\\/pc-gamer\\\/#organization\"},\"potentialAction\":[{\"@type\":\"SearchAction\",\"target\":{\"@type\":\"EntryPoint\",\"urlTemplate\":\"https:\\\/\\\/unitgames.com.ar\\\/pc-gamer\\\/?s={search_term_string}\"},\"query-input\":{\"@type\":\"PropertyValueSpecification\",\"valueRequired\":true,\"valueName\":\"search_term_string\"}}],\"inLanguage\":\"es\"},{\"@type\":\"Organization\",\"@id\":\"https:\\\/\\\/unitgames.com.ar\\\/pc-gamer\\\/#organization\",\"name\":\"UnitGames\",\"url\":\"https:\\\/\\\/unitgames.com.ar\\\/pc-gamer\\\/\",\"logo\":{\"@type\":\"ImageObject\",\"inLanguage\":\"es\",\"@id\":\"https:\\\/\\\/unitgames.com.ar\\\/pc-gamer\\\/#\\\/schema\\\/logo\\\/image\\\/\",\"url\":\"https:\\\/\\\/unitgames.com.ar\\\/pc-gamer\\\/wp-content\\\/uploads\\\/2021\\\/01\\\/cropped-logoUnitGames2.png\",\"contentUrl\":\"https:\\\/\\\/unitgames.com.ar\\\/pc-gamer\\\/wp-content\\\/uploads\\\/2021\\\/01\\\/cropped-logoUnitGames2.png\",\"width\":152,\"height\":200,\"caption\":\"UnitGames\"},\"image\":{\"@id\":\"https:\\\/\\\/unitgames.com.ar\\\/pc-gamer\\\/#\\\/schema\\\/logo\\\/image\\\/\"}}]}<\/script>\n<!-- \/ Yoast SEO plugin. -->","yoast_head_json":{"title":"WaterCooling SOLARMAX WC-W240 White - UnitGames","robots":{"index":"index","follow":"follow","max-snippet":"max-snippet:-1","max-image-preview":"max-image-preview:large","max-video-preview":"max-video-preview:-1"},"canonical":"https:\/\/unitgames.com.ar\/pc-gamer\/producto\/watercooling-solarmax-wc-w240-white\/","og_locale":"es_ES","og_type":"article","og_title":"WaterCooling SOLARMAX WC-W240 White - UnitGames","og_description":"El Watercooler Solarmax WC-W240 White ARGB es una soluci\u00f3n de refrigeraci\u00f3n l\u00edquida todo en uno (AIO) de 240 mm, dise\u00f1ada para ofrecer un rendimiento eficiente y una est\u00e9tica moderna con iluminaci\u00f3n ARGB. A continuaci\u00f3n, se detallan sus especificaciones t\u00e9cnicas: Especificaciones T\u00e9cnicas &nbsp; Dimensiones del radiador: 274 \u00d7 120 \u00d7 27 mm Material del radiador: Aluminio Velocidad de los ventiladores: 2800 RPM Longitud de las mangueras: 360 mm Voltaje de entrada: 12V DC Iluminaci\u00f3n: ARGB (Addressable RGB) Compatibilidad de Sockets &nbsp; Intel: LGA 775, 1150, 1151, 1156, 1366, 2011, 2011-V3, 1200, 1700 AMD: AM3, AM4, AM5, Ryzen 3, Ryzen 5, Ryzen 7, Threadripper Caracter\u00edsticas Adicionales &nbsp; Iluminaci\u00f3n ARGB: Compatible con placas madre que soportan control de iluminaci\u00f3n ARGB, permitiendo sincronizar efectos de luz con otros componentes del sistema. Dise\u00f1o compacto: Su tama\u00f1o de 240 mm lo hace adecuado para gabinetes de tama\u00f1o medio, ofreciendo una instalaci\u00f3n sencilla y una est\u00e9tica limpia. Construcci\u00f3n robusta: El radiador de aluminio y las mangueras de 360 mm ofrecen durabilidad y flexibilidad en la instalaci\u00f3n.","og_url":"https:\/\/unitgames.com.ar\/pc-gamer\/producto\/watercooling-solarmax-wc-w240-white\/","og_site_name":"UnitGames","article_modified_time":"2026-01-31T23:57:03+00:00","og_image":[{"width":1282,"height":1285,"url":"https:\/\/unitgames.com.ar\/pc-gamer\/wp-content\/uploads\/2025\/05\/WaterCooling-SOLARMAX-WC-W240-White.png","type":"image\/png"}],"twitter_card":"summary_large_image","twitter_misc":{"Tiempo de lectura":"1 minuto"},"schema":{"@context":"https:\/\/schema.org","@graph":[{"@type":"WebPage","@id":"https:\/\/unitgames.com.ar\/pc-gamer\/producto\/watercooling-solarmax-wc-w240-white\/","url":"https:\/\/unitgames.com.ar\/pc-gamer\/producto\/watercooling-solarmax-wc-w240-white\/","name":"WaterCooling SOLARMAX WC-W240 White - UnitGames","isPartOf":{"@id":"https:\/\/unitgames.com.ar\/pc-gamer\/#website"},"primaryImageOfPage":{"@id":"https:\/\/unitgames.com.ar\/pc-gamer\/producto\/watercooling-solarmax-wc-w240-white\/#primaryimage"},"image":{"@id":"https:\/\/unitgames.com.ar\/pc-gamer\/producto\/watercooling-solarmax-wc-w240-white\/#primaryimage"},"thumbnailUrl":"https:\/\/unitgames.com.ar\/pc-gamer\/wp-content\/uploads\/2025\/05\/WaterCooling-SOLARMAX-WC-W240-White.png","datePublished":"2025-05-14T10:04:36+00:00","dateModified":"2026-01-31T23:57:03+00:00","breadcrumb":{"@id":"https:\/\/unitgames.com.ar\/pc-gamer\/producto\/watercooling-solarmax-wc-w240-white\/#breadcrumb"},"inLanguage":"es","potentialAction":[{"@type":"ReadAction","target":["https:\/\/unitgames.com.ar\/pc-gamer\/producto\/watercooling-solarmax-wc-w240-white\/"]}]},{"@type":"ImageObject","inLanguage":"es","@id":"https:\/\/unitgames.com.ar\/pc-gamer\/producto\/watercooling-solarmax-wc-w240-white\/#primaryimage","url":"https:\/\/unitgames.com.ar\/pc-gamer\/wp-content\/uploads\/2025\/05\/WaterCooling-SOLARMAX-WC-W240-White.png","contentUrl":"https:\/\/unitgames.com.ar\/pc-gamer\/wp-content\/uploads\/2025\/05\/WaterCooling-SOLARMAX-WC-W240-White.png","width":1282,"height":1285},{"@type":"BreadcrumbList","@id":"https:\/\/unitgames.com.ar\/pc-gamer\/producto\/watercooling-solarmax-wc-w240-white\/#breadcrumb","itemListElement":[{"@type":"ListItem","position":1,"name":"Tienda","item":"https:\/\/unitgames.com.ar\/pc-gamer\/tienda\/"},{"@type":"ListItem","position":2,"name":"WaterCooling SOLARMAX WC-W240 White"}]},{"@type":"WebSite","@id":"https:\/\/unitgames.com.ar\/pc-gamer\/#website","url":"https:\/\/unitgames.com.ar\/pc-gamer\/","name":"UnitGames","description":"Venta de PC Gamers, Consolas , Servicio Tecnico Especializado. Todos en Accesorios Informaticos y Gamers","publisher":{"@id":"https:\/\/unitgames.com.ar\/pc-gamer\/#organization"},"potentialAction":[{"@type":"SearchAction","target":{"@type":"EntryPoint","urlTemplate":"https:\/\/unitgames.com.ar\/pc-gamer\/?s={search_term_string}"},"query-input":{"@type":"PropertyValueSpecification","valueRequired":true,"valueName":"search_term_string"}}],"inLanguage":"es"},{"@type":"Organization","@id":"https:\/\/unitgames.com.ar\/pc-gamer\/#organization","name":"UnitGames","url":"https:\/\/unitgames.com.ar\/pc-gamer\/","logo":{"@type":"ImageObject","inLanguage":"es","@id":"https:\/\/unitgames.com.ar\/pc-gamer\/#\/schema\/logo\/image\/","url":"https:\/\/unitgames.com.ar\/pc-gamer\/wp-content\/uploads\/2021\/01\/cropped-logoUnitGames2.png","contentUrl":"https:\/\/unitgames.com.ar\/pc-gamer\/wp-content\/uploads\/2021\/01\/cropped-logoUnitGames2.png","width":152,"height":200,"caption":"UnitGames"},"image":{"@id":"https:\/\/unitgames.com.ar\/pc-gamer\/#\/schema\/logo\/image\/"}}]}},"_links":{"self":[{"href":"https:\/\/unitgames.com.ar\/pc-gamer\/wp-json\/wp\/v2\/product\/14883","targetHints":{"allow":["GET"]}}],"collection":[{"href":"https:\/\/unitgames.com.ar\/pc-gamer\/wp-json\/wp\/v2\/product"}],"about":[{"href":"https:\/\/unitgames.com.ar\/pc-gamer\/wp-json\/wp\/v2\/types\/product"}],"version-history":[{"count":0,"href":"https:\/\/unitgames.com.ar\/pc-gamer\/wp-json\/wp\/v2\/product\/14883\/revisions"}],"wp:featuredmedia":[{"embeddable":true,"href":"https:\/\/unitgames.com.ar\/pc-gamer\/wp-json\/wp\/v2\/media\/15124"}],"wp:attachment":[{"href":"https:\/\/unitgames.com.ar\/pc-gamer\/wp-json\/wp\/v2\/media?parent=14883"}],"wp:term":[{"taxonomy":"product_brand","embeddable":true,"href":"https:\/\/unitgames.com.ar\/pc-gamer\/wp-json\/wp\/v2\/product_brand?post=14883"},{"taxonomy":"product_cat","embeddable":true,"href":"https:\/\/unitgames.com.ar\/pc-gamer\/wp-json\/wp\/v2\/product_cat?post=14883"},{"taxonomy":"product_tag","embeddable":true,"href":"https:\/\/unitgames.com.ar\/pc-gamer\/wp-json\/wp\/v2\/product_tag?post=14883"}],"curies":[{"name":"wp","href":"https:\/\/api.w.org\/{rel}","templated":true}]}}