{"id":14998,"date":"2025-05-24T19:56:07","date_gmt":"2025-05-24T22:56:07","guid":{"rendered":"https:\/\/unitgames.com.ar\/pc-gamer\/?post_type=product&#038;p=14998"},"modified":"2026-01-09T07:15:09","modified_gmt":"2026-01-09T10:15:09","slug":"auriculares-in-ear-kz-edx-ultra-negro-monitoreo-sin-microfono","status":"publish","type":"product","link":"https:\/\/unitgames.com.ar\/pc-gamer\/producto\/auriculares-in-ear-kz-edx-ultra-negro-monitoreo-sin-microfono\/","title":{"rendered":"Auriculares In Ear KZ EDX ULTRA Negro Monitoreo Sin Micr\u00f3fono"},"content":{"rendered":"<p>\u00a1Experimenta la adrenalina de sumergirte en la escena de otra manera! Tener auriculares espec\u00edficos para jugar cambia completamente tu experiencia en cada partida. Con los KZ EDX Ultra no te pierdes ning\u00fan detalle y escuchas el audio tal y como fue dise\u00f1ado por los creadores.<\/p>\n<p>El formato perfecto para ti<br \/>\nAl ser in-ear, mejoran la calidad del audio y son de tama\u00f1o peque\u00f1o para poder insertarse en tu oreja. Son ideales para acompa\u00f1arte a la hora de hacer ejercicio mientras te sumerges en el mejor sonido envolvente.<\/p>\n<p>&nbsp;<\/p>\n<h3 data-start=\"181\" data-end=\"213\">Especificaciones t\u00e9cnicas<\/h3>\n<ul data-start=\"215\" data-end=\"937\">\n<li data-start=\"215\" data-end=\"277\">\n<p data-start=\"217\" data-end=\"277\"><strong data-start=\"217\" data-end=\"238\">Tipo de auricular<\/strong>: <span class=\"relative -mx-px my-[-0.2rem] rounded px-px py-[0.2rem] transition-colors duration-100 ease-in-out\">In-ear (intraurales)<\/span><\/p>\n<\/li>\n<li data-start=\"278\" data-end=\"382\">\n<p data-start=\"280\" data-end=\"382\"><strong data-start=\"280\" data-end=\"303\">Unidad de diafragma<\/strong>: <span class=\"relative -mx-px my-[-0.2rem] rounded px-px py-[0.2rem] transition-colors duration-100 ease-in-out\">10 mm, con doble im\u00e1n din\u00e1mico para mejorar la respuesta en graves y medios<\/span><\/p>\n<\/li>\n<li data-start=\"383\" data-end=\"453\">\n<p data-start=\"385\" data-end=\"453\"><strong data-start=\"385\" data-end=\"412\">Respuesta en frecuencia<\/strong>: <span class=\"relative -mx-px my-[-0.2rem] rounded px-px py-[0.2rem] transition-colors duration-100 ease-in-out\">20 Hz \u2013 40 kHz<\/span><\/p>\n<\/li>\n<li data-start=\"454\" data-end=\"513\">\n<p data-start=\"456\" data-end=\"513\"><strong data-start=\"456\" data-end=\"472\">Sensibilidad<\/strong>: <span class=\"relative -mx-px my-[-0.2rem] rounded px-px py-[0.2rem] transition-colors duration-100 ease-in-out\">112 dB<\/span><\/p>\n<\/li>\n<li data-start=\"514\" data-end=\"571\">\n<p data-start=\"516\" data-end=\"571\"><strong data-start=\"516\" data-end=\"530\">Impedancia<\/strong>: <span class=\"relative -mx-px my-[-0.2rem] rounded px-px py-[0.2rem] transition-colors duration-100 ease-in-out\">26 ohmios<\/span><\/p>\n<\/li>\n<li data-start=\"572\" data-end=\"639\">\n<p data-start=\"574\" data-end=\"639\"><strong data-start=\"574\" data-end=\"598\">Cancelaci\u00f3n de ruido<\/strong>: <span class=\"relative -mx-px my-[-0.2rem] rounded px-px py-[0.2rem] transition-colors duration-100 ease-in-out\">Pasiva, gracias a las almohadillas de silicona que a\u00edslan el sonido externo<\/span><\/p>\n<\/li>\n<li data-start=\"640\" data-end=\"739\">\n<p data-start=\"642\" data-end=\"739\"><strong data-start=\"642\" data-end=\"658\">Conectividad<\/strong>: <span class=\"relative -mx-px my-[-0.2rem] rounded px-px py-[0.2rem] transition-colors duration-100 ease-in-out\">Cable desmontable de 1,2 m con conector de 3.5 mm y pines de 0.75 mm<\/span><\/p>\n<\/li>\n<li data-start=\"740\" data-end=\"796\">\n<p data-start=\"742\" data-end=\"796\"><strong data-start=\"742\" data-end=\"755\">Micr\u00f3fono<\/strong>: <span class=\"relative -mx-px my-[-0.2rem] rounded px-px py-[0.2rem] transition-colors duration-100 ease-in-out\">No incluye micr\u00f3fono<\/span><\/p>\n<\/li>\n<li data-start=\"797\" data-end=\"937\">\n<p data-start=\"799\" data-end=\"937\"><strong data-start=\"799\" data-end=\"817\">Compatibilidad<\/strong>: <span class=\"relative -mx-px my-[-0.2rem] rounded px-px py-[0.2rem] transition-colors duration-100 ease-in-out\">Dispositivos con entrada de 3.5 mm; posibilidad de actualizar a Bluetooth mediante m\u00f3dulo adicional (se vende por separado)<\/span><\/p>\n<\/li>\n<\/ul>\n","protected":false},"excerpt":{"rendered":"<p>\u00a1Experimenta la adrenalina de sumergirte en la escena de otra manera! Tener auriculares espec\u00edficos para jugar cambia completamente tu experiencia en cada partida. Con los KZ EDX Ultra no te pierdes ning\u00fan detalle y escuchas el audio tal y como fue dise\u00f1ado por los creadores. El formato perfecto para ti Al ser in-ear, mejoran la calidad del audio y son de tama\u00f1o peque\u00f1o para poder insertarse en tu oreja. Son ideales para acompa\u00f1arte a la hora de hacer ejercicio mientras te sumerges en el mejor sonido envolvente. &nbsp; Especificaciones t\u00e9cnicas Tipo de auricular: In-ear (intraurales) Unidad de diafragma: 10 mm, con doble im\u00e1n din\u00e1mico para mejorar la respuesta en graves y medios Respuesta en frecuencia: 20 Hz \u2013 40 kHz Sensibilidad: 112 dB Impedancia: 26 ohmios Cancelaci\u00f3n de ruido: Pasiva, gracias a las almohadillas de silicona que a\u00edslan el sonido externo Conectividad: Cable desmontable de 1,2 m con conector de 3.5 mm y pines de 0.75 mm Micr\u00f3fono: No incluye micr\u00f3fono Compatibilidad: Dispositivos con entrada de 3.5 mm; posibilidad de actualizar a Bluetooth mediante m\u00f3dulo adicional (se vende por separado)<\/p>\n","protected":false},"featured_media":15023,"template":"","meta":{"site-sidebar-layout":"default","site-content-layout":"","ast-site-content-layout":"default","site-content-style":"default","site-sidebar-style":"default","ast-global-header-display":"","ast-banner-title-visibility":"","ast-main-header-display":"","ast-hfb-above-header-display":"","ast-hfb-below-header-display":"","ast-hfb-mobile-header-display":"","site-post-title":"","ast-breadcrumbs-content":"","ast-featured-img":"","footer-sml-layout":"","theme-transparent-header-meta":"default","adv-header-id-meta":"","stick-header-meta":"","header-above-stick-meta":"","header-main-stick-meta":"","header-below-stick-meta":"","astra-migrate-meta-layouts":"set","ast-page-background-enabled":"default","ast-page-background-meta":{"desktop":{"background-color":"var(--ast-global-color-5)","background-image":"","background-repeat":"repeat","background-position":"center center","background-size":"auto","background-attachment":"scroll","background-type":"","background-media":"","overlay-type":"","overlay-color":"","overlay-opacity":"","overlay-gradient":""},"tablet":{"background-color":"","background-image":"","background-repeat":"repeat","background-position":"center center","background-size":"auto","background-attachment":"scroll","background-type":"","background-media":"","overlay-type":"","overlay-color":"","overlay-opacity":"","overlay-gradient":""},"mobile":{"background-color":"","background-image":"","background-repeat":"repeat","background-position":"center center","background-size":"auto","background-attachment":"scroll","background-type":"","background-media":"","overlay-type":"","overlay-color":"","overlay-opacity":"","overlay-gradient":""}},"ast-content-background-meta":{"desktop":{"background-color":"var(--ast-global-color-4)","background-image":"","background-repeat":"repeat","background-position":"center center","background-size":"auto","background-attachment":"scroll","background-type":"","background-media":"","overlay-type":"","overlay-color":"","overlay-opacity":"","overlay-gradient":""},"tablet":{"background-color":"var(--ast-global-color-4)","background-image":"","background-repeat":"repeat","background-position":"center center","background-size":"auto","background-attachment":"scroll","background-type":"","background-media":"","overlay-type":"","overlay-color":"","overlay-opacity":"","overlay-gradient":""},"mobile":{"background-color":"var(--ast-global-color-4)","background-image":"","background-repeat":"repeat","background-position":"center center","background-size":"auto","background-attachment":"scroll","background-type":"","background-media":"","overlay-type":"","overlay-color":"","overlay-opacity":"","overlay-gradient":""}},"_joinchat":[]},"product_brand":[],"product_cat":[81,61],"product_tag":[],"class_list":{"0":"post-14998","1":"product","2":"type-product","3":"status-publish","4":"has-post-thumbnail","6":"product_cat-auriculares-pc-play-y-xbox","7":"product_cat-auriculares-con-cable","8":"desktop-align-center","9":"tablet-align-left","10":"mobile-align-left","12":"first","13":"instock","14":"shipping-taxable","15":"purchasable","16":"product-type-simple"},"yoast_head":"<!-- This site is optimized with the Yoast SEO plugin v27.3 - https:\/\/yoast.com\/product\/yoast-seo-wordpress\/ -->\n<title>Auriculares In Ear KZ EDX ULTRA Negro Monitoreo Sin Micr\u00f3fono - UnitGames<\/title>\n<meta name=\"robots\" content=\"index, follow, max-snippet:-1, max-image-preview:large, max-video-preview:-1\" \/>\n<link rel=\"canonical\" href=\"https:\/\/unitgames.com.ar\/pc-gamer\/producto\/auriculares-in-ear-kz-edx-ultra-negro-monitoreo-sin-microfono\/\" \/>\n<meta property=\"og:locale\" content=\"es_ES\" \/>\n<meta property=\"og:type\" content=\"article\" \/>\n<meta property=\"og:title\" content=\"Auriculares In Ear KZ EDX ULTRA Negro Monitoreo Sin Micr\u00f3fono - UnitGames\" \/>\n<meta property=\"og:description\" content=\"\u00a1Experimenta la adrenalina de sumergirte en la escena de otra manera! Tener auriculares espec\u00edficos para jugar cambia completamente tu experiencia en cada partida. Con los KZ EDX Ultra no te pierdes ning\u00fan detalle y escuchas el audio tal y como fue dise\u00f1ado por los creadores. El formato perfecto para ti Al ser in-ear, mejoran la calidad del audio y son de tama\u00f1o peque\u00f1o para poder insertarse en tu oreja. Son ideales para acompa\u00f1arte a la hora de hacer ejercicio mientras te sumerges en el mejor sonido envolvente. &nbsp; Especificaciones t\u00e9cnicas Tipo de auricular: In-ear (intraurales) Unidad de diafragma: 10 mm, con doble im\u00e1n din\u00e1mico para mejorar la respuesta en graves y medios Respuesta en frecuencia: 20 Hz \u2013 40 kHz Sensibilidad: 112 dB Impedancia: 26 ohmios Cancelaci\u00f3n de ruido: Pasiva, gracias a las almohadillas de silicona que a\u00edslan el sonido externo Conectividad: Cable desmontable de 1,2 m con conector de 3.5 mm y pines de 0.75 mm Micr\u00f3fono: No incluye micr\u00f3fono Compatibilidad: Dispositivos con entrada de 3.5 mm; posibilidad de actualizar a Bluetooth mediante m\u00f3dulo adicional (se vende por separado)\" \/>\n<meta property=\"og:url\" content=\"https:\/\/unitgames.com.ar\/pc-gamer\/producto\/auriculares-in-ear-kz-edx-ultra-negro-monitoreo-sin-microfono\/\" \/>\n<meta property=\"og:site_name\" content=\"UnitGames\" \/>\n<meta property=\"article:modified_time\" content=\"2026-01-09T10:15:09+00:00\" \/>\n<meta property=\"og:image\" content=\"https:\/\/unitgames.com.ar\/pc-gamer\/wp-content\/uploads\/2025\/05\/Auriculares-In-Ear-KZ-EDX-ULTRA-Negro-Monitoreo-Sin-Microfono.png\" \/>\n\t<meta property=\"og:image:width\" content=\"1283\" \/>\n\t<meta property=\"og:image:height\" content=\"1284\" \/>\n\t<meta property=\"og:image:type\" content=\"image\/png\" \/>\n<meta name=\"twitter:card\" content=\"summary_large_image\" \/>\n<meta name=\"twitter:label1\" content=\"Tiempo de lectura\" \/>\n\t<meta name=\"twitter:data1\" content=\"2 minutos\" \/>\n<script type=\"application\/ld+json\" class=\"yoast-schema-graph\">{\"@context\":\"https:\\\/\\\/schema.org\",\"@graph\":[{\"@type\":\"WebPage\",\"@id\":\"https:\\\/\\\/unitgames.com.ar\\\/pc-gamer\\\/producto\\\/auriculares-in-ear-kz-edx-ultra-negro-monitoreo-sin-microfono\\\/\",\"url\":\"https:\\\/\\\/unitgames.com.ar\\\/pc-gamer\\\/producto\\\/auriculares-in-ear-kz-edx-ultra-negro-monitoreo-sin-microfono\\\/\",\"name\":\"Auriculares In Ear KZ EDX ULTRA Negro Monitoreo Sin Micr\u00f3fono - UnitGames\",\"isPartOf\":{\"@id\":\"https:\\\/\\\/unitgames.com.ar\\\/pc-gamer\\\/#website\"},\"primaryImageOfPage\":{\"@id\":\"https:\\\/\\\/unitgames.com.ar\\\/pc-gamer\\\/producto\\\/auriculares-in-ear-kz-edx-ultra-negro-monitoreo-sin-microfono\\\/#primaryimage\"},\"image\":{\"@id\":\"https:\\\/\\\/unitgames.com.ar\\\/pc-gamer\\\/producto\\\/auriculares-in-ear-kz-edx-ultra-negro-monitoreo-sin-microfono\\\/#primaryimage\"},\"thumbnailUrl\":\"https:\\\/\\\/unitgames.com.ar\\\/pc-gamer\\\/wp-content\\\/uploads\\\/2025\\\/05\\\/Auriculares-In-Ear-KZ-EDX-ULTRA-Negro-Monitoreo-Sin-Microfono.png\",\"datePublished\":\"2025-05-24T22:56:07+00:00\",\"dateModified\":\"2026-01-09T10:15:09+00:00\",\"breadcrumb\":{\"@id\":\"https:\\\/\\\/unitgames.com.ar\\\/pc-gamer\\\/producto\\\/auriculares-in-ear-kz-edx-ultra-negro-monitoreo-sin-microfono\\\/#breadcrumb\"},\"inLanguage\":\"es\",\"potentialAction\":[{\"@type\":\"ReadAction\",\"target\":[\"https:\\\/\\\/unitgames.com.ar\\\/pc-gamer\\\/producto\\\/auriculares-in-ear-kz-edx-ultra-negro-monitoreo-sin-microfono\\\/\"]}]},{\"@type\":\"ImageObject\",\"inLanguage\":\"es\",\"@id\":\"https:\\\/\\\/unitgames.com.ar\\\/pc-gamer\\\/producto\\\/auriculares-in-ear-kz-edx-ultra-negro-monitoreo-sin-microfono\\\/#primaryimage\",\"url\":\"https:\\\/\\\/unitgames.com.ar\\\/pc-gamer\\\/wp-content\\\/uploads\\\/2025\\\/05\\\/Auriculares-In-Ear-KZ-EDX-ULTRA-Negro-Monitoreo-Sin-Microfono.png\",\"contentUrl\":\"https:\\\/\\\/unitgames.com.ar\\\/pc-gamer\\\/wp-content\\\/uploads\\\/2025\\\/05\\\/Auriculares-In-Ear-KZ-EDX-ULTRA-Negro-Monitoreo-Sin-Microfono.png\",\"width\":1283,\"height\":1284},{\"@type\":\"BreadcrumbList\",\"@id\":\"https:\\\/\\\/unitgames.com.ar\\\/pc-gamer\\\/producto\\\/auriculares-in-ear-kz-edx-ultra-negro-monitoreo-sin-microfono\\\/#breadcrumb\",\"itemListElement\":[{\"@type\":\"ListItem\",\"position\":1,\"name\":\"Tienda\",\"item\":\"https:\\\/\\\/unitgames.com.ar\\\/pc-gamer\\\/tienda\\\/\"},{\"@type\":\"ListItem\",\"position\":2,\"name\":\"Auriculares In Ear KZ EDX ULTRA Negro Monitoreo Sin Micr\u00f3fono\"}]},{\"@type\":\"WebSite\",\"@id\":\"https:\\\/\\\/unitgames.com.ar\\\/pc-gamer\\\/#website\",\"url\":\"https:\\\/\\\/unitgames.com.ar\\\/pc-gamer\\\/\",\"name\":\"UnitGames\",\"description\":\"Venta de PC Gamers, Consolas , Servicio Tecnico Especializado. Todos en Accesorios Informaticos y Gamers\",\"publisher\":{\"@id\":\"https:\\\/\\\/unitgames.com.ar\\\/pc-gamer\\\/#organization\"},\"potentialAction\":[{\"@type\":\"SearchAction\",\"target\":{\"@type\":\"EntryPoint\",\"urlTemplate\":\"https:\\\/\\\/unitgames.com.ar\\\/pc-gamer\\\/?s={search_term_string}\"},\"query-input\":{\"@type\":\"PropertyValueSpecification\",\"valueRequired\":true,\"valueName\":\"search_term_string\"}}],\"inLanguage\":\"es\"},{\"@type\":\"Organization\",\"@id\":\"https:\\\/\\\/unitgames.com.ar\\\/pc-gamer\\\/#organization\",\"name\":\"UnitGames\",\"url\":\"https:\\\/\\\/unitgames.com.ar\\\/pc-gamer\\\/\",\"logo\":{\"@type\":\"ImageObject\",\"inLanguage\":\"es\",\"@id\":\"https:\\\/\\\/unitgames.com.ar\\\/pc-gamer\\\/#\\\/schema\\\/logo\\\/image\\\/\",\"url\":\"https:\\\/\\\/unitgames.com.ar\\\/pc-gamer\\\/wp-content\\\/uploads\\\/2021\\\/01\\\/cropped-logoUnitGames2.png\",\"contentUrl\":\"https:\\\/\\\/unitgames.com.ar\\\/pc-gamer\\\/wp-content\\\/uploads\\\/2021\\\/01\\\/cropped-logoUnitGames2.png\",\"width\":152,\"height\":200,\"caption\":\"UnitGames\"},\"image\":{\"@id\":\"https:\\\/\\\/unitgames.com.ar\\\/pc-gamer\\\/#\\\/schema\\\/logo\\\/image\\\/\"}}]}<\/script>\n<!-- \/ Yoast SEO plugin. -->","yoast_head_json":{"title":"Auriculares In Ear KZ EDX ULTRA Negro Monitoreo Sin Micr\u00f3fono - UnitGames","robots":{"index":"index","follow":"follow","max-snippet":"max-snippet:-1","max-image-preview":"max-image-preview:large","max-video-preview":"max-video-preview:-1"},"canonical":"https:\/\/unitgames.com.ar\/pc-gamer\/producto\/auriculares-in-ear-kz-edx-ultra-negro-monitoreo-sin-microfono\/","og_locale":"es_ES","og_type":"article","og_title":"Auriculares In Ear KZ EDX ULTRA Negro Monitoreo Sin Micr\u00f3fono - UnitGames","og_description":"\u00a1Experimenta la adrenalina de sumergirte en la escena de otra manera! Tener auriculares espec\u00edficos para jugar cambia completamente tu experiencia en cada partida. Con los KZ EDX Ultra no te pierdes ning\u00fan detalle y escuchas el audio tal y como fue dise\u00f1ado por los creadores. El formato perfecto para ti Al ser in-ear, mejoran la calidad del audio y son de tama\u00f1o peque\u00f1o para poder insertarse en tu oreja. Son ideales para acompa\u00f1arte a la hora de hacer ejercicio mientras te sumerges en el mejor sonido envolvente. &nbsp; Especificaciones t\u00e9cnicas Tipo de auricular: In-ear (intraurales) Unidad de diafragma: 10 mm, con doble im\u00e1n din\u00e1mico para mejorar la respuesta en graves y medios Respuesta en frecuencia: 20 Hz \u2013 40 kHz Sensibilidad: 112 dB Impedancia: 26 ohmios Cancelaci\u00f3n de ruido: Pasiva, gracias a las almohadillas de silicona que a\u00edslan el sonido externo Conectividad: Cable desmontable de 1,2 m con conector de 3.5 mm y pines de 0.75 mm Micr\u00f3fono: No incluye micr\u00f3fono Compatibilidad: Dispositivos con entrada de 3.5 mm; posibilidad de actualizar a Bluetooth mediante m\u00f3dulo adicional (se vende por separado)","og_url":"https:\/\/unitgames.com.ar\/pc-gamer\/producto\/auriculares-in-ear-kz-edx-ultra-negro-monitoreo-sin-microfono\/","og_site_name":"UnitGames","article_modified_time":"2026-01-09T10:15:09+00:00","og_image":[{"width":1283,"height":1284,"url":"https:\/\/unitgames.com.ar\/pc-gamer\/wp-content\/uploads\/2025\/05\/Auriculares-In-Ear-KZ-EDX-ULTRA-Negro-Monitoreo-Sin-Microfono.png","type":"image\/png"}],"twitter_card":"summary_large_image","twitter_misc":{"Tiempo de lectura":"2 minutos"},"schema":{"@context":"https:\/\/schema.org","@graph":[{"@type":"WebPage","@id":"https:\/\/unitgames.com.ar\/pc-gamer\/producto\/auriculares-in-ear-kz-edx-ultra-negro-monitoreo-sin-microfono\/","url":"https:\/\/unitgames.com.ar\/pc-gamer\/producto\/auriculares-in-ear-kz-edx-ultra-negro-monitoreo-sin-microfono\/","name":"Auriculares In Ear KZ EDX ULTRA Negro Monitoreo Sin Micr\u00f3fono - UnitGames","isPartOf":{"@id":"https:\/\/unitgames.com.ar\/pc-gamer\/#website"},"primaryImageOfPage":{"@id":"https:\/\/unitgames.com.ar\/pc-gamer\/producto\/auriculares-in-ear-kz-edx-ultra-negro-monitoreo-sin-microfono\/#primaryimage"},"image":{"@id":"https:\/\/unitgames.com.ar\/pc-gamer\/producto\/auriculares-in-ear-kz-edx-ultra-negro-monitoreo-sin-microfono\/#primaryimage"},"thumbnailUrl":"https:\/\/unitgames.com.ar\/pc-gamer\/wp-content\/uploads\/2025\/05\/Auriculares-In-Ear-KZ-EDX-ULTRA-Negro-Monitoreo-Sin-Microfono.png","datePublished":"2025-05-24T22:56:07+00:00","dateModified":"2026-01-09T10:15:09+00:00","breadcrumb":{"@id":"https:\/\/unitgames.com.ar\/pc-gamer\/producto\/auriculares-in-ear-kz-edx-ultra-negro-monitoreo-sin-microfono\/#breadcrumb"},"inLanguage":"es","potentialAction":[{"@type":"ReadAction","target":["https:\/\/unitgames.com.ar\/pc-gamer\/producto\/auriculares-in-ear-kz-edx-ultra-negro-monitoreo-sin-microfono\/"]}]},{"@type":"ImageObject","inLanguage":"es","@id":"https:\/\/unitgames.com.ar\/pc-gamer\/producto\/auriculares-in-ear-kz-edx-ultra-negro-monitoreo-sin-microfono\/#primaryimage","url":"https:\/\/unitgames.com.ar\/pc-gamer\/wp-content\/uploads\/2025\/05\/Auriculares-In-Ear-KZ-EDX-ULTRA-Negro-Monitoreo-Sin-Microfono.png","contentUrl":"https:\/\/unitgames.com.ar\/pc-gamer\/wp-content\/uploads\/2025\/05\/Auriculares-In-Ear-KZ-EDX-ULTRA-Negro-Monitoreo-Sin-Microfono.png","width":1283,"height":1284},{"@type":"BreadcrumbList","@id":"https:\/\/unitgames.com.ar\/pc-gamer\/producto\/auriculares-in-ear-kz-edx-ultra-negro-monitoreo-sin-microfono\/#breadcrumb","itemListElement":[{"@type":"ListItem","position":1,"name":"Tienda","item":"https:\/\/unitgames.com.ar\/pc-gamer\/tienda\/"},{"@type":"ListItem","position":2,"name":"Auriculares In Ear KZ EDX ULTRA Negro Monitoreo Sin Micr\u00f3fono"}]},{"@type":"WebSite","@id":"https:\/\/unitgames.com.ar\/pc-gamer\/#website","url":"https:\/\/unitgames.com.ar\/pc-gamer\/","name":"UnitGames","description":"Venta de PC Gamers, Consolas , Servicio Tecnico Especializado. Todos en Accesorios Informaticos y Gamers","publisher":{"@id":"https:\/\/unitgames.com.ar\/pc-gamer\/#organization"},"potentialAction":[{"@type":"SearchAction","target":{"@type":"EntryPoint","urlTemplate":"https:\/\/unitgames.com.ar\/pc-gamer\/?s={search_term_string}"},"query-input":{"@type":"PropertyValueSpecification","valueRequired":true,"valueName":"search_term_string"}}],"inLanguage":"es"},{"@type":"Organization","@id":"https:\/\/unitgames.com.ar\/pc-gamer\/#organization","name":"UnitGames","url":"https:\/\/unitgames.com.ar\/pc-gamer\/","logo":{"@type":"ImageObject","inLanguage":"es","@id":"https:\/\/unitgames.com.ar\/pc-gamer\/#\/schema\/logo\/image\/","url":"https:\/\/unitgames.com.ar\/pc-gamer\/wp-content\/uploads\/2021\/01\/cropped-logoUnitGames2.png","contentUrl":"https:\/\/unitgames.com.ar\/pc-gamer\/wp-content\/uploads\/2021\/01\/cropped-logoUnitGames2.png","width":152,"height":200,"caption":"UnitGames"},"image":{"@id":"https:\/\/unitgames.com.ar\/pc-gamer\/#\/schema\/logo\/image\/"}}]}},"_links":{"self":[{"href":"https:\/\/unitgames.com.ar\/pc-gamer\/wp-json\/wp\/v2\/product\/14998","targetHints":{"allow":["GET"]}}],"collection":[{"href":"https:\/\/unitgames.com.ar\/pc-gamer\/wp-json\/wp\/v2\/product"}],"about":[{"href":"https:\/\/unitgames.com.ar\/pc-gamer\/wp-json\/wp\/v2\/types\/product"}],"version-history":[{"count":0,"href":"https:\/\/unitgames.com.ar\/pc-gamer\/wp-json\/wp\/v2\/product\/14998\/revisions"}],"wp:featuredmedia":[{"embeddable":true,"href":"https:\/\/unitgames.com.ar\/pc-gamer\/wp-json\/wp\/v2\/media\/15023"}],"wp:attachment":[{"href":"https:\/\/unitgames.com.ar\/pc-gamer\/wp-json\/wp\/v2\/media?parent=14998"}],"wp:term":[{"taxonomy":"product_brand","embeddable":true,"href":"https:\/\/unitgames.com.ar\/pc-gamer\/wp-json\/wp\/v2\/product_brand?post=14998"},{"taxonomy":"product_cat","embeddable":true,"href":"https:\/\/unitgames.com.ar\/pc-gamer\/wp-json\/wp\/v2\/product_cat?post=14998"},{"taxonomy":"product_tag","embeddable":true,"href":"https:\/\/unitgames.com.ar\/pc-gamer\/wp-json\/wp\/v2\/product_tag?post=14998"}],"curies":[{"name":"wp","href":"https:\/\/api.w.org\/{rel}","templated":true}]}}