{"id":15001,"date":"2025-05-24T19:57:53","date_gmt":"2025-05-24T22:57:53","guid":{"rendered":"https:\/\/unitgames.com.ar\/pc-gamer\/?post_type=product&#038;p=15001"},"modified":"2026-02-17T18:21:07","modified_gmt":"2026-02-17T21:21:07","slug":"auriculares-in-ear-kz-edcx-plateado-monitoreo-sin-microfono","status":"publish","type":"product","link":"https:\/\/unitgames.com.ar\/pc-gamer\/producto\/auriculares-in-ear-kz-edcx-plateado-monitoreo-sin-microfono\/","title":{"rendered":"Auriculares In Ear KZ EDCX Plateado Monitoreo Sin Micr\u00f3fono"},"content":{"rendered":"<p>Auriculares In ear: KZ EDCX<\/p>\n<p>\u00bb En lugar de utilizar el llamado material de diafragma sofisticado, utilizamos el diafragma de PET de 6 micrones de espesor m\u00e1s com\u00fan en el controlador del KZ EDCX. Al mismo tiempo, utilizamos cuatro capas de bobina m\u00f3vil para mejorar su rendimiento de salida. Adem\u00e1s, ajustamos la altura de la bobina m\u00f3vil para ajustar con precisi\u00f3n la ubicaci\u00f3n del formante de alta frecuencia, ajustamos la amortiguaci\u00f3n para controlar la sensibilidad de las bajas frecuencias, ajustamos el tama\u00f1o de la apertura de la cubierta del conductor para controlar la altura del formante de frecuencia ultraalta, comprimiendo el volumen del espacio interno del controlador para controlar la posici\u00f3n del formante de 2-3 kHz y ayudar a controlar la posici\u00f3n del formante de frecuencia ultraalta. Finalmente completamos este controlador a trav\u00e9s del ajuste t\u00e9cnico anterior y comparamos las curvas FR y los datos de distorsi\u00f3n de productos similares para garantizar que KZ EDCX pueda competir con los LEM din\u00e1micos de alta fidelidad profesionales y de alto precio.<\/p>\n<p>\u00bb La afinaci\u00f3n en curva en forma de U es un estilo de afinaci\u00f3n reconocido por muchos entusiastas de la alta fidelidad en los \u00faltimos a\u00f1os y su caracter\u00edstica principal es que tiende a seguir la curva de Harman. La sintonizaci\u00f3n del KZ EDCX tambi\u00e9n se ajusta en esta direcci\u00f3n. El estilo de afinaci\u00f3n en forma de U puede considerar tanto las frecuencias bajas como las altas, resaltando la separaci\u00f3n entre las tres frecuencias, por lo que el rendimiento de las bajas frecuencias mantendr\u00e1 la claridad incluso si se aumenta el volumen. En este estilo, hay una diferencia de sensibilidad de aproximadamente 10 dB entre la frecuencia alta y la frecuencia media, por lo que podemos sentir una gran separaci\u00f3n entre la voz y la m\u00fasica instrumental.<\/p>\n<p>&#8212;&#8212;&#8212;&#8212;&#8212;&#8212;&#8212;&#8212;&#8212;&#8212;&#8212;&#8212;&#8212;&#8212;&#8212;&#8212;&#8212;&#8212;&#8212;&#8212;<\/p>\n<p>CARACTER\u00cdSTICAS<\/p>\n<p>\u00bb No tiene micr\u00f3fono.<br \/>\n\u00bb Cableado con pin 3.5 mm.<br \/>\n\u00bb Peso: 22g<br \/>\n\u00bb Tipo de ficha: 3.5 mm<br \/>\n\u00bb Frecuencia: 20-40000Hz<br \/>\n\u00bb Impedance: 20<br \/>\n\u00bb Sensibilidad: 103 3db<br \/>\n\u00bb Contenido: auriculares, cable, 4 almohaditas de reemplazo (diferente tama\u00f1o), manual en ingl\u00e9s.<\/p>\n","protected":false},"excerpt":{"rendered":"<p>Auriculares In ear: KZ EDCX \u00bb En lugar de utilizar el llamado material de diafragma sofisticado, utilizamos el diafragma de PET de 6 micrones de espesor m\u00e1s com\u00fan en el controlador del KZ EDCX. Al mismo tiempo, utilizamos cuatro capas de bobina m\u00f3vil para mejorar su rendimiento de salida. Adem\u00e1s, ajustamos la altura de la bobina m\u00f3vil para ajustar con precisi\u00f3n la ubicaci\u00f3n del formante de alta frecuencia, ajustamos la amortiguaci\u00f3n para controlar la sensibilidad de las bajas frecuencias, ajustamos el tama\u00f1o de la apertura de la cubierta del conductor para controlar la altura del formante de frecuencia ultraalta, comprimiendo el volumen del espacio interno del controlador para controlar la posici\u00f3n del formante de 2-3 kHz y ayudar a controlar la posici\u00f3n del formante de frecuencia ultraalta. Finalmente completamos este controlador a trav\u00e9s del ajuste t\u00e9cnico anterior y comparamos las curvas FR y los datos de distorsi\u00f3n de productos similares para garantizar que KZ EDCX pueda competir con los LEM din\u00e1micos de alta fidelidad profesionales y de alto precio. \u00bb La afinaci\u00f3n en curva en forma de U es un estilo de afinaci\u00f3n reconocido por muchos entusiastas de la alta fidelidad en los \u00faltimos a\u00f1os y su caracter\u00edstica principal es que tiende a seguir la curva de Harman. La sintonizaci\u00f3n del KZ EDCX tambi\u00e9n se ajusta en esta direcci\u00f3n. El estilo de afinaci\u00f3n en forma de U puede considerar tanto las frecuencias bajas como las altas, resaltando la separaci\u00f3n entre las tres frecuencias, por lo que el rendimiento de las bajas frecuencias mantendr\u00e1 la claridad incluso si se aumenta el volumen. En este estilo, hay una diferencia de sensibilidad de aproximadamente 10 dB entre la frecuencia alta y la frecuencia media, por lo que podemos sentir una gran separaci\u00f3n entre la voz y la m\u00fasica instrumental. &#8212;&#8212;&#8212;&#8212;&#8212;&#8212;&#8212;&#8212;&#8212;&#8212;&#8212;&#8212;&#8212;&#8212;&#8212;&#8212;&#8212;&#8212;&#8212;&#8212; CARACTER\u00cdSTICAS \u00bb No tiene micr\u00f3fono. \u00bb Cableado con pin 3.5 mm. \u00bb Peso: 22g \u00bb Tipo de ficha: 3.5 mm \u00bb Frecuencia: 20-40000Hz \u00bb Impedance: 20 \u00bb Sensibilidad: 103 3db \u00bb Contenido: auriculares, cable, 4 almohaditas de reemplazo (diferente tama\u00f1o), manual en ingl\u00e9s.<\/p>\n","protected":false},"featured_media":15017,"template":"","meta":{"site-sidebar-layout":"default","site-content-layout":"","ast-site-content-layout":"default","site-content-style":"default","site-sidebar-style":"default","ast-global-header-display":"","ast-banner-title-visibility":"","ast-main-header-display":"","ast-hfb-above-header-display":"","ast-hfb-below-header-display":"","ast-hfb-mobile-header-display":"","site-post-title":"","ast-breadcrumbs-content":"","ast-featured-img":"","footer-sml-layout":"","theme-transparent-header-meta":"default","adv-header-id-meta":"","stick-header-meta":"","header-above-stick-meta":"","header-main-stick-meta":"","header-below-stick-meta":"","astra-migrate-meta-layouts":"set","ast-page-background-enabled":"default","ast-page-background-meta":{"desktop":{"background-color":"var(--ast-global-color-5)","background-image":"","background-repeat":"repeat","background-position":"center center","background-size":"auto","background-attachment":"scroll","background-type":"","background-media":"","overlay-type":"","overlay-color":"","overlay-opacity":"","overlay-gradient":""},"tablet":{"background-color":"","background-image":"","background-repeat":"repeat","background-position":"center center","background-size":"auto","background-attachment":"scroll","background-type":"","background-media":"","overlay-type":"","overlay-color":"","overlay-opacity":"","overlay-gradient":""},"mobile":{"background-color":"","background-image":"","background-repeat":"repeat","background-position":"center center","background-size":"auto","background-attachment":"scroll","background-type":"","background-media":"","overlay-type":"","overlay-color":"","overlay-opacity":"","overlay-gradient":""}},"ast-content-background-meta":{"desktop":{"background-color":"var(--ast-global-color-4)","background-image":"","background-repeat":"repeat","background-position":"center center","background-size":"auto","background-attachment":"scroll","background-type":"","background-media":"","overlay-type":"","overlay-color":"","overlay-opacity":"","overlay-gradient":""},"tablet":{"background-color":"var(--ast-global-color-4)","background-image":"","background-repeat":"repeat","background-position":"center center","background-size":"auto","background-attachment":"scroll","background-type":"","background-media":"","overlay-type":"","overlay-color":"","overlay-opacity":"","overlay-gradient":""},"mobile":{"background-color":"var(--ast-global-color-4)","background-image":"","background-repeat":"repeat","background-position":"center center","background-size":"auto","background-attachment":"scroll","background-type":"","background-media":"","overlay-type":"","overlay-color":"","overlay-opacity":"","overlay-gradient":""}},"_joinchat":[]},"product_brand":[],"product_cat":[81,61],"product_tag":[],"class_list":{"0":"post-15001","1":"product","2":"type-product","3":"status-publish","4":"has-post-thumbnail","6":"product_cat-auriculares-pc-play-y-xbox","7":"product_cat-auriculares-con-cable","8":"desktop-align-center","9":"tablet-align-left","10":"mobile-align-left","12":"first","13":"instock","14":"shipping-taxable","15":"purchasable","16":"product-type-simple"},"yoast_head":"<!-- This site is optimized with the Yoast SEO plugin v27.3 - https:\/\/yoast.com\/product\/yoast-seo-wordpress\/ -->\n<title>Auriculares In Ear KZ EDCX Plateado Monitoreo Sin Micr\u00f3fono - UnitGames<\/title>\n<meta name=\"robots\" content=\"index, follow, max-snippet:-1, max-image-preview:large, max-video-preview:-1\" \/>\n<link rel=\"canonical\" href=\"https:\/\/unitgames.com.ar\/pc-gamer\/producto\/auriculares-in-ear-kz-edcx-plateado-monitoreo-sin-microfono\/\" \/>\n<meta property=\"og:locale\" content=\"es_ES\" \/>\n<meta property=\"og:type\" content=\"article\" \/>\n<meta property=\"og:title\" content=\"Auriculares In Ear KZ EDCX Plateado Monitoreo Sin Micr\u00f3fono - UnitGames\" \/>\n<meta property=\"og:description\" content=\"Auriculares In ear: KZ EDCX \u00bb En lugar de utilizar el llamado material de diafragma sofisticado, utilizamos el diafragma de PET de 6 micrones de espesor m\u00e1s com\u00fan en el controlador del KZ EDCX. Al mismo tiempo, utilizamos cuatro capas de bobina m\u00f3vil para mejorar su rendimiento de salida. Adem\u00e1s, ajustamos la altura de la bobina m\u00f3vil para ajustar con precisi\u00f3n la ubicaci\u00f3n del formante de alta frecuencia, ajustamos la amortiguaci\u00f3n para controlar la sensibilidad de las bajas frecuencias, ajustamos el tama\u00f1o de la apertura de la cubierta del conductor para controlar la altura del formante de frecuencia ultraalta, comprimiendo el volumen del espacio interno del controlador para controlar la posici\u00f3n del formante de 2-3 kHz y ayudar a controlar la posici\u00f3n del formante de frecuencia ultraalta. Finalmente completamos este controlador a trav\u00e9s del ajuste t\u00e9cnico anterior y comparamos las curvas FR y los datos de distorsi\u00f3n de productos similares para garantizar que KZ EDCX pueda competir con los LEM din\u00e1micos de alta fidelidad profesionales y de alto precio. \u00bb La afinaci\u00f3n en curva en forma de U es un estilo de afinaci\u00f3n reconocido por muchos entusiastas de la alta fidelidad en los \u00faltimos a\u00f1os y su caracter\u00edstica principal es que tiende a seguir la curva de Harman. La sintonizaci\u00f3n del KZ EDCX tambi\u00e9n se ajusta en esta direcci\u00f3n. El estilo de afinaci\u00f3n en forma de U puede considerar tanto las frecuencias bajas como las altas, resaltando la separaci\u00f3n entre las tres frecuencias, por lo que el rendimiento de las bajas frecuencias mantendr\u00e1 la claridad incluso si se aumenta el volumen. En este estilo, hay una diferencia de sensibilidad de aproximadamente 10 dB entre la frecuencia alta y la frecuencia media, por lo que podemos sentir una gran separaci\u00f3n entre la voz y la m\u00fasica instrumental. &#8212;&#8212;&#8212;&#8212;&#8212;&#8212;&#8212;&#8212;&#8212;&#8212;&#8212;&#8212;&#8212;&#8212;&#8212;&#8212;&#8212;&#8212;&#8212;&#8212; CARACTER\u00cdSTICAS \u00bb No tiene micr\u00f3fono. \u00bb Cableado con pin 3.5 mm. \u00bb Peso: 22g \u00bb Tipo de ficha: 3.5 mm \u00bb Frecuencia: 20-40000Hz \u00bb Impedance: 20 \u00bb Sensibilidad: 103 3db \u00bb Contenido: auriculares, cable, 4 almohaditas de reemplazo (diferente tama\u00f1o), manual en ingl\u00e9s.\" \/>\n<meta property=\"og:url\" content=\"https:\/\/unitgames.com.ar\/pc-gamer\/producto\/auriculares-in-ear-kz-edcx-plateado-monitoreo-sin-microfono\/\" \/>\n<meta property=\"og:site_name\" content=\"UnitGames\" \/>\n<meta property=\"article:modified_time\" content=\"2026-02-17T21:21:07+00:00\" \/>\n<meta property=\"og:image\" content=\"https:\/\/unitgames.com.ar\/pc-gamer\/wp-content\/uploads\/2025\/05\/Auriculares-In-Ear-KZ-EDCX-Plateado-Monitoreo-Sin-Microfono.png\" \/>\n\t<meta property=\"og:image:width\" content=\"1283\" \/>\n\t<meta property=\"og:image:height\" content=\"1283\" \/>\n\t<meta property=\"og:image:type\" content=\"image\/png\" \/>\n<meta name=\"twitter:card\" content=\"summary_large_image\" \/>\n<meta name=\"twitter:label1\" content=\"Tiempo de lectura\" \/>\n\t<meta name=\"twitter:data1\" content=\"2 minutos\" \/>\n<script type=\"application\/ld+json\" class=\"yoast-schema-graph\">{\"@context\":\"https:\\\/\\\/schema.org\",\"@graph\":[{\"@type\":\"WebPage\",\"@id\":\"https:\\\/\\\/unitgames.com.ar\\\/pc-gamer\\\/producto\\\/auriculares-in-ear-kz-edcx-plateado-monitoreo-sin-microfono\\\/\",\"url\":\"https:\\\/\\\/unitgames.com.ar\\\/pc-gamer\\\/producto\\\/auriculares-in-ear-kz-edcx-plateado-monitoreo-sin-microfono\\\/\",\"name\":\"Auriculares In Ear KZ EDCX Plateado Monitoreo Sin Micr\u00f3fono - UnitGames\",\"isPartOf\":{\"@id\":\"https:\\\/\\\/unitgames.com.ar\\\/pc-gamer\\\/#website\"},\"primaryImageOfPage\":{\"@id\":\"https:\\\/\\\/unitgames.com.ar\\\/pc-gamer\\\/producto\\\/auriculares-in-ear-kz-edcx-plateado-monitoreo-sin-microfono\\\/#primaryimage\"},\"image\":{\"@id\":\"https:\\\/\\\/unitgames.com.ar\\\/pc-gamer\\\/producto\\\/auriculares-in-ear-kz-edcx-plateado-monitoreo-sin-microfono\\\/#primaryimage\"},\"thumbnailUrl\":\"https:\\\/\\\/unitgames.com.ar\\\/pc-gamer\\\/wp-content\\\/uploads\\\/2025\\\/05\\\/Auriculares-In-Ear-KZ-EDCX-Plateado-Monitoreo-Sin-Microfono.png\",\"datePublished\":\"2025-05-24T22:57:53+00:00\",\"dateModified\":\"2026-02-17T21:21:07+00:00\",\"breadcrumb\":{\"@id\":\"https:\\\/\\\/unitgames.com.ar\\\/pc-gamer\\\/producto\\\/auriculares-in-ear-kz-edcx-plateado-monitoreo-sin-microfono\\\/#breadcrumb\"},\"inLanguage\":\"es\",\"potentialAction\":[{\"@type\":\"ReadAction\",\"target\":[\"https:\\\/\\\/unitgames.com.ar\\\/pc-gamer\\\/producto\\\/auriculares-in-ear-kz-edcx-plateado-monitoreo-sin-microfono\\\/\"]}]},{\"@type\":\"ImageObject\",\"inLanguage\":\"es\",\"@id\":\"https:\\\/\\\/unitgames.com.ar\\\/pc-gamer\\\/producto\\\/auriculares-in-ear-kz-edcx-plateado-monitoreo-sin-microfono\\\/#primaryimage\",\"url\":\"https:\\\/\\\/unitgames.com.ar\\\/pc-gamer\\\/wp-content\\\/uploads\\\/2025\\\/05\\\/Auriculares-In-Ear-KZ-EDCX-Plateado-Monitoreo-Sin-Microfono.png\",\"contentUrl\":\"https:\\\/\\\/unitgames.com.ar\\\/pc-gamer\\\/wp-content\\\/uploads\\\/2025\\\/05\\\/Auriculares-In-Ear-KZ-EDCX-Plateado-Monitoreo-Sin-Microfono.png\",\"width\":1283,\"height\":1283},{\"@type\":\"BreadcrumbList\",\"@id\":\"https:\\\/\\\/unitgames.com.ar\\\/pc-gamer\\\/producto\\\/auriculares-in-ear-kz-edcx-plateado-monitoreo-sin-microfono\\\/#breadcrumb\",\"itemListElement\":[{\"@type\":\"ListItem\",\"position\":1,\"name\":\"Tienda\",\"item\":\"https:\\\/\\\/unitgames.com.ar\\\/pc-gamer\\\/tienda\\\/\"},{\"@type\":\"ListItem\",\"position\":2,\"name\":\"Auriculares In Ear KZ EDCX Plateado Monitoreo Sin Micr\u00f3fono\"}]},{\"@type\":\"WebSite\",\"@id\":\"https:\\\/\\\/unitgames.com.ar\\\/pc-gamer\\\/#website\",\"url\":\"https:\\\/\\\/unitgames.com.ar\\\/pc-gamer\\\/\",\"name\":\"UnitGames\",\"description\":\"Venta de PC Gamers, Consolas , Servicio Tecnico Especializado. Todos en Accesorios Informaticos y Gamers\",\"publisher\":{\"@id\":\"https:\\\/\\\/unitgames.com.ar\\\/pc-gamer\\\/#organization\"},\"potentialAction\":[{\"@type\":\"SearchAction\",\"target\":{\"@type\":\"EntryPoint\",\"urlTemplate\":\"https:\\\/\\\/unitgames.com.ar\\\/pc-gamer\\\/?s={search_term_string}\"},\"query-input\":{\"@type\":\"PropertyValueSpecification\",\"valueRequired\":true,\"valueName\":\"search_term_string\"}}],\"inLanguage\":\"es\"},{\"@type\":\"Organization\",\"@id\":\"https:\\\/\\\/unitgames.com.ar\\\/pc-gamer\\\/#organization\",\"name\":\"UnitGames\",\"url\":\"https:\\\/\\\/unitgames.com.ar\\\/pc-gamer\\\/\",\"logo\":{\"@type\":\"ImageObject\",\"inLanguage\":\"es\",\"@id\":\"https:\\\/\\\/unitgames.com.ar\\\/pc-gamer\\\/#\\\/schema\\\/logo\\\/image\\\/\",\"url\":\"https:\\\/\\\/unitgames.com.ar\\\/pc-gamer\\\/wp-content\\\/uploads\\\/2021\\\/01\\\/cropped-logoUnitGames2.png\",\"contentUrl\":\"https:\\\/\\\/unitgames.com.ar\\\/pc-gamer\\\/wp-content\\\/uploads\\\/2021\\\/01\\\/cropped-logoUnitGames2.png\",\"width\":152,\"height\":200,\"caption\":\"UnitGames\"},\"image\":{\"@id\":\"https:\\\/\\\/unitgames.com.ar\\\/pc-gamer\\\/#\\\/schema\\\/logo\\\/image\\\/\"}}]}<\/script>\n<!-- \/ Yoast SEO plugin. -->","yoast_head_json":{"title":"Auriculares In Ear KZ EDCX Plateado Monitoreo Sin Micr\u00f3fono - UnitGames","robots":{"index":"index","follow":"follow","max-snippet":"max-snippet:-1","max-image-preview":"max-image-preview:large","max-video-preview":"max-video-preview:-1"},"canonical":"https:\/\/unitgames.com.ar\/pc-gamer\/producto\/auriculares-in-ear-kz-edcx-plateado-monitoreo-sin-microfono\/","og_locale":"es_ES","og_type":"article","og_title":"Auriculares In Ear KZ EDCX Plateado Monitoreo Sin Micr\u00f3fono - UnitGames","og_description":"Auriculares In ear: KZ EDCX \u00bb En lugar de utilizar el llamado material de diafragma sofisticado, utilizamos el diafragma de PET de 6 micrones de espesor m\u00e1s com\u00fan en el controlador del KZ EDCX. Al mismo tiempo, utilizamos cuatro capas de bobina m\u00f3vil para mejorar su rendimiento de salida. Adem\u00e1s, ajustamos la altura de la bobina m\u00f3vil para ajustar con precisi\u00f3n la ubicaci\u00f3n del formante de alta frecuencia, ajustamos la amortiguaci\u00f3n para controlar la sensibilidad de las bajas frecuencias, ajustamos el tama\u00f1o de la apertura de la cubierta del conductor para controlar la altura del formante de frecuencia ultraalta, comprimiendo el volumen del espacio interno del controlador para controlar la posici\u00f3n del formante de 2-3 kHz y ayudar a controlar la posici\u00f3n del formante de frecuencia ultraalta. Finalmente completamos este controlador a trav\u00e9s del ajuste t\u00e9cnico anterior y comparamos las curvas FR y los datos de distorsi\u00f3n de productos similares para garantizar que KZ EDCX pueda competir con los LEM din\u00e1micos de alta fidelidad profesionales y de alto precio. \u00bb La afinaci\u00f3n en curva en forma de U es un estilo de afinaci\u00f3n reconocido por muchos entusiastas de la alta fidelidad en los \u00faltimos a\u00f1os y su caracter\u00edstica principal es que tiende a seguir la curva de Harman. La sintonizaci\u00f3n del KZ EDCX tambi\u00e9n se ajusta en esta direcci\u00f3n. El estilo de afinaci\u00f3n en forma de U puede considerar tanto las frecuencias bajas como las altas, resaltando la separaci\u00f3n entre las tres frecuencias, por lo que el rendimiento de las bajas frecuencias mantendr\u00e1 la claridad incluso si se aumenta el volumen. En este estilo, hay una diferencia de sensibilidad de aproximadamente 10 dB entre la frecuencia alta y la frecuencia media, por lo que podemos sentir una gran separaci\u00f3n entre la voz y la m\u00fasica instrumental. &#8212;&#8212;&#8212;&#8212;&#8212;&#8212;&#8212;&#8212;&#8212;&#8212;&#8212;&#8212;&#8212;&#8212;&#8212;&#8212;&#8212;&#8212;&#8212;&#8212; CARACTER\u00cdSTICAS \u00bb No tiene micr\u00f3fono. \u00bb Cableado con pin 3.5 mm. \u00bb Peso: 22g \u00bb Tipo de ficha: 3.5 mm \u00bb Frecuencia: 20-40000Hz \u00bb Impedance: 20 \u00bb Sensibilidad: 103 3db \u00bb Contenido: auriculares, cable, 4 almohaditas de reemplazo (diferente tama\u00f1o), manual en ingl\u00e9s.","og_url":"https:\/\/unitgames.com.ar\/pc-gamer\/producto\/auriculares-in-ear-kz-edcx-plateado-monitoreo-sin-microfono\/","og_site_name":"UnitGames","article_modified_time":"2026-02-17T21:21:07+00:00","og_image":[{"width":1283,"height":1283,"url":"https:\/\/unitgames.com.ar\/pc-gamer\/wp-content\/uploads\/2025\/05\/Auriculares-In-Ear-KZ-EDCX-Plateado-Monitoreo-Sin-Microfono.png","type":"image\/png"}],"twitter_card":"summary_large_image","twitter_misc":{"Tiempo de lectura":"2 minutos"},"schema":{"@context":"https:\/\/schema.org","@graph":[{"@type":"WebPage","@id":"https:\/\/unitgames.com.ar\/pc-gamer\/producto\/auriculares-in-ear-kz-edcx-plateado-monitoreo-sin-microfono\/","url":"https:\/\/unitgames.com.ar\/pc-gamer\/producto\/auriculares-in-ear-kz-edcx-plateado-monitoreo-sin-microfono\/","name":"Auriculares In Ear KZ EDCX Plateado Monitoreo Sin Micr\u00f3fono - UnitGames","isPartOf":{"@id":"https:\/\/unitgames.com.ar\/pc-gamer\/#website"},"primaryImageOfPage":{"@id":"https:\/\/unitgames.com.ar\/pc-gamer\/producto\/auriculares-in-ear-kz-edcx-plateado-monitoreo-sin-microfono\/#primaryimage"},"image":{"@id":"https:\/\/unitgames.com.ar\/pc-gamer\/producto\/auriculares-in-ear-kz-edcx-plateado-monitoreo-sin-microfono\/#primaryimage"},"thumbnailUrl":"https:\/\/unitgames.com.ar\/pc-gamer\/wp-content\/uploads\/2025\/05\/Auriculares-In-Ear-KZ-EDCX-Plateado-Monitoreo-Sin-Microfono.png","datePublished":"2025-05-24T22:57:53+00:00","dateModified":"2026-02-17T21:21:07+00:00","breadcrumb":{"@id":"https:\/\/unitgames.com.ar\/pc-gamer\/producto\/auriculares-in-ear-kz-edcx-plateado-monitoreo-sin-microfono\/#breadcrumb"},"inLanguage":"es","potentialAction":[{"@type":"ReadAction","target":["https:\/\/unitgames.com.ar\/pc-gamer\/producto\/auriculares-in-ear-kz-edcx-plateado-monitoreo-sin-microfono\/"]}]},{"@type":"ImageObject","inLanguage":"es","@id":"https:\/\/unitgames.com.ar\/pc-gamer\/producto\/auriculares-in-ear-kz-edcx-plateado-monitoreo-sin-microfono\/#primaryimage","url":"https:\/\/unitgames.com.ar\/pc-gamer\/wp-content\/uploads\/2025\/05\/Auriculares-In-Ear-KZ-EDCX-Plateado-Monitoreo-Sin-Microfono.png","contentUrl":"https:\/\/unitgames.com.ar\/pc-gamer\/wp-content\/uploads\/2025\/05\/Auriculares-In-Ear-KZ-EDCX-Plateado-Monitoreo-Sin-Microfono.png","width":1283,"height":1283},{"@type":"BreadcrumbList","@id":"https:\/\/unitgames.com.ar\/pc-gamer\/producto\/auriculares-in-ear-kz-edcx-plateado-monitoreo-sin-microfono\/#breadcrumb","itemListElement":[{"@type":"ListItem","position":1,"name":"Tienda","item":"https:\/\/unitgames.com.ar\/pc-gamer\/tienda\/"},{"@type":"ListItem","position":2,"name":"Auriculares In Ear KZ EDCX Plateado Monitoreo Sin Micr\u00f3fono"}]},{"@type":"WebSite","@id":"https:\/\/unitgames.com.ar\/pc-gamer\/#website","url":"https:\/\/unitgames.com.ar\/pc-gamer\/","name":"UnitGames","description":"Venta de PC Gamers, Consolas , Servicio Tecnico Especializado. Todos en Accesorios Informaticos y Gamers","publisher":{"@id":"https:\/\/unitgames.com.ar\/pc-gamer\/#organization"},"potentialAction":[{"@type":"SearchAction","target":{"@type":"EntryPoint","urlTemplate":"https:\/\/unitgames.com.ar\/pc-gamer\/?s={search_term_string}"},"query-input":{"@type":"PropertyValueSpecification","valueRequired":true,"valueName":"search_term_string"}}],"inLanguage":"es"},{"@type":"Organization","@id":"https:\/\/unitgames.com.ar\/pc-gamer\/#organization","name":"UnitGames","url":"https:\/\/unitgames.com.ar\/pc-gamer\/","logo":{"@type":"ImageObject","inLanguage":"es","@id":"https:\/\/unitgames.com.ar\/pc-gamer\/#\/schema\/logo\/image\/","url":"https:\/\/unitgames.com.ar\/pc-gamer\/wp-content\/uploads\/2021\/01\/cropped-logoUnitGames2.png","contentUrl":"https:\/\/unitgames.com.ar\/pc-gamer\/wp-content\/uploads\/2021\/01\/cropped-logoUnitGames2.png","width":152,"height":200,"caption":"UnitGames"},"image":{"@id":"https:\/\/unitgames.com.ar\/pc-gamer\/#\/schema\/logo\/image\/"}}]}},"_links":{"self":[{"href":"https:\/\/unitgames.com.ar\/pc-gamer\/wp-json\/wp\/v2\/product\/15001","targetHints":{"allow":["GET"]}}],"collection":[{"href":"https:\/\/unitgames.com.ar\/pc-gamer\/wp-json\/wp\/v2\/product"}],"about":[{"href":"https:\/\/unitgames.com.ar\/pc-gamer\/wp-json\/wp\/v2\/types\/product"}],"version-history":[{"count":0,"href":"https:\/\/unitgames.com.ar\/pc-gamer\/wp-json\/wp\/v2\/product\/15001\/revisions"}],"wp:featuredmedia":[{"embeddable":true,"href":"https:\/\/unitgames.com.ar\/pc-gamer\/wp-json\/wp\/v2\/media\/15017"}],"wp:attachment":[{"href":"https:\/\/unitgames.com.ar\/pc-gamer\/wp-json\/wp\/v2\/media?parent=15001"}],"wp:term":[{"taxonomy":"product_brand","embeddable":true,"href":"https:\/\/unitgames.com.ar\/pc-gamer\/wp-json\/wp\/v2\/product_brand?post=15001"},{"taxonomy":"product_cat","embeddable":true,"href":"https:\/\/unitgames.com.ar\/pc-gamer\/wp-json\/wp\/v2\/product_cat?post=15001"},{"taxonomy":"product_tag","embeddable":true,"href":"https:\/\/unitgames.com.ar\/pc-gamer\/wp-json\/wp\/v2\/product_tag?post=15001"}],"curies":[{"name":"wp","href":"https:\/\/api.w.org\/{rel}","templated":true}]}}