{"id":15300,"date":"2025-06-01T09:49:37","date_gmt":"2025-06-01T12:49:37","guid":{"rendered":"https:\/\/unitgames.com.ar\/pc-gamer\/?post_type=product&#038;p=15300"},"modified":"2026-05-01T10:52:28","modified_gmt":"2026-05-01T13:52:28","slug":"auricular-thermaltake-esports-shock-pro-rgb-7-1-black","status":"publish","type":"product","link":"https:\/\/unitgames.com.ar\/pc-gamer\/producto\/auricular-thermaltake-esports-shock-pro-rgb-7-1-black\/","title":{"rendered":"Auriculares THERMALTAKE Esports Shock Pro RGB 7.1 Black"},"content":{"rendered":"<p data-start=\"143\" data-end=\"179\">El <strong data-start=\"3\" data-end=\"57\">Auricular Thermaltake Tt eSPORTS Shock Pro RGB 7.1<\/strong> es una opci\u00f3n destacada para quienes buscan una experiencia de audio inmersiva en juegos.<\/p>\n<p>&nbsp;<\/p>\n<h3 data-start=\"143\" data-end=\"179\"><strong data-start=\"150\" data-end=\"179\">Especificaciones T\u00e9cnicas<\/strong><\/h3>\n<p>&nbsp;<\/p>\n<ul>\n<li data-start=\"183\" data-end=\"240\"><strong data-start=\"183\" data-end=\"202\">Tipo de sonido:<\/strong> <span class=\"relative -mx-px my-[-0.2rem] rounded px-px py-[0.2rem] transition-colors duration-100 ease-in-out\">Sonido envolvente virtual 7.1<\/span><\/li>\n<li data-start=\"243\" data-end=\"299\"><strong data-start=\"243\" data-end=\"261\">Controladores:<\/strong> <span class=\"relative -mx-px my-[-0.2rem] rounded px-px py-[0.2rem] transition-colors duration-100 ease-in-out\">40 mm con imanes de neodimio<\/span><\/li>\n<li data-start=\"302\" data-end=\"370\"><strong data-start=\"302\" data-end=\"330\">Respuesta de frecuencia:<\/strong> <span class=\"relative -mx-px my-[-0.2rem] rounded px-px py-[0.2rem] transition-colors duration-100 ease-in-out\">20 Hz \u2013 20 kHz<\/span><\/li>\n<li data-start=\"373\" data-end=\"428\"><strong data-start=\"373\" data-end=\"388\">Impedancia:<\/strong> <span class=\"relative -mx-px my-[-0.2rem] rounded px-px py-[0.2rem] transition-colors duration-100 ease-in-out\">32 ohmios<\/span><\/li>\n<li data-start=\"431\" data-end=\"488\"><strong data-start=\"431\" data-end=\"448\">Sensibilidad:<\/strong> <span class=\"relative -mx-px my-[-0.2rem] rounded px-px py-[0.2rem] transition-colors duration-100 ease-in-out\">110 \u00b1 3 dB<\/span><\/li>\n<li data-start=\"491\" data-end=\"545\"><strong data-start=\"491\" data-end=\"505\">Micr\u00f3fono:<\/strong> <span class=\"relative -mx-px my-[-0.2rem] rounded px-px py-[0.2rem] transition-colors duration-100 ease-in-out\">Retr\u00e1ctil, omnidireccional<\/span><\/li>\n<li data-start=\"550\" data-end=\"621\"><strong data-start=\"550\" data-end=\"581\">Sensibilidad del micr\u00f3fono:<\/strong> <span class=\"relative -mx-px my-[-0.2rem] rounded px-px py-[0.2rem] transition-colors duration-100 ease-in-out\">-38 \u00b1 3 dB<\/span><\/li>\n<li data-start=\"626\" data-end=\"695\"><strong data-start=\"626\" data-end=\"655\">Frecuencia del micr\u00f3fono:<\/strong> <span class=\"relative -mx-px my-[-0.2rem] rounded px-px py-[0.2rem] transition-colors duration-100 ease-in-out\">100 Hz \u2013 10 kHz<\/span><\/li>\n<li data-start=\"698\" data-end=\"719\"><strong data-start=\"698\" data-end=\"715\">Conectividad:<\/strong> USB<\/li>\n<li data-start=\"722\" data-end=\"782\"><strong data-start=\"722\" data-end=\"742\">Iluminaci\u00f3n RGB:<\/strong> <span class=\"relative -mx-px my-[-0.2rem] rounded px-px py-[0.2rem] transition-colors duration-100 ease-in-out\">256 colores con 7 modos predefinidos y 2 efectos de iluminaci\u00f3n<\/span><\/li>\n<li data-start=\"785\" data-end=\"836\"><strong data-start=\"785\" data-end=\"796\">Dise\u00f1o:<\/strong> <span class=\"relative -mx-px my-[-0.2rem] rounded px-px py-[0.2rem] transition-colors duration-100 ease-in-out\">Diadema autoajustable y almohadillas gruesas para mayor comodidad<\/span><\/li>\n<li data-start=\"839\" data-end=\"943\"><strong data-start=\"839\" data-end=\"864\">Controles integrados:<\/strong> <span class=\"relative -mx-px my-[-0.2rem] rounded px-px py-[0.2rem] transition-colors duration-100 ease-in-out\">Acceso r\u00e1pido a volumen, micr\u00f3fono y efectos de iluminaci\u00f3n<\/span><\/li>\n<\/ul>\n<p>&nbsp;<\/p>\n","protected":false},"excerpt":{"rendered":"<p>El Auricular Thermaltake Tt eSPORTS Shock Pro RGB 7.1 es una opci\u00f3n destacada para quienes buscan una experiencia de audio inmersiva en juegos. &nbsp; Especificaciones T\u00e9cnicas &nbsp; Tipo de sonido: Sonido envolvente virtual 7.1 Controladores: 40 mm con imanes de neodimio Respuesta de frecuencia: 20 Hz \u2013 20 kHz Impedancia: 32 ohmios Sensibilidad: 110 \u00b1 3 dB Micr\u00f3fono: Retr\u00e1ctil, omnidireccional Sensibilidad del micr\u00f3fono: -38 \u00b1 3 dB Frecuencia del micr\u00f3fono: 100 Hz \u2013 10 kHz Conectividad: USB Iluminaci\u00f3n RGB: 256 colores con 7 modos predefinidos y 2 efectos de iluminaci\u00f3n Dise\u00f1o: Diadema autoajustable y almohadillas gruesas para mayor comodidad Controles integrados: Acceso r\u00e1pido a volumen, micr\u00f3fono y efectos de iluminaci\u00f3n &nbsp;<\/p>\n","protected":false},"featured_media":15303,"template":"","meta":{"site-sidebar-layout":"default","site-content-layout":"","ast-site-content-layout":"default","site-content-style":"default","site-sidebar-style":"default","ast-global-header-display":"","ast-banner-title-visibility":"","ast-main-header-display":"","ast-hfb-above-header-display":"","ast-hfb-below-header-display":"","ast-hfb-mobile-header-display":"","site-post-title":"","ast-breadcrumbs-content":"","ast-featured-img":"","footer-sml-layout":"","theme-transparent-header-meta":"default","adv-header-id-meta":"","stick-header-meta":"","header-above-stick-meta":"","header-main-stick-meta":"","header-below-stick-meta":"","astra-migrate-meta-layouts":"set","ast-page-background-enabled":"default","ast-page-background-meta":{"desktop":{"background-color":"var(--ast-global-color-5)","background-image":"","background-repeat":"repeat","background-position":"center center","background-size":"auto","background-attachment":"scroll","background-type":"","background-media":"","overlay-type":"","overlay-color":"","overlay-opacity":"","overlay-gradient":""},"tablet":{"background-color":"","background-image":"","background-repeat":"repeat","background-position":"center center","background-size":"auto","background-attachment":"scroll","background-type":"","background-media":"","overlay-type":"","overlay-color":"","overlay-opacity":"","overlay-gradient":""},"mobile":{"background-color":"","background-image":"","background-repeat":"repeat","background-position":"center center","background-size":"auto","background-attachment":"scroll","background-type":"","background-media":"","overlay-type":"","overlay-color":"","overlay-opacity":"","overlay-gradient":""}},"ast-content-background-meta":{"desktop":{"background-color":"var(--ast-global-color-4)","background-image":"","background-repeat":"repeat","background-position":"center center","background-size":"auto","background-attachment":"scroll","background-type":"","background-media":"","overlay-type":"","overlay-color":"","overlay-opacity":"","overlay-gradient":""},"tablet":{"background-color":"var(--ast-global-color-4)","background-image":"","background-repeat":"repeat","background-position":"center center","background-size":"auto","background-attachment":"scroll","background-type":"","background-media":"","overlay-type":"","overlay-color":"","overlay-opacity":"","overlay-gradient":""},"mobile":{"background-color":"var(--ast-global-color-4)","background-image":"","background-repeat":"repeat","background-position":"center center","background-size":"auto","background-attachment":"scroll","background-type":"","background-media":"","overlay-type":"","overlay-color":"","overlay-opacity":"","overlay-gradient":""}},"_joinchat":[]},"product_brand":[],"product_cat":[81,168],"product_tag":[],"class_list":{"0":"post-15300","1":"product","2":"type-product","3":"status-publish","4":"has-post-thumbnail","6":"product_cat-auriculares-pc-play-xbox-celular","7":"product_cat-auriculles-gamers","8":"desktop-align-center","9":"tablet-align-left","10":"mobile-align-left","12":"first","13":"instock","14":"shipping-taxable","15":"purchasable","16":"product-type-simple"},"yoast_head":"<!-- This site is optimized with the Yoast SEO plugin v27.5 - https:\/\/yoast.com\/product\/yoast-seo-wordpress\/ -->\n<title>Auriculares THERMALTAKE Esports Shock Pro RGB 7.1 Black - UnitGames<\/title>\n<meta name=\"robots\" content=\"index, follow, max-snippet:-1, max-image-preview:large, max-video-preview:-1\" \/>\n<link rel=\"canonical\" href=\"https:\/\/unitgames.com.ar\/pc-gamer\/producto\/auricular-thermaltake-esports-shock-pro-rgb-7-1-black\/\" \/>\n<meta property=\"og:locale\" content=\"es_ES\" \/>\n<meta property=\"og:type\" content=\"article\" \/>\n<meta property=\"og:title\" content=\"Auriculares THERMALTAKE Esports Shock Pro RGB 7.1 Black - UnitGames\" \/>\n<meta property=\"og:description\" content=\"El Auricular Thermaltake Tt eSPORTS Shock Pro RGB 7.1 es una opci\u00f3n destacada para quienes buscan una experiencia de audio inmersiva en juegos. &nbsp; Especificaciones T\u00e9cnicas &nbsp; Tipo de sonido: Sonido envolvente virtual 7.1 Controladores: 40 mm con imanes de neodimio Respuesta de frecuencia: 20 Hz \u2013 20 kHz Impedancia: 32 ohmios Sensibilidad: 110 \u00b1 3 dB Micr\u00f3fono: Retr\u00e1ctil, omnidireccional Sensibilidad del micr\u00f3fono: -38 \u00b1 3 dB Frecuencia del micr\u00f3fono: 100 Hz \u2013 10 kHz Conectividad: USB Iluminaci\u00f3n RGB: 256 colores con 7 modos predefinidos y 2 efectos de iluminaci\u00f3n Dise\u00f1o: Diadema autoajustable y almohadillas gruesas para mayor comodidad Controles integrados: Acceso r\u00e1pido a volumen, micr\u00f3fono y efectos de iluminaci\u00f3n &nbsp;\" \/>\n<meta property=\"og:url\" content=\"https:\/\/unitgames.com.ar\/pc-gamer\/producto\/auricular-thermaltake-esports-shock-pro-rgb-7-1-black\/\" \/>\n<meta property=\"og:site_name\" content=\"UnitGames\" \/>\n<meta property=\"article:modified_time\" content=\"2026-05-01T13:52:28+00:00\" \/>\n<meta property=\"og:image\" content=\"https:\/\/unitgames.com.ar\/pc-gamer\/wp-content\/uploads\/2025\/06\/Auricular-THERMALTAKE-Shock-Pro-RGB-7.1-Black.png\" \/>\n\t<meta property=\"og:image:width\" content=\"1263\" \/>\n\t<meta property=\"og:image:height\" content=\"1306\" \/>\n\t<meta property=\"og:image:type\" content=\"image\/png\" \/>\n<meta name=\"twitter:card\" content=\"summary_large_image\" \/>\n<meta name=\"twitter:label1\" content=\"Tiempo de lectura\" \/>\n\t<meta name=\"twitter:data1\" content=\"1 minuto\" \/>\n<script type=\"application\/ld+json\" class=\"yoast-schema-graph\">{\"@context\":\"https:\\\/\\\/schema.org\",\"@graph\":[{\"@type\":\"WebPage\",\"@id\":\"https:\\\/\\\/unitgames.com.ar\\\/pc-gamer\\\/producto\\\/auricular-thermaltake-esports-shock-pro-rgb-7-1-black\\\/\",\"url\":\"https:\\\/\\\/unitgames.com.ar\\\/pc-gamer\\\/producto\\\/auricular-thermaltake-esports-shock-pro-rgb-7-1-black\\\/\",\"name\":\"Auriculares THERMALTAKE Esports Shock Pro RGB 7.1 Black - UnitGames\",\"isPartOf\":{\"@id\":\"https:\\\/\\\/unitgames.com.ar\\\/pc-gamer\\\/#website\"},\"primaryImageOfPage\":{\"@id\":\"https:\\\/\\\/unitgames.com.ar\\\/pc-gamer\\\/producto\\\/auricular-thermaltake-esports-shock-pro-rgb-7-1-black\\\/#primaryimage\"},\"image\":{\"@id\":\"https:\\\/\\\/unitgames.com.ar\\\/pc-gamer\\\/producto\\\/auricular-thermaltake-esports-shock-pro-rgb-7-1-black\\\/#primaryimage\"},\"thumbnailUrl\":\"https:\\\/\\\/unitgames.com.ar\\\/pc-gamer\\\/wp-content\\\/uploads\\\/2025\\\/06\\\/Auricular-THERMALTAKE-Shock-Pro-RGB-7.1-Black.png\",\"datePublished\":\"2025-06-01T12:49:37+00:00\",\"dateModified\":\"2026-05-01T13:52:28+00:00\",\"breadcrumb\":{\"@id\":\"https:\\\/\\\/unitgames.com.ar\\\/pc-gamer\\\/producto\\\/auricular-thermaltake-esports-shock-pro-rgb-7-1-black\\\/#breadcrumb\"},\"inLanguage\":\"es\",\"potentialAction\":[{\"@type\":\"ReadAction\",\"target\":[\"https:\\\/\\\/unitgames.com.ar\\\/pc-gamer\\\/producto\\\/auricular-thermaltake-esports-shock-pro-rgb-7-1-black\\\/\"]}]},{\"@type\":\"ImageObject\",\"inLanguage\":\"es\",\"@id\":\"https:\\\/\\\/unitgames.com.ar\\\/pc-gamer\\\/producto\\\/auricular-thermaltake-esports-shock-pro-rgb-7-1-black\\\/#primaryimage\",\"url\":\"https:\\\/\\\/unitgames.com.ar\\\/pc-gamer\\\/wp-content\\\/uploads\\\/2025\\\/06\\\/Auricular-THERMALTAKE-Shock-Pro-RGB-7.1-Black.png\",\"contentUrl\":\"https:\\\/\\\/unitgames.com.ar\\\/pc-gamer\\\/wp-content\\\/uploads\\\/2025\\\/06\\\/Auricular-THERMALTAKE-Shock-Pro-RGB-7.1-Black.png\",\"width\":1263,\"height\":1306},{\"@type\":\"BreadcrumbList\",\"@id\":\"https:\\\/\\\/unitgames.com.ar\\\/pc-gamer\\\/producto\\\/auricular-thermaltake-esports-shock-pro-rgb-7-1-black\\\/#breadcrumb\",\"itemListElement\":[{\"@type\":\"ListItem\",\"position\":1,\"name\":\"Tienda\",\"item\":\"https:\\\/\\\/unitgames.com.ar\\\/pc-gamer\\\/tienda\\\/\"},{\"@type\":\"ListItem\",\"position\":2,\"name\":\"Auriculares THERMALTAKE Esports Shock Pro RGB 7.1 Black\"}]},{\"@type\":\"WebSite\",\"@id\":\"https:\\\/\\\/unitgames.com.ar\\\/pc-gamer\\\/#website\",\"url\":\"https:\\\/\\\/unitgames.com.ar\\\/pc-gamer\\\/\",\"name\":\"UnitGames\",\"description\":\"Venta de PC Gamers, Consolas , Servicio Tecnico Especializado. Todos en Accesorios Informaticos y Gamers\",\"publisher\":{\"@id\":\"https:\\\/\\\/unitgames.com.ar\\\/pc-gamer\\\/#organization\"},\"potentialAction\":[{\"@type\":\"SearchAction\",\"target\":{\"@type\":\"EntryPoint\",\"urlTemplate\":\"https:\\\/\\\/unitgames.com.ar\\\/pc-gamer\\\/?s={search_term_string}\"},\"query-input\":{\"@type\":\"PropertyValueSpecification\",\"valueRequired\":true,\"valueName\":\"search_term_string\"}}],\"inLanguage\":\"es\"},{\"@type\":\"Organization\",\"@id\":\"https:\\\/\\\/unitgames.com.ar\\\/pc-gamer\\\/#organization\",\"name\":\"UnitGames\",\"url\":\"https:\\\/\\\/unitgames.com.ar\\\/pc-gamer\\\/\",\"logo\":{\"@type\":\"ImageObject\",\"inLanguage\":\"es\",\"@id\":\"https:\\\/\\\/unitgames.com.ar\\\/pc-gamer\\\/#\\\/schema\\\/logo\\\/image\\\/\",\"url\":\"https:\\\/\\\/unitgames.com.ar\\\/pc-gamer\\\/wp-content\\\/uploads\\\/2021\\\/01\\\/cropped-logoUnitGames2.png\",\"contentUrl\":\"https:\\\/\\\/unitgames.com.ar\\\/pc-gamer\\\/wp-content\\\/uploads\\\/2021\\\/01\\\/cropped-logoUnitGames2.png\",\"width\":152,\"height\":200,\"caption\":\"UnitGames\"},\"image\":{\"@id\":\"https:\\\/\\\/unitgames.com.ar\\\/pc-gamer\\\/#\\\/schema\\\/logo\\\/image\\\/\"}}]}<\/script>\n<!-- \/ Yoast SEO plugin. -->","yoast_head_json":{"title":"Auriculares THERMALTAKE Esports Shock Pro RGB 7.1 Black - UnitGames","robots":{"index":"index","follow":"follow","max-snippet":"max-snippet:-1","max-image-preview":"max-image-preview:large","max-video-preview":"max-video-preview:-1"},"canonical":"https:\/\/unitgames.com.ar\/pc-gamer\/producto\/auricular-thermaltake-esports-shock-pro-rgb-7-1-black\/","og_locale":"es_ES","og_type":"article","og_title":"Auriculares THERMALTAKE Esports Shock Pro RGB 7.1 Black - UnitGames","og_description":"El Auricular Thermaltake Tt eSPORTS Shock Pro RGB 7.1 es una opci\u00f3n destacada para quienes buscan una experiencia de audio inmersiva en juegos. &nbsp; Especificaciones T\u00e9cnicas &nbsp; Tipo de sonido: Sonido envolvente virtual 7.1 Controladores: 40 mm con imanes de neodimio Respuesta de frecuencia: 20 Hz \u2013 20 kHz Impedancia: 32 ohmios Sensibilidad: 110 \u00b1 3 dB Micr\u00f3fono: Retr\u00e1ctil, omnidireccional Sensibilidad del micr\u00f3fono: -38 \u00b1 3 dB Frecuencia del micr\u00f3fono: 100 Hz \u2013 10 kHz Conectividad: USB Iluminaci\u00f3n RGB: 256 colores con 7 modos predefinidos y 2 efectos de iluminaci\u00f3n Dise\u00f1o: Diadema autoajustable y almohadillas gruesas para mayor comodidad Controles integrados: Acceso r\u00e1pido a volumen, micr\u00f3fono y efectos de iluminaci\u00f3n &nbsp;","og_url":"https:\/\/unitgames.com.ar\/pc-gamer\/producto\/auricular-thermaltake-esports-shock-pro-rgb-7-1-black\/","og_site_name":"UnitGames","article_modified_time":"2026-05-01T13:52:28+00:00","og_image":[{"width":1263,"height":1306,"url":"https:\/\/unitgames.com.ar\/pc-gamer\/wp-content\/uploads\/2025\/06\/Auricular-THERMALTAKE-Shock-Pro-RGB-7.1-Black.png","type":"image\/png"}],"twitter_card":"summary_large_image","twitter_misc":{"Tiempo de lectura":"1 minuto"},"schema":{"@context":"https:\/\/schema.org","@graph":[{"@type":"WebPage","@id":"https:\/\/unitgames.com.ar\/pc-gamer\/producto\/auricular-thermaltake-esports-shock-pro-rgb-7-1-black\/","url":"https:\/\/unitgames.com.ar\/pc-gamer\/producto\/auricular-thermaltake-esports-shock-pro-rgb-7-1-black\/","name":"Auriculares THERMALTAKE Esports Shock Pro RGB 7.1 Black - UnitGames","isPartOf":{"@id":"https:\/\/unitgames.com.ar\/pc-gamer\/#website"},"primaryImageOfPage":{"@id":"https:\/\/unitgames.com.ar\/pc-gamer\/producto\/auricular-thermaltake-esports-shock-pro-rgb-7-1-black\/#primaryimage"},"image":{"@id":"https:\/\/unitgames.com.ar\/pc-gamer\/producto\/auricular-thermaltake-esports-shock-pro-rgb-7-1-black\/#primaryimage"},"thumbnailUrl":"https:\/\/unitgames.com.ar\/pc-gamer\/wp-content\/uploads\/2025\/06\/Auricular-THERMALTAKE-Shock-Pro-RGB-7.1-Black.png","datePublished":"2025-06-01T12:49:37+00:00","dateModified":"2026-05-01T13:52:28+00:00","breadcrumb":{"@id":"https:\/\/unitgames.com.ar\/pc-gamer\/producto\/auricular-thermaltake-esports-shock-pro-rgb-7-1-black\/#breadcrumb"},"inLanguage":"es","potentialAction":[{"@type":"ReadAction","target":["https:\/\/unitgames.com.ar\/pc-gamer\/producto\/auricular-thermaltake-esports-shock-pro-rgb-7-1-black\/"]}]},{"@type":"ImageObject","inLanguage":"es","@id":"https:\/\/unitgames.com.ar\/pc-gamer\/producto\/auricular-thermaltake-esports-shock-pro-rgb-7-1-black\/#primaryimage","url":"https:\/\/unitgames.com.ar\/pc-gamer\/wp-content\/uploads\/2025\/06\/Auricular-THERMALTAKE-Shock-Pro-RGB-7.1-Black.png","contentUrl":"https:\/\/unitgames.com.ar\/pc-gamer\/wp-content\/uploads\/2025\/06\/Auricular-THERMALTAKE-Shock-Pro-RGB-7.1-Black.png","width":1263,"height":1306},{"@type":"BreadcrumbList","@id":"https:\/\/unitgames.com.ar\/pc-gamer\/producto\/auricular-thermaltake-esports-shock-pro-rgb-7-1-black\/#breadcrumb","itemListElement":[{"@type":"ListItem","position":1,"name":"Tienda","item":"https:\/\/unitgames.com.ar\/pc-gamer\/tienda\/"},{"@type":"ListItem","position":2,"name":"Auriculares THERMALTAKE Esports Shock Pro RGB 7.1 Black"}]},{"@type":"WebSite","@id":"https:\/\/unitgames.com.ar\/pc-gamer\/#website","url":"https:\/\/unitgames.com.ar\/pc-gamer\/","name":"UnitGames","description":"Venta de PC Gamers, Consolas , Servicio Tecnico Especializado. Todos en Accesorios Informaticos y Gamers","publisher":{"@id":"https:\/\/unitgames.com.ar\/pc-gamer\/#organization"},"potentialAction":[{"@type":"SearchAction","target":{"@type":"EntryPoint","urlTemplate":"https:\/\/unitgames.com.ar\/pc-gamer\/?s={search_term_string}"},"query-input":{"@type":"PropertyValueSpecification","valueRequired":true,"valueName":"search_term_string"}}],"inLanguage":"es"},{"@type":"Organization","@id":"https:\/\/unitgames.com.ar\/pc-gamer\/#organization","name":"UnitGames","url":"https:\/\/unitgames.com.ar\/pc-gamer\/","logo":{"@type":"ImageObject","inLanguage":"es","@id":"https:\/\/unitgames.com.ar\/pc-gamer\/#\/schema\/logo\/image\/","url":"https:\/\/unitgames.com.ar\/pc-gamer\/wp-content\/uploads\/2021\/01\/cropped-logoUnitGames2.png","contentUrl":"https:\/\/unitgames.com.ar\/pc-gamer\/wp-content\/uploads\/2021\/01\/cropped-logoUnitGames2.png","width":152,"height":200,"caption":"UnitGames"},"image":{"@id":"https:\/\/unitgames.com.ar\/pc-gamer\/#\/schema\/logo\/image\/"}}]}},"_links":{"self":[{"href":"https:\/\/unitgames.com.ar\/pc-gamer\/wp-json\/wp\/v2\/product\/15300","targetHints":{"allow":["GET"]}}],"collection":[{"href":"https:\/\/unitgames.com.ar\/pc-gamer\/wp-json\/wp\/v2\/product"}],"about":[{"href":"https:\/\/unitgames.com.ar\/pc-gamer\/wp-json\/wp\/v2\/types\/product"}],"version-history":[{"count":1,"href":"https:\/\/unitgames.com.ar\/pc-gamer\/wp-json\/wp\/v2\/product\/15300\/revisions"}],"predecessor-version":[{"id":21115,"href":"https:\/\/unitgames.com.ar\/pc-gamer\/wp-json\/wp\/v2\/product\/15300\/revisions\/21115"}],"wp:featuredmedia":[{"embeddable":true,"href":"https:\/\/unitgames.com.ar\/pc-gamer\/wp-json\/wp\/v2\/media\/15303"}],"wp:attachment":[{"href":"https:\/\/unitgames.com.ar\/pc-gamer\/wp-json\/wp\/v2\/media?parent=15300"}],"wp:term":[{"taxonomy":"product_brand","embeddable":true,"href":"https:\/\/unitgames.com.ar\/pc-gamer\/wp-json\/wp\/v2\/product_brand?post=15300"},{"taxonomy":"product_cat","embeddable":true,"href":"https:\/\/unitgames.com.ar\/pc-gamer\/wp-json\/wp\/v2\/product_cat?post=15300"},{"taxonomy":"product_tag","embeddable":true,"href":"https:\/\/unitgames.com.ar\/pc-gamer\/wp-json\/wp\/v2\/product_tag?post=15300"}],"curies":[{"name":"wp","href":"https:\/\/api.w.org\/{rel}","templated":true}]}}