{"id":15556,"date":"2025-06-10T23:47:33","date_gmt":"2025-06-11T02:47:33","guid":{"rendered":"https:\/\/unitgames.com.ar\/pc-gamer\/?post_type=product&#038;p=15556"},"modified":"2026-05-01T10:52:28","modified_gmt":"2026-05-01T13:52:28","slug":"auricular-havit-fuxi-h7-wb-white","status":"publish","type":"product","link":"https:\/\/unitgames.com.ar\/pc-gamer\/producto\/auricular-havit-fuxi-h7-wb-white\/","title":{"rendered":"Auricular Inalambrico HAVIT FUXI-H7-WB White"},"content":{"rendered":"<h3 data-start=\"146\" data-end=\"177\">Caracter\u00edsticas principales<\/h3>\n<p>&nbsp;<\/p>\n<ul>\n<li data-start=\"181\" data-end=\"198\"><strong data-start=\"181\" data-end=\"190\">Color<\/strong>: Blanco<\/li>\n<li data-start=\"201\" data-end=\"300\"><strong data-start=\"201\" data-end=\"211\">Sonido<\/strong>: Drivers de 40\u202fmm con perfil equilibrado, buena presencia de graves y claridad en voces.<\/li>\n<li data-start=\"303\" data-end=\"397\"><strong data-start=\"303\" data-end=\"316\">Micr\u00f3fono<\/strong>: Incorporado con brazo abatible y cancelaci\u00f3n de ruido para comunicaci\u00f3n n\u00edtida.<\/li>\n<li data-start=\"400\" data-end=\"426\"><strong data-start=\"400\" data-end=\"425\">Conectividad m\u00faltiple<\/strong>:\n<ul>\n<li style=\"list-style-type: none;\">\n<ul>\n<li data-start=\"431\" data-end=\"463\">Inal\u00e1mbrica 2.4\u202fGHz (dongle USB)<\/li>\n<li data-start=\"468\" data-end=\"477\">Bluetooth<\/li>\n<li data-start=\"482\" data-end=\"504\">Cable anal\u00f3gico 3,5\u202fmm<\/li>\n<li data-start=\"509\" data-end=\"523\">Conexi\u00f3n USB\u2011C<\/li>\n<\/ul>\n<\/li>\n<\/ul>\n<\/li>\n<li data-start=\"526\" data-end=\"611\"><strong data-start=\"526\" data-end=\"539\">Autonom\u00eda<\/strong>: Bater\u00eda recargable de larga duraci\u00f3n (hasta 18 horas de uso continuo).<\/li>\n<li data-start=\"614\" data-end=\"631\"><strong data-start=\"614\" data-end=\"630\">Construcci\u00f3n<\/strong>:\n<ul>\n<li style=\"list-style-type: none;\">\n<ul>\n<li data-start=\"636\" data-end=\"664\">Diadema liviana y resistente<\/li>\n<li data-start=\"669\" data-end=\"735\">Almohadillas de tela respirable, c\u00f3modas para sesiones prolongadas<\/li>\n<\/ul>\n<\/li>\n<\/ul>\n<\/li>\n<li data-start=\"738\" data-end=\"760\"><strong data-start=\"738\" data-end=\"746\">Peso<\/strong>: Aprox. 240\u202fg<\/li>\n<\/ul>\n<h3 data-start=\"762\" data-end=\"774\">Ventajas<\/h3>\n<p>&nbsp;<\/p>\n<ul data-start=\"776\" data-end=\"973\">\n<li data-start=\"776\" data-end=\"849\">\n<p data-start=\"778\" data-end=\"849\">Funciona con PC, consolas y m\u00f3viles gracias a su conectividad vers\u00e1til.<\/p>\n<\/li>\n<li data-start=\"850\" data-end=\"908\">\n<p data-start=\"852\" data-end=\"908\">C\u00f3modo, liviano y adaptable para largos periodos de uso.<\/p>\n<\/li>\n<li data-start=\"909\" data-end=\"973\">\n<p data-start=\"911\" data-end=\"973\">Sonido claro y envolvente, ideal para gaming o uso multimedia.<\/p>\n<\/li>\n<\/ul>\n<div>\n<div><\/div>\n<\/div>\n","protected":false},"excerpt":{"rendered":"<p>Caracter\u00edsticas principales &nbsp; Color: Blanco Sonido: Drivers de 40\u202fmm con perfil equilibrado, buena presencia de graves y claridad en voces. Micr\u00f3fono: Incorporado con brazo abatible y cancelaci\u00f3n de ruido para comunicaci\u00f3n n\u00edtida. Conectividad m\u00faltiple: Inal\u00e1mbrica 2.4\u202fGHz (dongle USB) Bluetooth Cable anal\u00f3gico 3,5\u202fmm Conexi\u00f3n USB\u2011C Autonom\u00eda: Bater\u00eda recargable de larga duraci\u00f3n (hasta 18 horas de uso continuo). Construcci\u00f3n: Diadema liviana y resistente Almohadillas de tela respirable, c\u00f3modas para sesiones prolongadas Peso: Aprox. 240\u202fg Ventajas &nbsp; Funciona con PC, consolas y m\u00f3viles gracias a su conectividad vers\u00e1til. C\u00f3modo, liviano y adaptable para largos periodos de uso. Sonido claro y envolvente, ideal para gaming o uso multimedia.<\/p>\n","protected":false},"featured_media":15584,"template":"","meta":{"site-sidebar-layout":"default","site-content-layout":"","ast-site-content-layout":"default","site-content-style":"default","site-sidebar-style":"default","ast-global-header-display":"","ast-banner-title-visibility":"","ast-main-header-display":"","ast-hfb-above-header-display":"","ast-hfb-below-header-display":"","ast-hfb-mobile-header-display":"","site-post-title":"","ast-breadcrumbs-content":"","ast-featured-img":"","footer-sml-layout":"","theme-transparent-header-meta":"default","adv-header-id-meta":"","stick-header-meta":"","header-above-stick-meta":"","header-main-stick-meta":"","header-below-stick-meta":"","astra-migrate-meta-layouts":"set","ast-page-background-enabled":"default","ast-page-background-meta":{"desktop":{"background-color":"var(--ast-global-color-5)","background-image":"","background-repeat":"repeat","background-position":"center center","background-size":"auto","background-attachment":"scroll","background-type":"","background-media":"","overlay-type":"","overlay-color":"","overlay-opacity":"","overlay-gradient":""},"tablet":{"background-color":"","background-image":"","background-repeat":"repeat","background-position":"center center","background-size":"auto","background-attachment":"scroll","background-type":"","background-media":"","overlay-type":"","overlay-color":"","overlay-opacity":"","overlay-gradient":""},"mobile":{"background-color":"","background-image":"","background-repeat":"repeat","background-position":"center center","background-size":"auto","background-attachment":"scroll","background-type":"","background-media":"","overlay-type":"","overlay-color":"","overlay-opacity":"","overlay-gradient":""}},"ast-content-background-meta":{"desktop":{"background-color":"var(--ast-global-color-4)","background-image":"","background-repeat":"repeat","background-position":"center center","background-size":"auto","background-attachment":"scroll","background-type":"","background-media":"","overlay-type":"","overlay-color":"","overlay-opacity":"","overlay-gradient":""},"tablet":{"background-color":"var(--ast-global-color-4)","background-image":"","background-repeat":"repeat","background-position":"center center","background-size":"auto","background-attachment":"scroll","background-type":"","background-media":"","overlay-type":"","overlay-color":"","overlay-opacity":"","overlay-gradient":""},"mobile":{"background-color":"var(--ast-global-color-4)","background-image":"","background-repeat":"repeat","background-position":"center center","background-size":"auto","background-attachment":"scroll","background-type":"","background-media":"","overlay-type":"","overlay-color":"","overlay-opacity":"","overlay-gradient":""}},"_joinchat":[]},"product_brand":[],"product_cat":[81,168],"product_tag":[],"class_list":{"0":"post-15556","1":"product","2":"type-product","3":"status-publish","4":"has-post-thumbnail","6":"product_cat-auriculares-pc-play-xbox-celular","7":"product_cat-auriculles-gamers","8":"desktop-align-center","9":"tablet-align-left","10":"mobile-align-left","12":"first","13":"instock","14":"shipping-taxable","15":"purchasable","16":"product-type-simple"},"yoast_head":"<!-- This site is optimized with the Yoast SEO plugin v27.5 - https:\/\/yoast.com\/product\/yoast-seo-wordpress\/ -->\n<title>Auricular Inalambrico HAVIT FUXI-H7-WB White - UnitGames<\/title>\n<meta name=\"robots\" content=\"index, follow, max-snippet:-1, max-image-preview:large, max-video-preview:-1\" \/>\n<link rel=\"canonical\" href=\"https:\/\/unitgames.com.ar\/pc-gamer\/producto\/auricular-havit-fuxi-h7-wb-white\/\" \/>\n<meta property=\"og:locale\" content=\"es_ES\" \/>\n<meta property=\"og:type\" content=\"article\" \/>\n<meta property=\"og:title\" content=\"Auricular Inalambrico HAVIT FUXI-H7-WB White - UnitGames\" \/>\n<meta property=\"og:description\" content=\"Caracter\u00edsticas principales &nbsp; Color: Blanco Sonido: Drivers de 40\u202fmm con perfil equilibrado, buena presencia de graves y claridad en voces. Micr\u00f3fono: Incorporado con brazo abatible y cancelaci\u00f3n de ruido para comunicaci\u00f3n n\u00edtida. Conectividad m\u00faltiple: Inal\u00e1mbrica 2.4\u202fGHz (dongle USB) Bluetooth Cable anal\u00f3gico 3,5\u202fmm Conexi\u00f3n USB\u2011C Autonom\u00eda: Bater\u00eda recargable de larga duraci\u00f3n (hasta 18 horas de uso continuo). Construcci\u00f3n: Diadema liviana y resistente Almohadillas de tela respirable, c\u00f3modas para sesiones prolongadas Peso: Aprox. 240\u202fg Ventajas &nbsp; Funciona con PC, consolas y m\u00f3viles gracias a su conectividad vers\u00e1til. C\u00f3modo, liviano y adaptable para largos periodos de uso. Sonido claro y envolvente, ideal para gaming o uso multimedia.\" \/>\n<meta property=\"og:url\" content=\"https:\/\/unitgames.com.ar\/pc-gamer\/producto\/auricular-havit-fuxi-h7-wb-white\/\" \/>\n<meta property=\"og:site_name\" content=\"UnitGames\" \/>\n<meta property=\"article:modified_time\" content=\"2026-05-01T13:52:28+00:00\" \/>\n<meta property=\"og:image\" content=\"https:\/\/unitgames.com.ar\/pc-gamer\/wp-content\/uploads\/2025\/06\/Auricular-HAVIT-FUXI-H7-WB-White.png\" \/>\n\t<meta property=\"og:image:width\" content=\"1263\" \/>\n\t<meta property=\"og:image:height\" content=\"1285\" \/>\n\t<meta property=\"og:image:type\" content=\"image\/png\" \/>\n<meta name=\"twitter:card\" content=\"summary_large_image\" \/>\n<meta name=\"twitter:label1\" content=\"Tiempo de lectura\" \/>\n\t<meta name=\"twitter:data1\" content=\"1 minuto\" \/>\n<script type=\"application\/ld+json\" class=\"yoast-schema-graph\">{\"@context\":\"https:\\\/\\\/schema.org\",\"@graph\":[{\"@type\":\"WebPage\",\"@id\":\"https:\\\/\\\/unitgames.com.ar\\\/pc-gamer\\\/producto\\\/auricular-havit-fuxi-h7-wb-white\\\/\",\"url\":\"https:\\\/\\\/unitgames.com.ar\\\/pc-gamer\\\/producto\\\/auricular-havit-fuxi-h7-wb-white\\\/\",\"name\":\"Auricular Inalambrico HAVIT FUXI-H7-WB White - UnitGames\",\"isPartOf\":{\"@id\":\"https:\\\/\\\/unitgames.com.ar\\\/pc-gamer\\\/#website\"},\"primaryImageOfPage\":{\"@id\":\"https:\\\/\\\/unitgames.com.ar\\\/pc-gamer\\\/producto\\\/auricular-havit-fuxi-h7-wb-white\\\/#primaryimage\"},\"image\":{\"@id\":\"https:\\\/\\\/unitgames.com.ar\\\/pc-gamer\\\/producto\\\/auricular-havit-fuxi-h7-wb-white\\\/#primaryimage\"},\"thumbnailUrl\":\"https:\\\/\\\/unitgames.com.ar\\\/pc-gamer\\\/wp-content\\\/uploads\\\/2025\\\/06\\\/Auricular-HAVIT-FUXI-H7-WB-White.png\",\"datePublished\":\"2025-06-11T02:47:33+00:00\",\"dateModified\":\"2026-05-01T13:52:28+00:00\",\"breadcrumb\":{\"@id\":\"https:\\\/\\\/unitgames.com.ar\\\/pc-gamer\\\/producto\\\/auricular-havit-fuxi-h7-wb-white\\\/#breadcrumb\"},\"inLanguage\":\"es\",\"potentialAction\":[{\"@type\":\"ReadAction\",\"target\":[\"https:\\\/\\\/unitgames.com.ar\\\/pc-gamer\\\/producto\\\/auricular-havit-fuxi-h7-wb-white\\\/\"]}]},{\"@type\":\"ImageObject\",\"inLanguage\":\"es\",\"@id\":\"https:\\\/\\\/unitgames.com.ar\\\/pc-gamer\\\/producto\\\/auricular-havit-fuxi-h7-wb-white\\\/#primaryimage\",\"url\":\"https:\\\/\\\/unitgames.com.ar\\\/pc-gamer\\\/wp-content\\\/uploads\\\/2025\\\/06\\\/Auricular-HAVIT-FUXI-H7-WB-White.png\",\"contentUrl\":\"https:\\\/\\\/unitgames.com.ar\\\/pc-gamer\\\/wp-content\\\/uploads\\\/2025\\\/06\\\/Auricular-HAVIT-FUXI-H7-WB-White.png\",\"width\":1263,\"height\":1285},{\"@type\":\"BreadcrumbList\",\"@id\":\"https:\\\/\\\/unitgames.com.ar\\\/pc-gamer\\\/producto\\\/auricular-havit-fuxi-h7-wb-white\\\/#breadcrumb\",\"itemListElement\":[{\"@type\":\"ListItem\",\"position\":1,\"name\":\"Tienda\",\"item\":\"https:\\\/\\\/unitgames.com.ar\\\/pc-gamer\\\/tienda\\\/\"},{\"@type\":\"ListItem\",\"position\":2,\"name\":\"Auricular Inalambrico HAVIT FUXI-H7-WB White\"}]},{\"@type\":\"WebSite\",\"@id\":\"https:\\\/\\\/unitgames.com.ar\\\/pc-gamer\\\/#website\",\"url\":\"https:\\\/\\\/unitgames.com.ar\\\/pc-gamer\\\/\",\"name\":\"UnitGames\",\"description\":\"Venta de PC Gamers, Consolas , Servicio Tecnico Especializado. Todos en Accesorios Informaticos y Gamers\",\"publisher\":{\"@id\":\"https:\\\/\\\/unitgames.com.ar\\\/pc-gamer\\\/#organization\"},\"potentialAction\":[{\"@type\":\"SearchAction\",\"target\":{\"@type\":\"EntryPoint\",\"urlTemplate\":\"https:\\\/\\\/unitgames.com.ar\\\/pc-gamer\\\/?s={search_term_string}\"},\"query-input\":{\"@type\":\"PropertyValueSpecification\",\"valueRequired\":true,\"valueName\":\"search_term_string\"}}],\"inLanguage\":\"es\"},{\"@type\":\"Organization\",\"@id\":\"https:\\\/\\\/unitgames.com.ar\\\/pc-gamer\\\/#organization\",\"name\":\"UnitGames\",\"url\":\"https:\\\/\\\/unitgames.com.ar\\\/pc-gamer\\\/\",\"logo\":{\"@type\":\"ImageObject\",\"inLanguage\":\"es\",\"@id\":\"https:\\\/\\\/unitgames.com.ar\\\/pc-gamer\\\/#\\\/schema\\\/logo\\\/image\\\/\",\"url\":\"https:\\\/\\\/unitgames.com.ar\\\/pc-gamer\\\/wp-content\\\/uploads\\\/2021\\\/01\\\/cropped-logoUnitGames2.png\",\"contentUrl\":\"https:\\\/\\\/unitgames.com.ar\\\/pc-gamer\\\/wp-content\\\/uploads\\\/2021\\\/01\\\/cropped-logoUnitGames2.png\",\"width\":152,\"height\":200,\"caption\":\"UnitGames\"},\"image\":{\"@id\":\"https:\\\/\\\/unitgames.com.ar\\\/pc-gamer\\\/#\\\/schema\\\/logo\\\/image\\\/\"}}]}<\/script>\n<!-- \/ Yoast SEO plugin. -->","yoast_head_json":{"title":"Auricular Inalambrico HAVIT FUXI-H7-WB White - UnitGames","robots":{"index":"index","follow":"follow","max-snippet":"max-snippet:-1","max-image-preview":"max-image-preview:large","max-video-preview":"max-video-preview:-1"},"canonical":"https:\/\/unitgames.com.ar\/pc-gamer\/producto\/auricular-havit-fuxi-h7-wb-white\/","og_locale":"es_ES","og_type":"article","og_title":"Auricular Inalambrico HAVIT FUXI-H7-WB White - UnitGames","og_description":"Caracter\u00edsticas principales &nbsp; Color: Blanco Sonido: Drivers de 40\u202fmm con perfil equilibrado, buena presencia de graves y claridad en voces. Micr\u00f3fono: Incorporado con brazo abatible y cancelaci\u00f3n de ruido para comunicaci\u00f3n n\u00edtida. Conectividad m\u00faltiple: Inal\u00e1mbrica 2.4\u202fGHz (dongle USB) Bluetooth Cable anal\u00f3gico 3,5\u202fmm Conexi\u00f3n USB\u2011C Autonom\u00eda: Bater\u00eda recargable de larga duraci\u00f3n (hasta 18 horas de uso continuo). Construcci\u00f3n: Diadema liviana y resistente Almohadillas de tela respirable, c\u00f3modas para sesiones prolongadas Peso: Aprox. 240\u202fg Ventajas &nbsp; Funciona con PC, consolas y m\u00f3viles gracias a su conectividad vers\u00e1til. C\u00f3modo, liviano y adaptable para largos periodos de uso. Sonido claro y envolvente, ideal para gaming o uso multimedia.","og_url":"https:\/\/unitgames.com.ar\/pc-gamer\/producto\/auricular-havit-fuxi-h7-wb-white\/","og_site_name":"UnitGames","article_modified_time":"2026-05-01T13:52:28+00:00","og_image":[{"width":1263,"height":1285,"url":"https:\/\/unitgames.com.ar\/pc-gamer\/wp-content\/uploads\/2025\/06\/Auricular-HAVIT-FUXI-H7-WB-White.png","type":"image\/png"}],"twitter_card":"summary_large_image","twitter_misc":{"Tiempo de lectura":"1 minuto"},"schema":{"@context":"https:\/\/schema.org","@graph":[{"@type":"WebPage","@id":"https:\/\/unitgames.com.ar\/pc-gamer\/producto\/auricular-havit-fuxi-h7-wb-white\/","url":"https:\/\/unitgames.com.ar\/pc-gamer\/producto\/auricular-havit-fuxi-h7-wb-white\/","name":"Auricular Inalambrico HAVIT FUXI-H7-WB White - UnitGames","isPartOf":{"@id":"https:\/\/unitgames.com.ar\/pc-gamer\/#website"},"primaryImageOfPage":{"@id":"https:\/\/unitgames.com.ar\/pc-gamer\/producto\/auricular-havit-fuxi-h7-wb-white\/#primaryimage"},"image":{"@id":"https:\/\/unitgames.com.ar\/pc-gamer\/producto\/auricular-havit-fuxi-h7-wb-white\/#primaryimage"},"thumbnailUrl":"https:\/\/unitgames.com.ar\/pc-gamer\/wp-content\/uploads\/2025\/06\/Auricular-HAVIT-FUXI-H7-WB-White.png","datePublished":"2025-06-11T02:47:33+00:00","dateModified":"2026-05-01T13:52:28+00:00","breadcrumb":{"@id":"https:\/\/unitgames.com.ar\/pc-gamer\/producto\/auricular-havit-fuxi-h7-wb-white\/#breadcrumb"},"inLanguage":"es","potentialAction":[{"@type":"ReadAction","target":["https:\/\/unitgames.com.ar\/pc-gamer\/producto\/auricular-havit-fuxi-h7-wb-white\/"]}]},{"@type":"ImageObject","inLanguage":"es","@id":"https:\/\/unitgames.com.ar\/pc-gamer\/producto\/auricular-havit-fuxi-h7-wb-white\/#primaryimage","url":"https:\/\/unitgames.com.ar\/pc-gamer\/wp-content\/uploads\/2025\/06\/Auricular-HAVIT-FUXI-H7-WB-White.png","contentUrl":"https:\/\/unitgames.com.ar\/pc-gamer\/wp-content\/uploads\/2025\/06\/Auricular-HAVIT-FUXI-H7-WB-White.png","width":1263,"height":1285},{"@type":"BreadcrumbList","@id":"https:\/\/unitgames.com.ar\/pc-gamer\/producto\/auricular-havit-fuxi-h7-wb-white\/#breadcrumb","itemListElement":[{"@type":"ListItem","position":1,"name":"Tienda","item":"https:\/\/unitgames.com.ar\/pc-gamer\/tienda\/"},{"@type":"ListItem","position":2,"name":"Auricular Inalambrico HAVIT FUXI-H7-WB White"}]},{"@type":"WebSite","@id":"https:\/\/unitgames.com.ar\/pc-gamer\/#website","url":"https:\/\/unitgames.com.ar\/pc-gamer\/","name":"UnitGames","description":"Venta de PC Gamers, Consolas , Servicio Tecnico Especializado. Todos en Accesorios Informaticos y Gamers","publisher":{"@id":"https:\/\/unitgames.com.ar\/pc-gamer\/#organization"},"potentialAction":[{"@type":"SearchAction","target":{"@type":"EntryPoint","urlTemplate":"https:\/\/unitgames.com.ar\/pc-gamer\/?s={search_term_string}"},"query-input":{"@type":"PropertyValueSpecification","valueRequired":true,"valueName":"search_term_string"}}],"inLanguage":"es"},{"@type":"Organization","@id":"https:\/\/unitgames.com.ar\/pc-gamer\/#organization","name":"UnitGames","url":"https:\/\/unitgames.com.ar\/pc-gamer\/","logo":{"@type":"ImageObject","inLanguage":"es","@id":"https:\/\/unitgames.com.ar\/pc-gamer\/#\/schema\/logo\/image\/","url":"https:\/\/unitgames.com.ar\/pc-gamer\/wp-content\/uploads\/2021\/01\/cropped-logoUnitGames2.png","contentUrl":"https:\/\/unitgames.com.ar\/pc-gamer\/wp-content\/uploads\/2021\/01\/cropped-logoUnitGames2.png","width":152,"height":200,"caption":"UnitGames"},"image":{"@id":"https:\/\/unitgames.com.ar\/pc-gamer\/#\/schema\/logo\/image\/"}}]}},"_links":{"self":[{"href":"https:\/\/unitgames.com.ar\/pc-gamer\/wp-json\/wp\/v2\/product\/15556","targetHints":{"allow":["GET"]}}],"collection":[{"href":"https:\/\/unitgames.com.ar\/pc-gamer\/wp-json\/wp\/v2\/product"}],"about":[{"href":"https:\/\/unitgames.com.ar\/pc-gamer\/wp-json\/wp\/v2\/types\/product"}],"version-history":[{"count":1,"href":"https:\/\/unitgames.com.ar\/pc-gamer\/wp-json\/wp\/v2\/product\/15556\/revisions"}],"predecessor-version":[{"id":21114,"href":"https:\/\/unitgames.com.ar\/pc-gamer\/wp-json\/wp\/v2\/product\/15556\/revisions\/21114"}],"wp:featuredmedia":[{"embeddable":true,"href":"https:\/\/unitgames.com.ar\/pc-gamer\/wp-json\/wp\/v2\/media\/15584"}],"wp:attachment":[{"href":"https:\/\/unitgames.com.ar\/pc-gamer\/wp-json\/wp\/v2\/media?parent=15556"}],"wp:term":[{"taxonomy":"product_brand","embeddable":true,"href":"https:\/\/unitgames.com.ar\/pc-gamer\/wp-json\/wp\/v2\/product_brand?post=15556"},{"taxonomy":"product_cat","embeddable":true,"href":"https:\/\/unitgames.com.ar\/pc-gamer\/wp-json\/wp\/v2\/product_cat?post=15556"},{"taxonomy":"product_tag","embeddable":true,"href":"https:\/\/unitgames.com.ar\/pc-gamer\/wp-json\/wp\/v2\/product_tag?post=15556"}],"curies":[{"name":"wp","href":"https:\/\/api.w.org\/{rel}","templated":true}]}}