{"id":15877,"date":"2025-07-05T19:17:48","date_gmt":"2025-07-05T22:17:48","guid":{"rendered":"https:\/\/unitgames.com.ar\/pc-gamer\/?post_type=product&#038;p=15877"},"modified":"2026-01-29T20:02:53","modified_gmt":"2026-01-29T23:02:53","slug":"mouse-logitech-g-pro-2-lightspeed-white","status":"publish","type":"product","link":"https:\/\/unitgames.com.ar\/pc-gamer\/producto\/mouse-logitech-g-pro-2-lightspeed-white\/","title":{"rendered":"Mouse LOGITECH G Pro 2 Lightspeed White"},"content":{"rendered":"<h3 data-start=\"44\" data-end=\"77\">Especificaciones T\u00e9cnicas<\/h3>\n<p>&nbsp;<\/p>\n<ul data-start=\"79\" data-end=\"1454\">\n<li data-start=\"79\" data-end=\"102\">\n<p data-start=\"81\" data-end=\"102\"><strong data-start=\"81\" data-end=\"91\">Marca:<\/strong> Logitech<\/p>\n<\/li>\n<li data-start=\"103\" data-end=\"144\">\n<p data-start=\"105\" data-end=\"144\"><span class=\"relative -mx-px my-[-0.2rem] rounded px-px py-[0.2rem] transition-colors duration-100 ease-in-out\"><strong data-start=\"0\" data-end=\"11\" data-is-only-node=\"\">Modelo:<\/strong> G\u202fPro\u202f2 Lightspeed<\/span><\/p>\n<\/li>\n<li data-start=\"145\" data-end=\"166\">\n<p data-start=\"147\" data-end=\"166\"><strong data-start=\"147\" data-end=\"157\">Color:<\/strong> Blanco<\/p>\n<\/li>\n<li data-start=\"167\" data-end=\"208\">\n<p data-start=\"169\" data-end=\"208\"><span class=\"relative -mx-px my-[-0.2rem] rounded px-px py-[0.2rem] transition-colors duration-100 ease-in-out\"><strong data-start=\"0\" data-end=\"11\" data-is-only-node=\"\">Sensor:<\/strong> HERO\u202f2 (\u00f3ptico)<\/span><\/p>\n<\/li>\n<li data-start=\"209\" data-end=\"288\">\n<p data-start=\"211\" data-end=\"288\"><span class=\"relative -mx-px my-[-0.2rem] rounded px-px py-[0.2rem] transition-colors duration-100 ease-in-out\"><strong data-start=\"0\" data-end=\"8\" data-is-only-node=\"\">DPI:<\/strong> Ajustable de 100 a 32\u202f000 DPI (var\u00eda seg\u00fan fuente de 32K o hasta 44K en estreno HERO 2)<\/span><\/p>\n<\/li>\n<li data-start=\"289\" data-end=\"368\">\n<p data-start=\"291\" data-end=\"368\"><span class=\"relative -mx-px my-[-0.2rem] rounded px-px py-[0.2rem] transition-colors duration-100 ease-in-out\"><strong data-start=\"0\" data-end=\"36\" data-is-only-node=\"\">Velocidad m\u00e1xima de seguimiento:<\/strong> +\u202f400\u202fIPS; aceleraci\u00f3n &gt;\u202f40\u202fG<\/span><\/p>\n<\/li>\n<li data-start=\"369\" data-end=\"448\">\n<p data-start=\"371\" data-end=\"448\"><span class=\"relative -mx-px my-[-0.2rem] rounded px-px py-[0.2rem] transition-colors duration-100 ease-in-out\"><strong data-start=\"0\" data-end=\"30\" data-is-only-node=\"\">Tasa de informe (polling):<\/strong> 1\u202f000\u202fHz (modo inal\u00e1mbrico Lightspeed)<\/span><\/p>\n<\/li>\n<li data-start=\"449\" data-end=\"530\">\n<p data-start=\"451\" data-end=\"530\"><span class=\"relative -mx-px my-[-0.2rem] rounded px-px py-[0.2rem] transition-colors duration-100 ease-in-out\"><strong data-start=\"0\" data-end=\"27\" data-is-only-node=\"\">Tecnolog\u00eda inal\u00e1mbrica:<\/strong> Lightspeed 2.4\u202fGHz, conexi\u00f3n por dongle USB incluido<\/span><\/p>\n<\/li>\n<li data-start=\"531\" data-end=\"614\">\n<p data-start=\"533\" data-end=\"614\"><span class=\"relative -mx-px my-[-0.2rem] rounded px-px py-[0.2rem] transition-colors duration-100 ease-in-out\"><strong data-start=\"0\" data-end=\"22\" data-is-only-node=\"\">Conexi\u00f3n cableada:<\/strong> USB\u2011C para carga y uso en modo cableado<\/span><\/p>\n<\/li>\n<li data-start=\"615\" data-end=\"698\">\n<p data-start=\"617\" data-end=\"698\"><span class=\"relative -mx-px my-[-0.2rem] rounded px-px py-[0.2rem] transition-colors duration-100 ease-in-out\"><strong data-start=\"0\" data-end=\"12\" data-is-only-node=\"\">Botones:<\/strong> Ambidiestro con botones laterales magn\u00e9ticos configurables; total de 6\u20138 botones programables<\/span><\/p>\n<\/li>\n<li data-start=\"699\" data-end=\"782\">\n<p data-start=\"701\" data-end=\"782\"><span class=\"relative -mx-px my-[-0.2rem] rounded px-px py-[0.2rem] transition-colors duration-100 ease-in-out\"><strong data-start=\"0\" data-end=\"18\" data-is-only-node=\"\">Interruptores:<\/strong> Optical LIGHTFORCE, alta durabilidad, sin dobles clic<\/span><\/p>\n<\/li>\n<li data-start=\"783\" data-end=\"866\">\n<p data-start=\"785\" data-end=\"866\"><span class=\"relative -mx-px my-[-0.2rem] rounded px-px py-[0.2rem] transition-colors duration-100 ease-in-out\"><strong data-start=\"0\" data-end=\"16\" data-is-only-node=\"\">Iluminaci\u00f3n:<\/strong> RGB LIGHTSYNC (zona del logotipo)<\/span><\/p>\n<\/li>\n<li data-start=\"867\" data-end=\"950\">\n<p data-start=\"869\" data-end=\"950\"><span class=\"relative -mx-px my-[-0.2rem] rounded px-px py-[0.2rem] transition-colors duration-100 ease-in-out\"><strong data-start=\"0\" data-end=\"9\" data-is-only-node=\"\">Peso:<\/strong> Aproximadamente 80\u202fg (sin cable)<\/span><\/p>\n<\/li>\n<li data-start=\"951\" data-end=\"1034\">\n<p data-start=\"953\" data-end=\"1034\"><span class=\"relative -mx-px my-[-0.2rem] rounded px-px py-[0.2rem] transition-colors duration-100 ease-in-out\"><strong data-start=\"0\" data-end=\"20\" data-is-only-node=\"\">Memoria onboard:<\/strong> Guarda perfiles configurados sin necesidad de software<\/span><\/p>\n<\/li>\n<li data-start=\"1035\" data-end=\"1118\">\n<p data-start=\"1037\" data-end=\"1118\"><span class=\"relative -mx-px my-[-0.2rem] rounded px-px py-[0.2rem] transition-colors duration-100 ease-in-out\"><strong data-start=\"0\" data-end=\"32\" data-is-only-node=\"\">Superficie de deslizamiento:<\/strong> Patas PTFE de baja fricci\u00f3n<\/span><\/p>\n<\/li>\n<li data-start=\"1119\" data-end=\"1202\">\n<p data-start=\"1121\" data-end=\"1202\"><span class=\"relative -mx-px my-[-0.2rem] rounded px-px py-[0.2rem] transition-colors duration-100 ease-in-out\"><strong data-start=\"0\" data-end=\"12\" data-is-only-node=\"\">Bater\u00eda:<\/strong> Hasta 60\u202fh con iluminaci\u00f3n RGB encendida; hasta 95\u202fh sin iluminaci\u00f3n<\/span><\/p>\n<\/li>\n<li data-start=\"1203\" data-end=\"1286\">\n<p data-start=\"1205\" data-end=\"1286\"><span class=\"relative -mx-px my-[-0.2rem] rounded px-px py-[0.2rem] transition-colors duration-100 ease-in-out\"><strong data-start=\"0\" data-end=\"16\" data-is-only-node=\"\">Dimensiones:<\/strong> 126\u202f\u00d7\u202f63.5\u202f\u00d7\u202f40\u202fmm<\/span><\/p>\n<\/li>\n<li data-start=\"1287\" data-end=\"1370\">\n<p data-start=\"1289\" data-end=\"1370\"><span class=\"relative -mx-px my-[-0.2rem] rounded px-px py-[0.2rem] transition-colors duration-100 ease-in-out\"><strong data-start=\"0\" data-end=\"19\" data-is-only-node=\"\">Compatibilidad:<\/strong> Windows, macOS (configuraci\u00f3n en Logitech G HUB)<\/span><\/p>\n<\/li>\n<\/ul>\n","protected":false},"excerpt":{"rendered":"<p>Especificaciones T\u00e9cnicas &nbsp; Marca: Logitech Modelo: G\u202fPro\u202f2 Lightspeed Color: Blanco Sensor: HERO\u202f2 (\u00f3ptico) DPI: Ajustable de 100 a 32\u202f000 DPI (var\u00eda seg\u00fan fuente de 32K o hasta 44K en estreno HERO 2) Velocidad m\u00e1xima de seguimiento: +\u202f400\u202fIPS; aceleraci\u00f3n &gt;\u202f40\u202fG Tasa de informe (polling): 1\u202f000\u202fHz (modo inal\u00e1mbrico Lightspeed) Tecnolog\u00eda inal\u00e1mbrica: Lightspeed 2.4\u202fGHz, conexi\u00f3n por dongle USB incluido Conexi\u00f3n cableada: USB\u2011C para carga y uso en modo cableado Botones: Ambidiestro con botones laterales magn\u00e9ticos configurables; total de 6\u20138 botones programables Interruptores: Optical LIGHTFORCE, alta durabilidad, sin dobles clic Iluminaci\u00f3n: RGB LIGHTSYNC (zona del logotipo) Peso: Aproximadamente 80\u202fg (sin cable) Memoria onboard: Guarda perfiles configurados sin necesidad de software Superficie de deslizamiento: Patas PTFE de baja fricci\u00f3n Bater\u00eda: Hasta 60\u202fh con iluminaci\u00f3n RGB encendida; hasta 95\u202fh sin iluminaci\u00f3n Dimensiones: 126\u202f\u00d7\u202f63.5\u202f\u00d7\u202f40\u202fmm Compatibilidad: Windows, macOS (configuraci\u00f3n en Logitech G HUB)<\/p>\n","protected":false},"featured_media":15928,"template":"","meta":{"site-sidebar-layout":"default","site-content-layout":"","ast-site-content-layout":"default","site-content-style":"default","site-sidebar-style":"default","ast-global-header-display":"","ast-banner-title-visibility":"","ast-main-header-display":"","ast-hfb-above-header-display":"","ast-hfb-below-header-display":"","ast-hfb-mobile-header-display":"","site-post-title":"","ast-breadcrumbs-content":"","ast-featured-img":"","footer-sml-layout":"","theme-transparent-header-meta":"default","adv-header-id-meta":"","stick-header-meta":"","header-above-stick-meta":"","header-main-stick-meta":"","header-below-stick-meta":"","astra-migrate-meta-layouts":"set","ast-page-background-enabled":"default","ast-page-background-meta":{"desktop":{"background-color":"var(--ast-global-color-5)","background-image":"","background-repeat":"repeat","background-position":"center center","background-size":"auto","background-attachment":"scroll","background-type":"","background-media":"","overlay-type":"","overlay-color":"","overlay-opacity":"","overlay-gradient":""},"tablet":{"background-color":"","background-image":"","background-repeat":"repeat","background-position":"center center","background-size":"auto","background-attachment":"scroll","background-type":"","background-media":"","overlay-type":"","overlay-color":"","overlay-opacity":"","overlay-gradient":""},"mobile":{"background-color":"","background-image":"","background-repeat":"repeat","background-position":"center center","background-size":"auto","background-attachment":"scroll","background-type":"","background-media":"","overlay-type":"","overlay-color":"","overlay-opacity":"","overlay-gradient":""}},"ast-content-background-meta":{"desktop":{"background-color":"var(--ast-global-color-4)","background-image":"","background-repeat":"repeat","background-position":"center center","background-size":"auto","background-attachment":"scroll","background-type":"","background-media":"","overlay-type":"","overlay-color":"","overlay-opacity":"","overlay-gradient":""},"tablet":{"background-color":"var(--ast-global-color-4)","background-image":"","background-repeat":"repeat","background-position":"center center","background-size":"auto","background-attachment":"scroll","background-type":"","background-media":"","overlay-type":"","overlay-color":"","overlay-opacity":"","overlay-gradient":""},"mobile":{"background-color":"var(--ast-global-color-4)","background-image":"","background-repeat":"repeat","background-position":"center center","background-size":"auto","background-attachment":"scroll","background-type":"","background-media":"","overlay-type":"","overlay-color":"","overlay-opacity":"","overlay-gradient":""}},"_joinchat":[]},"product_brand":[],"product_cat":[89],"product_tag":[],"class_list":{"0":"post-15877","1":"product","2":"type-product","3":"status-publish","4":"has-post-thumbnail","6":"product_cat-gamers-competitivos","7":"desktop-align-center","8":"tablet-align-left","9":"mobile-align-left","11":"first","12":"instock","13":"shipping-taxable","14":"purchasable","15":"product-type-simple"},"yoast_head":"<!-- This site is optimized with the Yoast SEO plugin v27.5 - https:\/\/yoast.com\/product\/yoast-seo-wordpress\/ -->\n<title>Mouse LOGITECH G Pro 2 Lightspeed White - UnitGames<\/title>\n<meta name=\"robots\" content=\"index, follow, max-snippet:-1, max-image-preview:large, max-video-preview:-1\" \/>\n<link rel=\"canonical\" href=\"https:\/\/unitgames.com.ar\/pc-gamer\/producto\/mouse-logitech-g-pro-2-lightspeed-white\/\" \/>\n<meta property=\"og:locale\" content=\"es_ES\" \/>\n<meta property=\"og:type\" content=\"article\" \/>\n<meta property=\"og:title\" content=\"Mouse LOGITECH G Pro 2 Lightspeed White - UnitGames\" \/>\n<meta property=\"og:description\" content=\"Especificaciones T\u00e9cnicas &nbsp; Marca: Logitech Modelo: G\u202fPro\u202f2 Lightspeed Color: Blanco Sensor: HERO\u202f2 (\u00f3ptico) DPI: Ajustable de 100 a 32\u202f000 DPI (var\u00eda seg\u00fan fuente de 32K o hasta 44K en estreno HERO 2) Velocidad m\u00e1xima de seguimiento: +\u202f400\u202fIPS; aceleraci\u00f3n &gt;\u202f40\u202fG Tasa de informe (polling): 1\u202f000\u202fHz (modo inal\u00e1mbrico Lightspeed) Tecnolog\u00eda inal\u00e1mbrica: Lightspeed 2.4\u202fGHz, conexi\u00f3n por dongle USB incluido Conexi\u00f3n cableada: USB\u2011C para carga y uso en modo cableado Botones: Ambidiestro con botones laterales magn\u00e9ticos configurables; total de 6\u20138 botones programables Interruptores: Optical LIGHTFORCE, alta durabilidad, sin dobles clic Iluminaci\u00f3n: RGB LIGHTSYNC (zona del logotipo) Peso: Aproximadamente 80\u202fg (sin cable) Memoria onboard: Guarda perfiles configurados sin necesidad de software Superficie de deslizamiento: Patas PTFE de baja fricci\u00f3n Bater\u00eda: Hasta 60\u202fh con iluminaci\u00f3n RGB encendida; hasta 95\u202fh sin iluminaci\u00f3n Dimensiones: 126\u202f\u00d7\u202f63.5\u202f\u00d7\u202f40\u202fmm Compatibilidad: Windows, macOS (configuraci\u00f3n en Logitech G HUB)\" \/>\n<meta property=\"og:url\" content=\"https:\/\/unitgames.com.ar\/pc-gamer\/producto\/mouse-logitech-g-pro-2-lightspeed-white\/\" \/>\n<meta property=\"og:site_name\" content=\"UnitGames\" \/>\n<meta property=\"article:modified_time\" content=\"2026-01-29T23:02:53+00:00\" \/>\n<meta property=\"og:image\" content=\"https:\/\/unitgames.com.ar\/pc-gamer\/wp-content\/uploads\/2025\/07\/Mouse-LOGITECH-G-Pro-2-Lightspeed-White.png\" \/>\n\t<meta property=\"og:image:width\" content=\"1263\" \/>\n\t<meta property=\"og:image:height\" content=\"1285\" \/>\n\t<meta property=\"og:image:type\" content=\"image\/png\" \/>\n<meta name=\"twitter:card\" content=\"summary_large_image\" \/>\n<meta name=\"twitter:label1\" content=\"Tiempo de lectura\" \/>\n\t<meta name=\"twitter:data1\" content=\"1 minuto\" \/>\n<script type=\"application\/ld+json\" class=\"yoast-schema-graph\">{\"@context\":\"https:\\\/\\\/schema.org\",\"@graph\":[{\"@type\":\"WebPage\",\"@id\":\"https:\\\/\\\/unitgames.com.ar\\\/pc-gamer\\\/producto\\\/mouse-logitech-g-pro-2-lightspeed-white\\\/\",\"url\":\"https:\\\/\\\/unitgames.com.ar\\\/pc-gamer\\\/producto\\\/mouse-logitech-g-pro-2-lightspeed-white\\\/\",\"name\":\"Mouse LOGITECH G Pro 2 Lightspeed White - UnitGames\",\"isPartOf\":{\"@id\":\"https:\\\/\\\/unitgames.com.ar\\\/pc-gamer\\\/#website\"},\"primaryImageOfPage\":{\"@id\":\"https:\\\/\\\/unitgames.com.ar\\\/pc-gamer\\\/producto\\\/mouse-logitech-g-pro-2-lightspeed-white\\\/#primaryimage\"},\"image\":{\"@id\":\"https:\\\/\\\/unitgames.com.ar\\\/pc-gamer\\\/producto\\\/mouse-logitech-g-pro-2-lightspeed-white\\\/#primaryimage\"},\"thumbnailUrl\":\"https:\\\/\\\/unitgames.com.ar\\\/pc-gamer\\\/wp-content\\\/uploads\\\/2025\\\/07\\\/Mouse-LOGITECH-G-Pro-2-Lightspeed-White.png\",\"datePublished\":\"2025-07-05T22:17:48+00:00\",\"dateModified\":\"2026-01-29T23:02:53+00:00\",\"breadcrumb\":{\"@id\":\"https:\\\/\\\/unitgames.com.ar\\\/pc-gamer\\\/producto\\\/mouse-logitech-g-pro-2-lightspeed-white\\\/#breadcrumb\"},\"inLanguage\":\"es\",\"potentialAction\":[{\"@type\":\"ReadAction\",\"target\":[\"https:\\\/\\\/unitgames.com.ar\\\/pc-gamer\\\/producto\\\/mouse-logitech-g-pro-2-lightspeed-white\\\/\"]}]},{\"@type\":\"ImageObject\",\"inLanguage\":\"es\",\"@id\":\"https:\\\/\\\/unitgames.com.ar\\\/pc-gamer\\\/producto\\\/mouse-logitech-g-pro-2-lightspeed-white\\\/#primaryimage\",\"url\":\"https:\\\/\\\/unitgames.com.ar\\\/pc-gamer\\\/wp-content\\\/uploads\\\/2025\\\/07\\\/Mouse-LOGITECH-G-Pro-2-Lightspeed-White.png\",\"contentUrl\":\"https:\\\/\\\/unitgames.com.ar\\\/pc-gamer\\\/wp-content\\\/uploads\\\/2025\\\/07\\\/Mouse-LOGITECH-G-Pro-2-Lightspeed-White.png\",\"width\":1263,\"height\":1285},{\"@type\":\"BreadcrumbList\",\"@id\":\"https:\\\/\\\/unitgames.com.ar\\\/pc-gamer\\\/producto\\\/mouse-logitech-g-pro-2-lightspeed-white\\\/#breadcrumb\",\"itemListElement\":[{\"@type\":\"ListItem\",\"position\":1,\"name\":\"Tienda\",\"item\":\"https:\\\/\\\/unitgames.com.ar\\\/pc-gamer\\\/tienda\\\/\"},{\"@type\":\"ListItem\",\"position\":2,\"name\":\"Mouse LOGITECH G Pro 2 Lightspeed White\"}]},{\"@type\":\"WebSite\",\"@id\":\"https:\\\/\\\/unitgames.com.ar\\\/pc-gamer\\\/#website\",\"url\":\"https:\\\/\\\/unitgames.com.ar\\\/pc-gamer\\\/\",\"name\":\"UnitGames\",\"description\":\"Venta de PC Gamers, Consolas , Servicio Tecnico Especializado. Todos en Accesorios Informaticos y Gamers\",\"publisher\":{\"@id\":\"https:\\\/\\\/unitgames.com.ar\\\/pc-gamer\\\/#organization\"},\"potentialAction\":[{\"@type\":\"SearchAction\",\"target\":{\"@type\":\"EntryPoint\",\"urlTemplate\":\"https:\\\/\\\/unitgames.com.ar\\\/pc-gamer\\\/?s={search_term_string}\"},\"query-input\":{\"@type\":\"PropertyValueSpecification\",\"valueRequired\":true,\"valueName\":\"search_term_string\"}}],\"inLanguage\":\"es\"},{\"@type\":\"Organization\",\"@id\":\"https:\\\/\\\/unitgames.com.ar\\\/pc-gamer\\\/#organization\",\"name\":\"UnitGames\",\"url\":\"https:\\\/\\\/unitgames.com.ar\\\/pc-gamer\\\/\",\"logo\":{\"@type\":\"ImageObject\",\"inLanguage\":\"es\",\"@id\":\"https:\\\/\\\/unitgames.com.ar\\\/pc-gamer\\\/#\\\/schema\\\/logo\\\/image\\\/\",\"url\":\"https:\\\/\\\/unitgames.com.ar\\\/pc-gamer\\\/wp-content\\\/uploads\\\/2021\\\/01\\\/cropped-logoUnitGames2.png\",\"contentUrl\":\"https:\\\/\\\/unitgames.com.ar\\\/pc-gamer\\\/wp-content\\\/uploads\\\/2021\\\/01\\\/cropped-logoUnitGames2.png\",\"width\":152,\"height\":200,\"caption\":\"UnitGames\"},\"image\":{\"@id\":\"https:\\\/\\\/unitgames.com.ar\\\/pc-gamer\\\/#\\\/schema\\\/logo\\\/image\\\/\"}}]}<\/script>\n<!-- \/ Yoast SEO plugin. -->","yoast_head_json":{"title":"Mouse LOGITECH G Pro 2 Lightspeed White - UnitGames","robots":{"index":"index","follow":"follow","max-snippet":"max-snippet:-1","max-image-preview":"max-image-preview:large","max-video-preview":"max-video-preview:-1"},"canonical":"https:\/\/unitgames.com.ar\/pc-gamer\/producto\/mouse-logitech-g-pro-2-lightspeed-white\/","og_locale":"es_ES","og_type":"article","og_title":"Mouse LOGITECH G Pro 2 Lightspeed White - UnitGames","og_description":"Especificaciones T\u00e9cnicas &nbsp; Marca: Logitech Modelo: G\u202fPro\u202f2 Lightspeed Color: Blanco Sensor: HERO\u202f2 (\u00f3ptico) DPI: Ajustable de 100 a 32\u202f000 DPI (var\u00eda seg\u00fan fuente de 32K o hasta 44K en estreno HERO 2) Velocidad m\u00e1xima de seguimiento: +\u202f400\u202fIPS; aceleraci\u00f3n &gt;\u202f40\u202fG Tasa de informe (polling): 1\u202f000\u202fHz (modo inal\u00e1mbrico Lightspeed) Tecnolog\u00eda inal\u00e1mbrica: Lightspeed 2.4\u202fGHz, conexi\u00f3n por dongle USB incluido Conexi\u00f3n cableada: USB\u2011C para carga y uso en modo cableado Botones: Ambidiestro con botones laterales magn\u00e9ticos configurables; total de 6\u20138 botones programables Interruptores: Optical LIGHTFORCE, alta durabilidad, sin dobles clic Iluminaci\u00f3n: RGB LIGHTSYNC (zona del logotipo) Peso: Aproximadamente 80\u202fg (sin cable) Memoria onboard: Guarda perfiles configurados sin necesidad de software Superficie de deslizamiento: Patas PTFE de baja fricci\u00f3n Bater\u00eda: Hasta 60\u202fh con iluminaci\u00f3n RGB encendida; hasta 95\u202fh sin iluminaci\u00f3n Dimensiones: 126\u202f\u00d7\u202f63.5\u202f\u00d7\u202f40\u202fmm Compatibilidad: Windows, macOS (configuraci\u00f3n en Logitech G HUB)","og_url":"https:\/\/unitgames.com.ar\/pc-gamer\/producto\/mouse-logitech-g-pro-2-lightspeed-white\/","og_site_name":"UnitGames","article_modified_time":"2026-01-29T23:02:53+00:00","og_image":[{"width":1263,"height":1285,"url":"https:\/\/unitgames.com.ar\/pc-gamer\/wp-content\/uploads\/2025\/07\/Mouse-LOGITECH-G-Pro-2-Lightspeed-White.png","type":"image\/png"}],"twitter_card":"summary_large_image","twitter_misc":{"Tiempo de lectura":"1 minuto"},"schema":{"@context":"https:\/\/schema.org","@graph":[{"@type":"WebPage","@id":"https:\/\/unitgames.com.ar\/pc-gamer\/producto\/mouse-logitech-g-pro-2-lightspeed-white\/","url":"https:\/\/unitgames.com.ar\/pc-gamer\/producto\/mouse-logitech-g-pro-2-lightspeed-white\/","name":"Mouse LOGITECH G Pro 2 Lightspeed White - UnitGames","isPartOf":{"@id":"https:\/\/unitgames.com.ar\/pc-gamer\/#website"},"primaryImageOfPage":{"@id":"https:\/\/unitgames.com.ar\/pc-gamer\/producto\/mouse-logitech-g-pro-2-lightspeed-white\/#primaryimage"},"image":{"@id":"https:\/\/unitgames.com.ar\/pc-gamer\/producto\/mouse-logitech-g-pro-2-lightspeed-white\/#primaryimage"},"thumbnailUrl":"https:\/\/unitgames.com.ar\/pc-gamer\/wp-content\/uploads\/2025\/07\/Mouse-LOGITECH-G-Pro-2-Lightspeed-White.png","datePublished":"2025-07-05T22:17:48+00:00","dateModified":"2026-01-29T23:02:53+00:00","breadcrumb":{"@id":"https:\/\/unitgames.com.ar\/pc-gamer\/producto\/mouse-logitech-g-pro-2-lightspeed-white\/#breadcrumb"},"inLanguage":"es","potentialAction":[{"@type":"ReadAction","target":["https:\/\/unitgames.com.ar\/pc-gamer\/producto\/mouse-logitech-g-pro-2-lightspeed-white\/"]}]},{"@type":"ImageObject","inLanguage":"es","@id":"https:\/\/unitgames.com.ar\/pc-gamer\/producto\/mouse-logitech-g-pro-2-lightspeed-white\/#primaryimage","url":"https:\/\/unitgames.com.ar\/pc-gamer\/wp-content\/uploads\/2025\/07\/Mouse-LOGITECH-G-Pro-2-Lightspeed-White.png","contentUrl":"https:\/\/unitgames.com.ar\/pc-gamer\/wp-content\/uploads\/2025\/07\/Mouse-LOGITECH-G-Pro-2-Lightspeed-White.png","width":1263,"height":1285},{"@type":"BreadcrumbList","@id":"https:\/\/unitgames.com.ar\/pc-gamer\/producto\/mouse-logitech-g-pro-2-lightspeed-white\/#breadcrumb","itemListElement":[{"@type":"ListItem","position":1,"name":"Tienda","item":"https:\/\/unitgames.com.ar\/pc-gamer\/tienda\/"},{"@type":"ListItem","position":2,"name":"Mouse LOGITECH G Pro 2 Lightspeed White"}]},{"@type":"WebSite","@id":"https:\/\/unitgames.com.ar\/pc-gamer\/#website","url":"https:\/\/unitgames.com.ar\/pc-gamer\/","name":"UnitGames","description":"Venta de PC Gamers, Consolas , Servicio Tecnico Especializado. Todos en Accesorios Informaticos y Gamers","publisher":{"@id":"https:\/\/unitgames.com.ar\/pc-gamer\/#organization"},"potentialAction":[{"@type":"SearchAction","target":{"@type":"EntryPoint","urlTemplate":"https:\/\/unitgames.com.ar\/pc-gamer\/?s={search_term_string}"},"query-input":{"@type":"PropertyValueSpecification","valueRequired":true,"valueName":"search_term_string"}}],"inLanguage":"es"},{"@type":"Organization","@id":"https:\/\/unitgames.com.ar\/pc-gamer\/#organization","name":"UnitGames","url":"https:\/\/unitgames.com.ar\/pc-gamer\/","logo":{"@type":"ImageObject","inLanguage":"es","@id":"https:\/\/unitgames.com.ar\/pc-gamer\/#\/schema\/logo\/image\/","url":"https:\/\/unitgames.com.ar\/pc-gamer\/wp-content\/uploads\/2021\/01\/cropped-logoUnitGames2.png","contentUrl":"https:\/\/unitgames.com.ar\/pc-gamer\/wp-content\/uploads\/2021\/01\/cropped-logoUnitGames2.png","width":152,"height":200,"caption":"UnitGames"},"image":{"@id":"https:\/\/unitgames.com.ar\/pc-gamer\/#\/schema\/logo\/image\/"}}]}},"_links":{"self":[{"href":"https:\/\/unitgames.com.ar\/pc-gamer\/wp-json\/wp\/v2\/product\/15877","targetHints":{"allow":["GET"]}}],"collection":[{"href":"https:\/\/unitgames.com.ar\/pc-gamer\/wp-json\/wp\/v2\/product"}],"about":[{"href":"https:\/\/unitgames.com.ar\/pc-gamer\/wp-json\/wp\/v2\/types\/product"}],"version-history":[{"count":0,"href":"https:\/\/unitgames.com.ar\/pc-gamer\/wp-json\/wp\/v2\/product\/15877\/revisions"}],"wp:featuredmedia":[{"embeddable":true,"href":"https:\/\/unitgames.com.ar\/pc-gamer\/wp-json\/wp\/v2\/media\/15928"}],"wp:attachment":[{"href":"https:\/\/unitgames.com.ar\/pc-gamer\/wp-json\/wp\/v2\/media?parent=15877"}],"wp:term":[{"taxonomy":"product_brand","embeddable":true,"href":"https:\/\/unitgames.com.ar\/pc-gamer\/wp-json\/wp\/v2\/product_brand?post=15877"},{"taxonomy":"product_cat","embeddable":true,"href":"https:\/\/unitgames.com.ar\/pc-gamer\/wp-json\/wp\/v2\/product_cat?post=15877"},{"taxonomy":"product_tag","embeddable":true,"href":"https:\/\/unitgames.com.ar\/pc-gamer\/wp-json\/wp\/v2\/product_tag?post=15877"}],"curies":[{"name":"wp","href":"https:\/\/api.w.org\/{rel}","templated":true}]}}