{"id":16056,"date":"2025-07-06T11:36:49","date_gmt":"2025-07-06T14:36:49","guid":{"rendered":"https:\/\/unitgames.com.ar\/pc-gamer\/?post_type=product&#038;p=16056"},"modified":"2026-01-09T07:14:22","modified_gmt":"2026-01-09T10:14:22","slug":"mouse-aureox-lasersight-blanco","status":"publish","type":"product","link":"https:\/\/unitgames.com.ar\/pc-gamer\/producto\/mouse-aureox-lasersight-blanco\/","title":{"rendered":"Mouse AUREOX LaserSight Blanco"},"content":{"rendered":"<h3 data-start=\"140\" data-end=\"173\">Especificaciones T\u00e9cnicas<\/h3>\n<p>&nbsp;<\/p>\n<ul data-start=\"175\" data-end=\"1046\">\n<li data-start=\"175\" data-end=\"196\">\n<p data-start=\"177\" data-end=\"196\"><strong data-start=\"177\" data-end=\"187\">Marca:<\/strong> Aureox<\/p>\n<\/li>\n<li data-start=\"197\" data-end=\"229\">\n<p data-start=\"199\" data-end=\"229\"><strong data-start=\"199\" data-end=\"210\">Modelo:<\/strong> LaserSight GM400<\/p>\n<\/li>\n<li data-start=\"230\" data-end=\"281\">\n<p data-start=\"232\" data-end=\"281\"><strong data-start=\"232\" data-end=\"242\">Color:<\/strong> Negro (tambi\u00e9n disponible en blanco)<\/p>\n<\/li>\n<li data-start=\"282\" data-end=\"364\">\n<p data-start=\"284\" data-end=\"364\"><strong data-start=\"284\" data-end=\"297\">Conexi\u00f3n:<\/strong> Cable USB\u2011A de 1,7\u202fm trenzado, con anillo magn\u00e9tico anti\u2011torsi\u00f3n<\/p>\n<\/li>\n<li data-start=\"365\" data-end=\"461\">\n<p data-start=\"367\" data-end=\"461\"><strong data-start=\"367\" data-end=\"378\">Sensor:<\/strong> \u00d3ptico de grado gaming, hasta 4\u202f800 DPI (ajustables en 6 niveles: 800\u20134\u202f800 DPI)<\/p>\n<\/li>\n<li data-start=\"462\" data-end=\"559\">\n<p data-start=\"464\" data-end=\"559\"><strong data-start=\"464\" data-end=\"476\">Botones:<\/strong> 9 programables (incluida rueda, botones dedicados para disparo\/apuntar y macros)<\/p>\n<\/li>\n<li data-start=\"560\" data-end=\"634\">\n<p data-start=\"562\" data-end=\"634\"><strong data-start=\"562\" data-end=\"580\">Interruptores:<\/strong> Omron con durabilidad de hasta 10 millones de clics<\/p>\n<\/li>\n<li data-start=\"635\" data-end=\"710\">\n<p data-start=\"637\" data-end=\"710\"><strong data-start=\"637\" data-end=\"653\">Iluminaci\u00f3n:<\/strong> RGB envolvente con indicador de DPI y efectos visuales<\/p>\n<\/li>\n<li data-start=\"711\" data-end=\"789\">\n<p data-start=\"713\" data-end=\"789\"><strong data-start=\"713\" data-end=\"732\">Peso ajustable:<\/strong> Incluye 3 pesas de 5\u202fg para personalizar (total +15\u202fg)<\/p>\n<\/li>\n<li data-start=\"790\" data-end=\"856\">\n<p data-start=\"792\" data-end=\"856\"><strong data-start=\"792\" data-end=\"810\">Pies de apoyo:<\/strong> UPE o PTFE, suaves para movimientos r\u00e1pidos<\/p>\n<\/li>\n<li data-start=\"857\" data-end=\"940\">\n<p data-start=\"859\" data-end=\"940\"><strong data-start=\"859\" data-end=\"877\">Anti\u2011ghosting:<\/strong> Soporta m\u00faltiples teclas simult\u00e1neas (puede llegar hasta 19)<\/p>\n<\/li>\n<li data-start=\"941\" data-end=\"1017\">\n<p data-start=\"943\" data-end=\"1017\"><strong data-start=\"943\" data-end=\"956\">Software:<\/strong> Aureox para configurar macros, perfiles y retroiluminaci\u00f3n<\/p>\n<\/li>\n<li data-start=\"1018\" data-end=\"1046\">\n<p data-start=\"1020\" data-end=\"1046\"><strong data-start=\"1020\" data-end=\"1040\">Peso aproximado:<\/strong> 112\u202fg<\/p>\n<\/li>\n<\/ul>\n","protected":false},"excerpt":{"rendered":"<p>Especificaciones T\u00e9cnicas &nbsp; Marca: Aureox Modelo: LaserSight GM400 Color: Negro (tambi\u00e9n disponible en blanco) Conexi\u00f3n: Cable USB\u2011A de 1,7\u202fm trenzado, con anillo magn\u00e9tico anti\u2011torsi\u00f3n Sensor: \u00d3ptico de grado gaming, hasta 4\u202f800 DPI (ajustables en 6 niveles: 800\u20134\u202f800 DPI) Botones: 9 programables (incluida rueda, botones dedicados para disparo\/apuntar y macros) Interruptores: Omron con durabilidad de hasta 10 millones de clics Iluminaci\u00f3n: RGB envolvente con indicador de DPI y efectos visuales Peso ajustable: Incluye 3 pesas de 5\u202fg para personalizar (total +15\u202fg) Pies de apoyo: UPE o PTFE, suaves para movimientos r\u00e1pidos Anti\u2011ghosting: Soporta m\u00faltiples teclas simult\u00e1neas (puede llegar hasta 19) Software: Aureox para configurar macros, perfiles y retroiluminaci\u00f3n Peso aproximado: 112\u202fg<\/p>\n","protected":false},"featured_media":16058,"template":"","meta":{"site-sidebar-layout":"default","site-content-layout":"","ast-site-content-layout":"default","site-content-style":"default","site-sidebar-style":"default","ast-global-header-display":"","ast-banner-title-visibility":"","ast-main-header-display":"","ast-hfb-above-header-display":"","ast-hfb-below-header-display":"","ast-hfb-mobile-header-display":"","site-post-title":"","ast-breadcrumbs-content":"","ast-featured-img":"","footer-sml-layout":"","theme-transparent-header-meta":"default","adv-header-id-meta":"","stick-header-meta":"","header-above-stick-meta":"","header-main-stick-meta":"","header-below-stick-meta":"","astra-migrate-meta-layouts":"set","ast-page-background-enabled":"default","ast-page-background-meta":{"desktop":{"background-color":"var(--ast-global-color-5)","background-image":"","background-repeat":"repeat","background-position":"center center","background-size":"auto","background-attachment":"scroll","background-type":"","background-media":"","overlay-type":"","overlay-color":"","overlay-opacity":"","overlay-gradient":""},"tablet":{"background-color":"","background-image":"","background-repeat":"repeat","background-position":"center center","background-size":"auto","background-attachment":"scroll","background-type":"","background-media":"","overlay-type":"","overlay-color":"","overlay-opacity":"","overlay-gradient":""},"mobile":{"background-color":"","background-image":"","background-repeat":"repeat","background-position":"center center","background-size":"auto","background-attachment":"scroll","background-type":"","background-media":"","overlay-type":"","overlay-color":"","overlay-opacity":"","overlay-gradient":""}},"ast-content-background-meta":{"desktop":{"background-color":"var(--ast-global-color-4)","background-image":"","background-repeat":"repeat","background-position":"center center","background-size":"auto","background-attachment":"scroll","background-type":"","background-media":"","overlay-type":"","overlay-color":"","overlay-opacity":"","overlay-gradient":""},"tablet":{"background-color":"var(--ast-global-color-4)","background-image":"","background-repeat":"repeat","background-position":"center center","background-size":"auto","background-attachment":"scroll","background-type":"","background-media":"","overlay-type":"","overlay-color":"","overlay-opacity":"","overlay-gradient":""},"mobile":{"background-color":"var(--ast-global-color-4)","background-image":"","background-repeat":"repeat","background-position":"center center","background-size":"auto","background-attachment":"scroll","background-type":"","background-media":"","overlay-type":"","overlay-color":"","overlay-opacity":"","overlay-gradient":""}},"_joinchat":[]},"product_brand":[],"product_cat":[89],"product_tag":[],"class_list":{"0":"post-16056","1":"product","2":"type-product","3":"status-publish","4":"has-post-thumbnail","6":"product_cat-gamers-competitivos","7":"desktop-align-center","8":"tablet-align-left","9":"mobile-align-left","11":"first","12":"instock","13":"shipping-taxable","14":"purchasable","15":"product-type-simple"},"yoast_head":"<!-- This site is optimized with the Yoast SEO plugin v27.5 - https:\/\/yoast.com\/product\/yoast-seo-wordpress\/ -->\n<title>Mouse AUREOX LaserSight Blanco - UnitGames<\/title>\n<meta name=\"robots\" content=\"index, follow, max-snippet:-1, max-image-preview:large, max-video-preview:-1\" \/>\n<link rel=\"canonical\" href=\"https:\/\/unitgames.com.ar\/pc-gamer\/producto\/mouse-aureox-lasersight-blanco\/\" \/>\n<meta property=\"og:locale\" content=\"es_ES\" \/>\n<meta property=\"og:type\" content=\"article\" \/>\n<meta property=\"og:title\" content=\"Mouse AUREOX LaserSight Blanco - UnitGames\" \/>\n<meta property=\"og:description\" content=\"Especificaciones T\u00e9cnicas &nbsp; Marca: Aureox Modelo: LaserSight GM400 Color: Negro (tambi\u00e9n disponible en blanco) Conexi\u00f3n: Cable USB\u2011A de 1,7\u202fm trenzado, con anillo magn\u00e9tico anti\u2011torsi\u00f3n Sensor: \u00d3ptico de grado gaming, hasta 4\u202f800 DPI (ajustables en 6 niveles: 800\u20134\u202f800 DPI) Botones: 9 programables (incluida rueda, botones dedicados para disparo\/apuntar y macros) Interruptores: Omron con durabilidad de hasta 10 millones de clics Iluminaci\u00f3n: RGB envolvente con indicador de DPI y efectos visuales Peso ajustable: Incluye 3 pesas de 5\u202fg para personalizar (total +15\u202fg) Pies de apoyo: UPE o PTFE, suaves para movimientos r\u00e1pidos Anti\u2011ghosting: Soporta m\u00faltiples teclas simult\u00e1neas (puede llegar hasta 19) Software: Aureox para configurar macros, perfiles y retroiluminaci\u00f3n Peso aproximado: 112\u202fg\" \/>\n<meta property=\"og:url\" content=\"https:\/\/unitgames.com.ar\/pc-gamer\/producto\/mouse-aureox-lasersight-blanco\/\" \/>\n<meta property=\"og:site_name\" content=\"UnitGames\" \/>\n<meta property=\"article:modified_time\" content=\"2026-01-09T10:14:22+00:00\" \/>\n<meta property=\"og:image\" content=\"https:\/\/unitgames.com.ar\/pc-gamer\/wp-content\/uploads\/2025\/07\/Mouse-AUREOX-LaserSight-Blanco.png\" \/>\n\t<meta property=\"og:image:width\" content=\"1263\" \/>\n\t<meta property=\"og:image:height\" content=\"1285\" \/>\n\t<meta property=\"og:image:type\" content=\"image\/png\" \/>\n<meta name=\"twitter:card\" content=\"summary_large_image\" \/>\n<meta name=\"twitter:label1\" content=\"Tiempo de lectura\" \/>\n\t<meta name=\"twitter:data1\" content=\"1 minuto\" \/>\n<script type=\"application\/ld+json\" class=\"yoast-schema-graph\">{\"@context\":\"https:\\\/\\\/schema.org\",\"@graph\":[{\"@type\":\"WebPage\",\"@id\":\"https:\\\/\\\/unitgames.com.ar\\\/pc-gamer\\\/producto\\\/mouse-aureox-lasersight-blanco\\\/\",\"url\":\"https:\\\/\\\/unitgames.com.ar\\\/pc-gamer\\\/producto\\\/mouse-aureox-lasersight-blanco\\\/\",\"name\":\"Mouse AUREOX LaserSight Blanco - UnitGames\",\"isPartOf\":{\"@id\":\"https:\\\/\\\/unitgames.com.ar\\\/pc-gamer\\\/#website\"},\"primaryImageOfPage\":{\"@id\":\"https:\\\/\\\/unitgames.com.ar\\\/pc-gamer\\\/producto\\\/mouse-aureox-lasersight-blanco\\\/#primaryimage\"},\"image\":{\"@id\":\"https:\\\/\\\/unitgames.com.ar\\\/pc-gamer\\\/producto\\\/mouse-aureox-lasersight-blanco\\\/#primaryimage\"},\"thumbnailUrl\":\"https:\\\/\\\/unitgames.com.ar\\\/pc-gamer\\\/wp-content\\\/uploads\\\/2025\\\/07\\\/Mouse-AUREOX-LaserSight-Blanco.png\",\"datePublished\":\"2025-07-06T14:36:49+00:00\",\"dateModified\":\"2026-01-09T10:14:22+00:00\",\"breadcrumb\":{\"@id\":\"https:\\\/\\\/unitgames.com.ar\\\/pc-gamer\\\/producto\\\/mouse-aureox-lasersight-blanco\\\/#breadcrumb\"},\"inLanguage\":\"es\",\"potentialAction\":[{\"@type\":\"ReadAction\",\"target\":[\"https:\\\/\\\/unitgames.com.ar\\\/pc-gamer\\\/producto\\\/mouse-aureox-lasersight-blanco\\\/\"]}]},{\"@type\":\"ImageObject\",\"inLanguage\":\"es\",\"@id\":\"https:\\\/\\\/unitgames.com.ar\\\/pc-gamer\\\/producto\\\/mouse-aureox-lasersight-blanco\\\/#primaryimage\",\"url\":\"https:\\\/\\\/unitgames.com.ar\\\/pc-gamer\\\/wp-content\\\/uploads\\\/2025\\\/07\\\/Mouse-AUREOX-LaserSight-Blanco.png\",\"contentUrl\":\"https:\\\/\\\/unitgames.com.ar\\\/pc-gamer\\\/wp-content\\\/uploads\\\/2025\\\/07\\\/Mouse-AUREOX-LaserSight-Blanco.png\",\"width\":1263,\"height\":1285},{\"@type\":\"BreadcrumbList\",\"@id\":\"https:\\\/\\\/unitgames.com.ar\\\/pc-gamer\\\/producto\\\/mouse-aureox-lasersight-blanco\\\/#breadcrumb\",\"itemListElement\":[{\"@type\":\"ListItem\",\"position\":1,\"name\":\"Tienda\",\"item\":\"https:\\\/\\\/unitgames.com.ar\\\/pc-gamer\\\/tienda\\\/\"},{\"@type\":\"ListItem\",\"position\":2,\"name\":\"Mouse AUREOX LaserSight Blanco\"}]},{\"@type\":\"WebSite\",\"@id\":\"https:\\\/\\\/unitgames.com.ar\\\/pc-gamer\\\/#website\",\"url\":\"https:\\\/\\\/unitgames.com.ar\\\/pc-gamer\\\/\",\"name\":\"UnitGames\",\"description\":\"Venta de PC Gamers, Consolas , Servicio Tecnico Especializado. Todos en Accesorios Informaticos y Gamers\",\"publisher\":{\"@id\":\"https:\\\/\\\/unitgames.com.ar\\\/pc-gamer\\\/#organization\"},\"potentialAction\":[{\"@type\":\"SearchAction\",\"target\":{\"@type\":\"EntryPoint\",\"urlTemplate\":\"https:\\\/\\\/unitgames.com.ar\\\/pc-gamer\\\/?s={search_term_string}\"},\"query-input\":{\"@type\":\"PropertyValueSpecification\",\"valueRequired\":true,\"valueName\":\"search_term_string\"}}],\"inLanguage\":\"es\"},{\"@type\":\"Organization\",\"@id\":\"https:\\\/\\\/unitgames.com.ar\\\/pc-gamer\\\/#organization\",\"name\":\"UnitGames\",\"url\":\"https:\\\/\\\/unitgames.com.ar\\\/pc-gamer\\\/\",\"logo\":{\"@type\":\"ImageObject\",\"inLanguage\":\"es\",\"@id\":\"https:\\\/\\\/unitgames.com.ar\\\/pc-gamer\\\/#\\\/schema\\\/logo\\\/image\\\/\",\"url\":\"https:\\\/\\\/unitgames.com.ar\\\/pc-gamer\\\/wp-content\\\/uploads\\\/2021\\\/01\\\/cropped-logoUnitGames2.png\",\"contentUrl\":\"https:\\\/\\\/unitgames.com.ar\\\/pc-gamer\\\/wp-content\\\/uploads\\\/2021\\\/01\\\/cropped-logoUnitGames2.png\",\"width\":152,\"height\":200,\"caption\":\"UnitGames\"},\"image\":{\"@id\":\"https:\\\/\\\/unitgames.com.ar\\\/pc-gamer\\\/#\\\/schema\\\/logo\\\/image\\\/\"}}]}<\/script>\n<!-- \/ Yoast SEO plugin. -->","yoast_head_json":{"title":"Mouse AUREOX LaserSight Blanco - UnitGames","robots":{"index":"index","follow":"follow","max-snippet":"max-snippet:-1","max-image-preview":"max-image-preview:large","max-video-preview":"max-video-preview:-1"},"canonical":"https:\/\/unitgames.com.ar\/pc-gamer\/producto\/mouse-aureox-lasersight-blanco\/","og_locale":"es_ES","og_type":"article","og_title":"Mouse AUREOX LaserSight Blanco - UnitGames","og_description":"Especificaciones T\u00e9cnicas &nbsp; Marca: Aureox Modelo: LaserSight GM400 Color: Negro (tambi\u00e9n disponible en blanco) Conexi\u00f3n: Cable USB\u2011A de 1,7\u202fm trenzado, con anillo magn\u00e9tico anti\u2011torsi\u00f3n Sensor: \u00d3ptico de grado gaming, hasta 4\u202f800 DPI (ajustables en 6 niveles: 800\u20134\u202f800 DPI) Botones: 9 programables (incluida rueda, botones dedicados para disparo\/apuntar y macros) Interruptores: Omron con durabilidad de hasta 10 millones de clics Iluminaci\u00f3n: RGB envolvente con indicador de DPI y efectos visuales Peso ajustable: Incluye 3 pesas de 5\u202fg para personalizar (total +15\u202fg) Pies de apoyo: UPE o PTFE, suaves para movimientos r\u00e1pidos Anti\u2011ghosting: Soporta m\u00faltiples teclas simult\u00e1neas (puede llegar hasta 19) Software: Aureox para configurar macros, perfiles y retroiluminaci\u00f3n Peso aproximado: 112\u202fg","og_url":"https:\/\/unitgames.com.ar\/pc-gamer\/producto\/mouse-aureox-lasersight-blanco\/","og_site_name":"UnitGames","article_modified_time":"2026-01-09T10:14:22+00:00","og_image":[{"width":1263,"height":1285,"url":"https:\/\/unitgames.com.ar\/pc-gamer\/wp-content\/uploads\/2025\/07\/Mouse-AUREOX-LaserSight-Blanco.png","type":"image\/png"}],"twitter_card":"summary_large_image","twitter_misc":{"Tiempo de lectura":"1 minuto"},"schema":{"@context":"https:\/\/schema.org","@graph":[{"@type":"WebPage","@id":"https:\/\/unitgames.com.ar\/pc-gamer\/producto\/mouse-aureox-lasersight-blanco\/","url":"https:\/\/unitgames.com.ar\/pc-gamer\/producto\/mouse-aureox-lasersight-blanco\/","name":"Mouse AUREOX LaserSight Blanco - UnitGames","isPartOf":{"@id":"https:\/\/unitgames.com.ar\/pc-gamer\/#website"},"primaryImageOfPage":{"@id":"https:\/\/unitgames.com.ar\/pc-gamer\/producto\/mouse-aureox-lasersight-blanco\/#primaryimage"},"image":{"@id":"https:\/\/unitgames.com.ar\/pc-gamer\/producto\/mouse-aureox-lasersight-blanco\/#primaryimage"},"thumbnailUrl":"https:\/\/unitgames.com.ar\/pc-gamer\/wp-content\/uploads\/2025\/07\/Mouse-AUREOX-LaserSight-Blanco.png","datePublished":"2025-07-06T14:36:49+00:00","dateModified":"2026-01-09T10:14:22+00:00","breadcrumb":{"@id":"https:\/\/unitgames.com.ar\/pc-gamer\/producto\/mouse-aureox-lasersight-blanco\/#breadcrumb"},"inLanguage":"es","potentialAction":[{"@type":"ReadAction","target":["https:\/\/unitgames.com.ar\/pc-gamer\/producto\/mouse-aureox-lasersight-blanco\/"]}]},{"@type":"ImageObject","inLanguage":"es","@id":"https:\/\/unitgames.com.ar\/pc-gamer\/producto\/mouse-aureox-lasersight-blanco\/#primaryimage","url":"https:\/\/unitgames.com.ar\/pc-gamer\/wp-content\/uploads\/2025\/07\/Mouse-AUREOX-LaserSight-Blanco.png","contentUrl":"https:\/\/unitgames.com.ar\/pc-gamer\/wp-content\/uploads\/2025\/07\/Mouse-AUREOX-LaserSight-Blanco.png","width":1263,"height":1285},{"@type":"BreadcrumbList","@id":"https:\/\/unitgames.com.ar\/pc-gamer\/producto\/mouse-aureox-lasersight-blanco\/#breadcrumb","itemListElement":[{"@type":"ListItem","position":1,"name":"Tienda","item":"https:\/\/unitgames.com.ar\/pc-gamer\/tienda\/"},{"@type":"ListItem","position":2,"name":"Mouse AUREOX LaserSight Blanco"}]},{"@type":"WebSite","@id":"https:\/\/unitgames.com.ar\/pc-gamer\/#website","url":"https:\/\/unitgames.com.ar\/pc-gamer\/","name":"UnitGames","description":"Venta de PC Gamers, Consolas , Servicio Tecnico Especializado. Todos en Accesorios Informaticos y Gamers","publisher":{"@id":"https:\/\/unitgames.com.ar\/pc-gamer\/#organization"},"potentialAction":[{"@type":"SearchAction","target":{"@type":"EntryPoint","urlTemplate":"https:\/\/unitgames.com.ar\/pc-gamer\/?s={search_term_string}"},"query-input":{"@type":"PropertyValueSpecification","valueRequired":true,"valueName":"search_term_string"}}],"inLanguage":"es"},{"@type":"Organization","@id":"https:\/\/unitgames.com.ar\/pc-gamer\/#organization","name":"UnitGames","url":"https:\/\/unitgames.com.ar\/pc-gamer\/","logo":{"@type":"ImageObject","inLanguage":"es","@id":"https:\/\/unitgames.com.ar\/pc-gamer\/#\/schema\/logo\/image\/","url":"https:\/\/unitgames.com.ar\/pc-gamer\/wp-content\/uploads\/2021\/01\/cropped-logoUnitGames2.png","contentUrl":"https:\/\/unitgames.com.ar\/pc-gamer\/wp-content\/uploads\/2021\/01\/cropped-logoUnitGames2.png","width":152,"height":200,"caption":"UnitGames"},"image":{"@id":"https:\/\/unitgames.com.ar\/pc-gamer\/#\/schema\/logo\/image\/"}}]}},"_links":{"self":[{"href":"https:\/\/unitgames.com.ar\/pc-gamer\/wp-json\/wp\/v2\/product\/16056","targetHints":{"allow":["GET"]}}],"collection":[{"href":"https:\/\/unitgames.com.ar\/pc-gamer\/wp-json\/wp\/v2\/product"}],"about":[{"href":"https:\/\/unitgames.com.ar\/pc-gamer\/wp-json\/wp\/v2\/types\/product"}],"version-history":[{"count":0,"href":"https:\/\/unitgames.com.ar\/pc-gamer\/wp-json\/wp\/v2\/product\/16056\/revisions"}],"wp:featuredmedia":[{"embeddable":true,"href":"https:\/\/unitgames.com.ar\/pc-gamer\/wp-json\/wp\/v2\/media\/16058"}],"wp:attachment":[{"href":"https:\/\/unitgames.com.ar\/pc-gamer\/wp-json\/wp\/v2\/media?parent=16056"}],"wp:term":[{"taxonomy":"product_brand","embeddable":true,"href":"https:\/\/unitgames.com.ar\/pc-gamer\/wp-json\/wp\/v2\/product_brand?post=16056"},{"taxonomy":"product_cat","embeddable":true,"href":"https:\/\/unitgames.com.ar\/pc-gamer\/wp-json\/wp\/v2\/product_cat?post=16056"},{"taxonomy":"product_tag","embeddable":true,"href":"https:\/\/unitgames.com.ar\/pc-gamer\/wp-json\/wp\/v2\/product_tag?post=16056"}],"curies":[{"name":"wp","href":"https:\/\/api.w.org\/{rel}","templated":true}]}}