{"id":16591,"date":"2025-08-12T21:41:02","date_gmt":"2025-08-13T00:41:02","guid":{"rendered":"https:\/\/unitgames.com.ar\/pc-gamer\/?post_type=product&#038;p=16591"},"modified":"2026-02-02T12:20:14","modified_gmt":"2026-02-02T15:20:14","slug":"ssd-nvme-hiksemi-wave-512gb-pcie-3-0","status":"publish","type":"product","link":"https:\/\/unitgames.com.ar\/pc-gamer\/producto\/ssd-nvme-hiksemi-wave-512gb-pcie-3-0\/","title":{"rendered":"SSD NVMe HIKSEMI Wave 128GB PCIE 3.0"},"content":{"rendered":"<p data-start=\"197\" data-end=\"564\">l <strong data-start=\"200\" data-end=\"231\">SSD NVMe HIKSEMI Wave 256GB<\/strong> es una unidad de estado s\u00f3lido interna de alto rendimiento con interfaz <strong data-start=\"304\" data-end=\"316\">PCIe 3.0<\/strong>, ideal para mejorar la velocidad de carga del sistema operativo, juegos y aplicaciones en PC y notebooks compatibles con NVMe. Gracias a su perfil NVMe y velocidades superiores a los SSD SATA, brinda mayor fluidez y tiempos de respuesta reducidos.<\/p>\n<hr data-start=\"566\" data-end=\"569\" \/>\n<h3 data-start=\"571\" data-end=\"603\">\u00a0Especificaciones T\u00e9cnicas<\/h3>\n<p>&nbsp;<\/p>\n<p data-start=\"605\" data-end=\"918\"><strong data-start=\"605\" data-end=\"615\">Marca:<\/strong> HIKSEMI<br data-start=\"623\" data-end=\"626\" \/><strong data-start=\"626\" data-end=\"637\">Modelo:<\/strong> Wave 256GB PCIe 3.0<br data-start=\"657\" data-end=\"660\" \/><strong data-start=\"660\" data-end=\"669\">Tipo:<\/strong> SSD NVMe interno<br data-start=\"686\" data-end=\"689\" \/><strong data-start=\"689\" data-end=\"702\">Interfaz:<\/strong> PCIe 3.0 \u00d74 (NVMe)<br data-start=\"721\" data-end=\"724\" \/><strong data-start=\"724\" data-end=\"738\">Capacidad:<\/strong> 256 GB<br data-start=\"745\" data-end=\"748\" \/><strong data-start=\"748\" data-end=\"768\">Factor de forma:<\/strong> M.2 2280<br data-start=\"777\" data-end=\"780\" \/><strong data-start=\"780\" data-end=\"796\">Controlador:<\/strong> Integrado para estabilidad y rendimiento equilibrado<br data-start=\"849\" data-end=\"852\" data-is-only-node=\"\" \/><strong data-start=\"852\" data-end=\"869\">Memoria NAND:<\/strong> Flash de alta eficiencia<br data-start=\"894\" data-end=\"897\" \/><strong data-start=\"897\" data-end=\"916\">Compatibilidad:<\/strong><\/p>\n<ul data-start=\"919\" data-end=\"1069\">\n<li data-start=\"919\" data-end=\"971\">\n<p data-start=\"921\" data-end=\"971\">Placas madre con ranura <strong data-start=\"945\" data-end=\"969\">M.2 NVMe PCIe 3.0 \u00d74<\/strong><\/p>\n<\/li>\n<li data-start=\"972\" data-end=\"1069\">\n<p data-start=\"974\" data-end=\"1069\">Notebooks con soporte para <strong data-start=\"1001\" data-end=\"1013\">NVMe M.2<\/strong><br data-start=\"1013\" data-end=\"1016\" \/><strong data-start=\"1016\" data-end=\"1032\">Instalaci\u00f3n:<\/strong> Plug &amp; play en ranura M.2 compatible<\/p>\n<\/li>\n<\/ul>\n<hr data-start=\"1071\" data-end=\"1074\" \/>\n<h3 data-start=\"1076\" data-end=\"1108\">\u00a0Caracter\u00edsticas destacadas<\/h3>\n<p>&nbsp;<\/p>\n<ul data-start=\"1110\" data-end=\"1541\">\n<li data-start=\"1110\" data-end=\"1182\">\n<p data-start=\"1112\" data-end=\"1182\">Interfaz <strong data-start=\"1121\" data-end=\"1138\">PCIe 3.0 NVMe<\/strong> para velocidades mucho mayores a SSD SATA<\/p>\n<\/li>\n<li data-start=\"1183\" data-end=\"1258\">\n<p data-start=\"1185\" data-end=\"1258\"><strong data-start=\"1185\" data-end=\"1205\">Arranque y carga<\/strong> de sistema y aplicaciones notablemente m\u00e1s r\u00e1pidas<\/p>\n<\/li>\n<li data-start=\"1259\" data-end=\"1337\">\n<p data-start=\"1261\" data-end=\"1337\">Factor de forma compacto <strong data-start=\"1286\" data-end=\"1298\">M.2 2280<\/strong>, ideal para PCs y notebooks modernas<\/p>\n<\/li>\n<li data-start=\"1338\" data-end=\"1383\">\n<p data-start=\"1340\" data-end=\"1383\">Operaci\u00f3n silenciosa y sin partes m\u00f3viles<\/p>\n<\/li>\n<li data-start=\"1384\" data-end=\"1467\">\n<p data-start=\"1386\" data-end=\"1467\">Perfecto para <strong data-start=\"1400\" data-end=\"1465\">oficina, estudio, multimedia y gaming de entrada o intermedio<\/strong><\/p>\n<\/li>\n<li data-start=\"1468\" data-end=\"1541\">\n<p data-start=\"1470\" data-end=\"1541\">Gran actualizaci\u00f3n para equipos que a\u00fan usan almacenamiento tradicional<\/p>\n<\/li>\n<\/ul>\n","protected":false},"excerpt":{"rendered":"<p>l SSD NVMe HIKSEMI Wave 256GB es una unidad de estado s\u00f3lido interna de alto rendimiento con interfaz PCIe 3.0, ideal para mejorar la velocidad de carga del sistema operativo, juegos y aplicaciones en PC y notebooks compatibles con NVMe. Gracias a su perfil NVMe y velocidades superiores a los SSD SATA, brinda mayor fluidez y tiempos de respuesta reducidos. \u00a0Especificaciones T\u00e9cnicas &nbsp; Marca: HIKSEMIModelo: Wave 256GB PCIe 3.0Tipo: SSD NVMe internoInterfaz: PCIe 3.0 \u00d74 (NVMe)Capacidad: 256 GBFactor de forma: M.2 2280Controlador: Integrado para estabilidad y rendimiento equilibradoMemoria NAND: Flash de alta eficienciaCompatibilidad: Placas madre con ranura M.2 NVMe PCIe 3.0 \u00d74 Notebooks con soporte para NVMe M.2Instalaci\u00f3n: Plug &amp; play en ranura M.2 compatible \u00a0Caracter\u00edsticas destacadas &nbsp; Interfaz PCIe 3.0 NVMe para velocidades mucho mayores a SSD SATA Arranque y carga de sistema y aplicaciones notablemente m\u00e1s r\u00e1pidas Factor de forma compacto M.2 2280, ideal para PCs y notebooks modernas Operaci\u00f3n silenciosa y sin partes m\u00f3viles Perfecto para oficina, estudio, multimedia y gaming de entrada o intermedio Gran actualizaci\u00f3n para equipos que a\u00fan usan almacenamiento tradicional<\/p>\n","protected":false},"featured_media":15898,"template":"","meta":{"site-sidebar-layout":"default","site-content-layout":"","ast-site-content-layout":"default","site-content-style":"default","site-sidebar-style":"default","ast-global-header-display":"","ast-banner-title-visibility":"","ast-main-header-display":"","ast-hfb-above-header-display":"","ast-hfb-below-header-display":"","ast-hfb-mobile-header-display":"","site-post-title":"","ast-breadcrumbs-content":"","ast-featured-img":"","footer-sml-layout":"","theme-transparent-header-meta":"default","adv-header-id-meta":"","stick-header-meta":"","header-above-stick-meta":"","header-main-stick-meta":"","header-below-stick-meta":"","astra-migrate-meta-layouts":"set","ast-page-background-enabled":"default","ast-page-background-meta":{"desktop":{"background-color":"var(--ast-global-color-5)","background-image":"","background-repeat":"repeat","background-position":"center center","background-size":"auto","background-attachment":"scroll","background-type":"","background-media":"","overlay-type":"","overlay-color":"","overlay-opacity":"","overlay-gradient":""},"tablet":{"background-color":"","background-image":"","background-repeat":"repeat","background-position":"center center","background-size":"auto","background-attachment":"scroll","background-type":"","background-media":"","overlay-type":"","overlay-color":"","overlay-opacity":"","overlay-gradient":""},"mobile":{"background-color":"","background-image":"","background-repeat":"repeat","background-position":"center center","background-size":"auto","background-attachment":"scroll","background-type":"","background-media":"","overlay-type":"","overlay-color":"","overlay-opacity":"","overlay-gradient":""}},"ast-content-background-meta":{"desktop":{"background-color":"var(--ast-global-color-4)","background-image":"","background-repeat":"repeat","background-position":"center center","background-size":"auto","background-attachment":"scroll","background-type":"","background-media":"","overlay-type":"","overlay-color":"","overlay-opacity":"","overlay-gradient":""},"tablet":{"background-color":"var(--ast-global-color-4)","background-image":"","background-repeat":"repeat","background-position":"center center","background-size":"auto","background-attachment":"scroll","background-type":"","background-media":"","overlay-type":"","overlay-color":"","overlay-opacity":"","overlay-gradient":""},"mobile":{"background-color":"var(--ast-global-color-4)","background-image":"","background-repeat":"repeat","background-position":"center center","background-size":"auto","background-attachment":"scroll","background-type":"","background-media":"","overlay-type":"","overlay-color":"","overlay-opacity":"","overlay-gradient":""}},"_joinchat":[]},"product_brand":[],"product_cat":[64,140],"product_tag":[],"class_list":{"0":"post-16591","1":"product","2":"type-product","3":"status-publish","4":"has-post-thumbnail","6":"product_cat-almacenamiento","7":"product_cat-almacenamiento-interno","8":"desktop-align-center","9":"tablet-align-left","10":"mobile-align-left","12":"first","13":"instock","14":"shipping-taxable","15":"purchasable","16":"product-type-simple"},"yoast_head":"<!-- This site is optimized with the Yoast SEO plugin v27.3 - https:\/\/yoast.com\/product\/yoast-seo-wordpress\/ -->\n<title>SSD NVMe HIKSEMI Wave 128GB PCIE 3.0 - UnitGames<\/title>\n<meta name=\"robots\" content=\"index, follow, max-snippet:-1, max-image-preview:large, max-video-preview:-1\" \/>\n<link rel=\"canonical\" href=\"https:\/\/unitgames.com.ar\/pc-gamer\/producto\/ssd-nvme-hiksemi-wave-512gb-pcie-3-0\/\" \/>\n<meta property=\"og:locale\" content=\"es_ES\" \/>\n<meta property=\"og:type\" content=\"article\" \/>\n<meta property=\"og:title\" content=\"SSD NVMe HIKSEMI Wave 128GB PCIE 3.0 - UnitGames\" \/>\n<meta property=\"og:description\" content=\"l SSD NVMe HIKSEMI Wave 256GB es una unidad de estado s\u00f3lido interna de alto rendimiento con interfaz PCIe 3.0, ideal para mejorar la velocidad de carga del sistema operativo, juegos y aplicaciones en PC y notebooks compatibles con NVMe. Gracias a su perfil NVMe y velocidades superiores a los SSD SATA, brinda mayor fluidez y tiempos de respuesta reducidos. \u00a0Especificaciones T\u00e9cnicas &nbsp; Marca: HIKSEMIModelo: Wave 256GB PCIe 3.0Tipo: SSD NVMe internoInterfaz: PCIe 3.0 \u00d74 (NVMe)Capacidad: 256 GBFactor de forma: M.2 2280Controlador: Integrado para estabilidad y rendimiento equilibradoMemoria NAND: Flash de alta eficienciaCompatibilidad: Placas madre con ranura M.2 NVMe PCIe 3.0 \u00d74 Notebooks con soporte para NVMe M.2Instalaci\u00f3n: Plug &amp; play en ranura M.2 compatible \u00a0Caracter\u00edsticas destacadas &nbsp; Interfaz PCIe 3.0 NVMe para velocidades mucho mayores a SSD SATA Arranque y carga de sistema y aplicaciones notablemente m\u00e1s r\u00e1pidas Factor de forma compacto M.2 2280, ideal para PCs y notebooks modernas Operaci\u00f3n silenciosa y sin partes m\u00f3viles Perfecto para oficina, estudio, multimedia y gaming de entrada o intermedio Gran actualizaci\u00f3n para equipos que a\u00fan usan almacenamiento tradicional\" \/>\n<meta property=\"og:url\" content=\"https:\/\/unitgames.com.ar\/pc-gamer\/producto\/ssd-nvme-hiksemi-wave-512gb-pcie-3-0\/\" \/>\n<meta property=\"og:site_name\" content=\"UnitGames\" \/>\n<meta property=\"article:modified_time\" content=\"2026-02-02T15:20:14+00:00\" \/>\n<meta property=\"og:image\" content=\"https:\/\/unitgames.com.ar\/pc-gamer\/wp-content\/uploads\/2025\/07\/SSD-NVMe-HIKSEMI-Wave-256GB-PCIE.png\" \/>\n\t<meta property=\"og:image:width\" content=\"1263\" \/>\n\t<meta property=\"og:image:height\" content=\"1285\" \/>\n\t<meta property=\"og:image:type\" content=\"image\/png\" \/>\n<meta name=\"twitter:card\" content=\"summary_large_image\" \/>\n<meta name=\"twitter:label1\" content=\"Tiempo de lectura\" \/>\n\t<meta name=\"twitter:data1\" content=\"2 minutos\" \/>\n<script type=\"application\/ld+json\" class=\"yoast-schema-graph\">{\"@context\":\"https:\\\/\\\/schema.org\",\"@graph\":[{\"@type\":\"WebPage\",\"@id\":\"https:\\\/\\\/unitgames.com.ar\\\/pc-gamer\\\/producto\\\/ssd-nvme-hiksemi-wave-512gb-pcie-3-0\\\/\",\"url\":\"https:\\\/\\\/unitgames.com.ar\\\/pc-gamer\\\/producto\\\/ssd-nvme-hiksemi-wave-512gb-pcie-3-0\\\/\",\"name\":\"SSD NVMe HIKSEMI Wave 128GB PCIE 3.0 - UnitGames\",\"isPartOf\":{\"@id\":\"https:\\\/\\\/unitgames.com.ar\\\/pc-gamer\\\/#website\"},\"primaryImageOfPage\":{\"@id\":\"https:\\\/\\\/unitgames.com.ar\\\/pc-gamer\\\/producto\\\/ssd-nvme-hiksemi-wave-512gb-pcie-3-0\\\/#primaryimage\"},\"image\":{\"@id\":\"https:\\\/\\\/unitgames.com.ar\\\/pc-gamer\\\/producto\\\/ssd-nvme-hiksemi-wave-512gb-pcie-3-0\\\/#primaryimage\"},\"thumbnailUrl\":\"https:\\\/\\\/unitgames.com.ar\\\/pc-gamer\\\/wp-content\\\/uploads\\\/2025\\\/07\\\/SSD-NVMe-HIKSEMI-Wave-256GB-PCIE.png\",\"datePublished\":\"2025-08-13T00:41:02+00:00\",\"dateModified\":\"2026-02-02T15:20:14+00:00\",\"breadcrumb\":{\"@id\":\"https:\\\/\\\/unitgames.com.ar\\\/pc-gamer\\\/producto\\\/ssd-nvme-hiksemi-wave-512gb-pcie-3-0\\\/#breadcrumb\"},\"inLanguage\":\"es\",\"potentialAction\":[{\"@type\":\"ReadAction\",\"target\":[\"https:\\\/\\\/unitgames.com.ar\\\/pc-gamer\\\/producto\\\/ssd-nvme-hiksemi-wave-512gb-pcie-3-0\\\/\"]}]},{\"@type\":\"ImageObject\",\"inLanguage\":\"es\",\"@id\":\"https:\\\/\\\/unitgames.com.ar\\\/pc-gamer\\\/producto\\\/ssd-nvme-hiksemi-wave-512gb-pcie-3-0\\\/#primaryimage\",\"url\":\"https:\\\/\\\/unitgames.com.ar\\\/pc-gamer\\\/wp-content\\\/uploads\\\/2025\\\/07\\\/SSD-NVMe-HIKSEMI-Wave-256GB-PCIE.png\",\"contentUrl\":\"https:\\\/\\\/unitgames.com.ar\\\/pc-gamer\\\/wp-content\\\/uploads\\\/2025\\\/07\\\/SSD-NVMe-HIKSEMI-Wave-256GB-PCIE.png\",\"width\":1263,\"height\":1285},{\"@type\":\"BreadcrumbList\",\"@id\":\"https:\\\/\\\/unitgames.com.ar\\\/pc-gamer\\\/producto\\\/ssd-nvme-hiksemi-wave-512gb-pcie-3-0\\\/#breadcrumb\",\"itemListElement\":[{\"@type\":\"ListItem\",\"position\":1,\"name\":\"Tienda\",\"item\":\"https:\\\/\\\/unitgames.com.ar\\\/pc-gamer\\\/tienda\\\/\"},{\"@type\":\"ListItem\",\"position\":2,\"name\":\"SSD NVMe HIKSEMI Wave 128GB PCIE 3.0\"}]},{\"@type\":\"WebSite\",\"@id\":\"https:\\\/\\\/unitgames.com.ar\\\/pc-gamer\\\/#website\",\"url\":\"https:\\\/\\\/unitgames.com.ar\\\/pc-gamer\\\/\",\"name\":\"UnitGames\",\"description\":\"Venta de PC Gamers, Consolas , Servicio Tecnico Especializado. Todos en Accesorios Informaticos y Gamers\",\"publisher\":{\"@id\":\"https:\\\/\\\/unitgames.com.ar\\\/pc-gamer\\\/#organization\"},\"potentialAction\":[{\"@type\":\"SearchAction\",\"target\":{\"@type\":\"EntryPoint\",\"urlTemplate\":\"https:\\\/\\\/unitgames.com.ar\\\/pc-gamer\\\/?s={search_term_string}\"},\"query-input\":{\"@type\":\"PropertyValueSpecification\",\"valueRequired\":true,\"valueName\":\"search_term_string\"}}],\"inLanguage\":\"es\"},{\"@type\":\"Organization\",\"@id\":\"https:\\\/\\\/unitgames.com.ar\\\/pc-gamer\\\/#organization\",\"name\":\"UnitGames\",\"url\":\"https:\\\/\\\/unitgames.com.ar\\\/pc-gamer\\\/\",\"logo\":{\"@type\":\"ImageObject\",\"inLanguage\":\"es\",\"@id\":\"https:\\\/\\\/unitgames.com.ar\\\/pc-gamer\\\/#\\\/schema\\\/logo\\\/image\\\/\",\"url\":\"https:\\\/\\\/unitgames.com.ar\\\/pc-gamer\\\/wp-content\\\/uploads\\\/2021\\\/01\\\/cropped-logoUnitGames2.png\",\"contentUrl\":\"https:\\\/\\\/unitgames.com.ar\\\/pc-gamer\\\/wp-content\\\/uploads\\\/2021\\\/01\\\/cropped-logoUnitGames2.png\",\"width\":152,\"height\":200,\"caption\":\"UnitGames\"},\"image\":{\"@id\":\"https:\\\/\\\/unitgames.com.ar\\\/pc-gamer\\\/#\\\/schema\\\/logo\\\/image\\\/\"}}]}<\/script>\n<!-- \/ Yoast SEO plugin. -->","yoast_head_json":{"title":"SSD NVMe HIKSEMI Wave 128GB PCIE 3.0 - UnitGames","robots":{"index":"index","follow":"follow","max-snippet":"max-snippet:-1","max-image-preview":"max-image-preview:large","max-video-preview":"max-video-preview:-1"},"canonical":"https:\/\/unitgames.com.ar\/pc-gamer\/producto\/ssd-nvme-hiksemi-wave-512gb-pcie-3-0\/","og_locale":"es_ES","og_type":"article","og_title":"SSD NVMe HIKSEMI Wave 128GB PCIE 3.0 - UnitGames","og_description":"l SSD NVMe HIKSEMI Wave 256GB es una unidad de estado s\u00f3lido interna de alto rendimiento con interfaz PCIe 3.0, ideal para mejorar la velocidad de carga del sistema operativo, juegos y aplicaciones en PC y notebooks compatibles con NVMe. Gracias a su perfil NVMe y velocidades superiores a los SSD SATA, brinda mayor fluidez y tiempos de respuesta reducidos. \u00a0Especificaciones T\u00e9cnicas &nbsp; Marca: HIKSEMIModelo: Wave 256GB PCIe 3.0Tipo: SSD NVMe internoInterfaz: PCIe 3.0 \u00d74 (NVMe)Capacidad: 256 GBFactor de forma: M.2 2280Controlador: Integrado para estabilidad y rendimiento equilibradoMemoria NAND: Flash de alta eficienciaCompatibilidad: Placas madre con ranura M.2 NVMe PCIe 3.0 \u00d74 Notebooks con soporte para NVMe M.2Instalaci\u00f3n: Plug &amp; play en ranura M.2 compatible \u00a0Caracter\u00edsticas destacadas &nbsp; Interfaz PCIe 3.0 NVMe para velocidades mucho mayores a SSD SATA Arranque y carga de sistema y aplicaciones notablemente m\u00e1s r\u00e1pidas Factor de forma compacto M.2 2280, ideal para PCs y notebooks modernas Operaci\u00f3n silenciosa y sin partes m\u00f3viles Perfecto para oficina, estudio, multimedia y gaming de entrada o intermedio Gran actualizaci\u00f3n para equipos que a\u00fan usan almacenamiento tradicional","og_url":"https:\/\/unitgames.com.ar\/pc-gamer\/producto\/ssd-nvme-hiksemi-wave-512gb-pcie-3-0\/","og_site_name":"UnitGames","article_modified_time":"2026-02-02T15:20:14+00:00","og_image":[{"width":1263,"height":1285,"url":"https:\/\/unitgames.com.ar\/pc-gamer\/wp-content\/uploads\/2025\/07\/SSD-NVMe-HIKSEMI-Wave-256GB-PCIE.png","type":"image\/png"}],"twitter_card":"summary_large_image","twitter_misc":{"Tiempo de lectura":"2 minutos"},"schema":{"@context":"https:\/\/schema.org","@graph":[{"@type":"WebPage","@id":"https:\/\/unitgames.com.ar\/pc-gamer\/producto\/ssd-nvme-hiksemi-wave-512gb-pcie-3-0\/","url":"https:\/\/unitgames.com.ar\/pc-gamer\/producto\/ssd-nvme-hiksemi-wave-512gb-pcie-3-0\/","name":"SSD NVMe HIKSEMI Wave 128GB PCIE 3.0 - UnitGames","isPartOf":{"@id":"https:\/\/unitgames.com.ar\/pc-gamer\/#website"},"primaryImageOfPage":{"@id":"https:\/\/unitgames.com.ar\/pc-gamer\/producto\/ssd-nvme-hiksemi-wave-512gb-pcie-3-0\/#primaryimage"},"image":{"@id":"https:\/\/unitgames.com.ar\/pc-gamer\/producto\/ssd-nvme-hiksemi-wave-512gb-pcie-3-0\/#primaryimage"},"thumbnailUrl":"https:\/\/unitgames.com.ar\/pc-gamer\/wp-content\/uploads\/2025\/07\/SSD-NVMe-HIKSEMI-Wave-256GB-PCIE.png","datePublished":"2025-08-13T00:41:02+00:00","dateModified":"2026-02-02T15:20:14+00:00","breadcrumb":{"@id":"https:\/\/unitgames.com.ar\/pc-gamer\/producto\/ssd-nvme-hiksemi-wave-512gb-pcie-3-0\/#breadcrumb"},"inLanguage":"es","potentialAction":[{"@type":"ReadAction","target":["https:\/\/unitgames.com.ar\/pc-gamer\/producto\/ssd-nvme-hiksemi-wave-512gb-pcie-3-0\/"]}]},{"@type":"ImageObject","inLanguage":"es","@id":"https:\/\/unitgames.com.ar\/pc-gamer\/producto\/ssd-nvme-hiksemi-wave-512gb-pcie-3-0\/#primaryimage","url":"https:\/\/unitgames.com.ar\/pc-gamer\/wp-content\/uploads\/2025\/07\/SSD-NVMe-HIKSEMI-Wave-256GB-PCIE.png","contentUrl":"https:\/\/unitgames.com.ar\/pc-gamer\/wp-content\/uploads\/2025\/07\/SSD-NVMe-HIKSEMI-Wave-256GB-PCIE.png","width":1263,"height":1285},{"@type":"BreadcrumbList","@id":"https:\/\/unitgames.com.ar\/pc-gamer\/producto\/ssd-nvme-hiksemi-wave-512gb-pcie-3-0\/#breadcrumb","itemListElement":[{"@type":"ListItem","position":1,"name":"Tienda","item":"https:\/\/unitgames.com.ar\/pc-gamer\/tienda\/"},{"@type":"ListItem","position":2,"name":"SSD NVMe HIKSEMI Wave 128GB PCIE 3.0"}]},{"@type":"WebSite","@id":"https:\/\/unitgames.com.ar\/pc-gamer\/#website","url":"https:\/\/unitgames.com.ar\/pc-gamer\/","name":"UnitGames","description":"Venta de PC Gamers, Consolas , Servicio Tecnico Especializado. Todos en Accesorios Informaticos y Gamers","publisher":{"@id":"https:\/\/unitgames.com.ar\/pc-gamer\/#organization"},"potentialAction":[{"@type":"SearchAction","target":{"@type":"EntryPoint","urlTemplate":"https:\/\/unitgames.com.ar\/pc-gamer\/?s={search_term_string}"},"query-input":{"@type":"PropertyValueSpecification","valueRequired":true,"valueName":"search_term_string"}}],"inLanguage":"es"},{"@type":"Organization","@id":"https:\/\/unitgames.com.ar\/pc-gamer\/#organization","name":"UnitGames","url":"https:\/\/unitgames.com.ar\/pc-gamer\/","logo":{"@type":"ImageObject","inLanguage":"es","@id":"https:\/\/unitgames.com.ar\/pc-gamer\/#\/schema\/logo\/image\/","url":"https:\/\/unitgames.com.ar\/pc-gamer\/wp-content\/uploads\/2021\/01\/cropped-logoUnitGames2.png","contentUrl":"https:\/\/unitgames.com.ar\/pc-gamer\/wp-content\/uploads\/2021\/01\/cropped-logoUnitGames2.png","width":152,"height":200,"caption":"UnitGames"},"image":{"@id":"https:\/\/unitgames.com.ar\/pc-gamer\/#\/schema\/logo\/image\/"}}]}},"_links":{"self":[{"href":"https:\/\/unitgames.com.ar\/pc-gamer\/wp-json\/wp\/v2\/product\/16591","targetHints":{"allow":["GET"]}}],"collection":[{"href":"https:\/\/unitgames.com.ar\/pc-gamer\/wp-json\/wp\/v2\/product"}],"about":[{"href":"https:\/\/unitgames.com.ar\/pc-gamer\/wp-json\/wp\/v2\/types\/product"}],"version-history":[{"count":0,"href":"https:\/\/unitgames.com.ar\/pc-gamer\/wp-json\/wp\/v2\/product\/16591\/revisions"}],"wp:featuredmedia":[{"embeddable":true,"href":"https:\/\/unitgames.com.ar\/pc-gamer\/wp-json\/wp\/v2\/media\/15898"}],"wp:attachment":[{"href":"https:\/\/unitgames.com.ar\/pc-gamer\/wp-json\/wp\/v2\/media?parent=16591"}],"wp:term":[{"taxonomy":"product_brand","embeddable":true,"href":"https:\/\/unitgames.com.ar\/pc-gamer\/wp-json\/wp\/v2\/product_brand?post=16591"},{"taxonomy":"product_cat","embeddable":true,"href":"https:\/\/unitgames.com.ar\/pc-gamer\/wp-json\/wp\/v2\/product_cat?post=16591"},{"taxonomy":"product_tag","embeddable":true,"href":"https:\/\/unitgames.com.ar\/pc-gamer\/wp-json\/wp\/v2\/product_tag?post=16591"}],"curies":[{"name":"wp","href":"https:\/\/api.w.org\/{rel}","templated":true}]}}