{"id":17766,"date":"2025-10-18T12:04:27","date_gmt":"2025-10-18T15:04:27","guid":{"rendered":"https:\/\/unitgames.com.ar\/pc-gamer\/?post_type=product&#038;p=17766"},"modified":"2026-01-09T07:13:03","modified_gmt":"2026-01-09T10:13:03","slug":"palanca-de-cambio-shifter-pxn-a7","status":"publish","type":"product","link":"https:\/\/unitgames.com.ar\/pc-gamer\/producto\/palanca-de-cambio-shifter-pxn-a7\/","title":{"rendered":"Palanca de Cambio (Shifter) PXN A7"},"content":{"rendered":"<p data-start=\"225\" data-end=\"545\">La PXN A7 Shifter es una palanca de cambios estilo H \u201c6+1\u201d dise\u00f1ada para simuladores de conducci\u00f3n, que incluye adem\u00e1s bot\u00f3n de freno y bot\u00f3n de cambio alto\/bajo. Ideal para acompa\u00f1ar un volante de carreras, brinda una experiencia m\u00e1s inmersiva, removiendo la necesidad de cambio autom\u00e1tico y sumando realismo al manejo.<\/p>\n<h3 data-start=\"547\" data-end=\"574\">Beneficios principales:<\/h3>\n<p>&nbsp;<\/p>\n<ul data-start=\"575\" data-end=\"1236\">\n<li data-start=\"575\" data-end=\"685\">\n<p data-start=\"577\" data-end=\"685\">Cambio H \u201c6 marchas + 1 reversa\u201d: permite un manejo m\u00e1s realista de veh\u00edculos de competici\u00f3n o simulaci\u00f3n.<\/p>\n<\/li>\n<li data-start=\"686\" data-end=\"804\">\n<p data-start=\"688\" data-end=\"804\">Incluye bot\u00f3n de freno adicional y bot\u00f3n de cambio alto\/bajo, \u00fatil para juegos de cami\u00f3n o simulaciones avanzadas.<\/p>\n<\/li>\n<li data-start=\"805\" data-end=\"921\">\n<p data-start=\"807\" data-end=\"921\">Construcci\u00f3n robusta: palanca met\u00e1lica, carcasas de alta resistencia y sistema de sujeci\u00f3n segura al escritorio.<\/p>\n<\/li>\n<li data-start=\"922\" data-end=\"1021\">\n<p data-start=\"924\" data-end=\"1021\">Compatible con m\u00faltiples plataformas (PC, consolas) cuando se integra correctamente al volante.<\/p>\n<\/li>\n<li data-start=\"1022\" data-end=\"1132\">\n<p data-start=\"1024\" data-end=\"1132\">Montaje firme: clip ajustable para fijar sobre mesas o \u00abcockpits\u00bb de simulaci\u00f3n, evitando desplazamientos.<\/p>\n<\/li>\n<li data-start=\"1133\" data-end=\"1236\">\n<p data-start=\"1135\" data-end=\"1236\">Dise\u00f1o ergon\u00f3mico para largas sesiones de conducci\u00f3n simulada, con sensaci\u00f3n t\u00e1ctil de cambio real.<\/p>\n<\/li>\n<\/ul>\n<h3 data-start=\"1238\" data-end=\"1267\">Caracter\u00edsticas t\u00e9cnicas:<\/h3>\n<p>&nbsp;<\/p>\n<ul data-start=\"1268\" data-end=\"1733\">\n<li data-start=\"1268\" data-end=\"1298\">\n<p data-start=\"1270\" data-end=\"1298\"><strong data-start=\"1270\" data-end=\"1281\">Modelo:<\/strong> PXN A7 Shifter<\/p>\n<\/li>\n<li data-start=\"1299\" data-end=\"1356\">\n<p data-start=\"1301\" data-end=\"1356\"><strong data-start=\"1301\" data-end=\"1310\">Tipo:<\/strong> Palanca de cambios (shifter) estilo H \u201c6+1\u201d<\/p>\n<\/li>\n<li data-start=\"1357\" data-end=\"1473\">\n<p data-start=\"1359\" data-end=\"1473\"><strong data-start=\"1359\" data-end=\"1387\">Plataformas compatibles:<\/strong> PC \/ PS3 \/ PS4 \/ Xbox One \/ Nintendo Switch (verificar compatibilidad con volantes)<\/p>\n<\/li>\n<li data-start=\"1474\" data-end=\"1540\">\n<p data-start=\"1476\" data-end=\"1540\"><strong data-start=\"1476\" data-end=\"1497\">Cambio de marcha:<\/strong> 6 velocidades + reversa (bot\u00f3n dedicado)<\/p>\n<\/li>\n<li data-start=\"1541\" data-end=\"1594\">\n<p data-start=\"1543\" data-end=\"1594\"><strong data-start=\"1543\" data-end=\"1567\">Botones adicionales:<\/strong> Freno \/ cambio alto-bajo<\/p>\n<\/li>\n<li data-start=\"1595\" data-end=\"1661\">\n<p data-start=\"1597\" data-end=\"1661\"><strong data-start=\"1597\" data-end=\"1610\">Fijaci\u00f3n:<\/strong> Clip ajustable para mesa o soporte de simulaci\u00f3n<\/p>\n<\/li>\n<li data-start=\"1662\" data-end=\"1682\">\n<p data-start=\"1664\" data-end=\"1682\"><strong data-start=\"1664\" data-end=\"1674\">Color:<\/strong> Negro<\/p>\n<\/li>\n<li data-start=\"1683\" data-end=\"1733\">\n<p data-start=\"1685\" data-end=\"1733\"><strong data-start=\"1685\" data-end=\"1700\">Materiales:<\/strong> Metal + pl\u00e1stico ABS reforzado<\/p>\n<\/li>\n<\/ul>\n<h3 data-start=\"1735\" data-end=\"1758\">Dimensiones y peso:<\/h3>\n<p>&nbsp;<\/p>\n<ul data-start=\"1759\" data-end=\"1865\">\n<li data-start=\"1759\" data-end=\"1791\">\n<p data-start=\"1761\" data-end=\"1791\"><strong data-start=\"1761\" data-end=\"1781\">Peso aproximado:<\/strong> ~ 600 g<\/p>\n<\/li>\n<li data-start=\"1792\" data-end=\"1865\">\n<p data-start=\"1794\" data-end=\"1865\"><strong data-start=\"1794\" data-end=\"1816\">Tama\u00f1o aproximado:<\/strong> Mano de palanca ajustable (altura modificable)<\/p>\n<\/li>\n<\/ul>\n<hr data-start=\"1867\" data-end=\"1870\" \/>\n<p data-start=\"1872\" data-end=\"2076\">La <strong data-start=\"1875\" data-end=\"1893\">PXN A7 Shifter<\/strong> te ofrece un control de cambios realista, ideal para potenciar tu experiencia de simulaci\u00f3n de carreras con volante y pedales, logrando una configuraci\u00f3n m\u00e1s inmersiva y profesional<\/p>\n","protected":false},"excerpt":{"rendered":"<p>La PXN A7 Shifter es una palanca de cambios estilo H \u201c6+1\u201d dise\u00f1ada para simuladores de conducci\u00f3n, que incluye adem\u00e1s bot\u00f3n de freno y bot\u00f3n de cambio alto\/bajo. Ideal para acompa\u00f1ar un volante de carreras, brinda una experiencia m\u00e1s inmersiva, removiendo la necesidad de cambio autom\u00e1tico y sumando realismo al manejo. Beneficios principales: &nbsp; Cambio H \u201c6 marchas + 1 reversa\u201d: permite un manejo m\u00e1s realista de veh\u00edculos de competici\u00f3n o simulaci\u00f3n. Incluye bot\u00f3n de freno adicional y bot\u00f3n de cambio alto\/bajo, \u00fatil para juegos de cami\u00f3n o simulaciones avanzadas. Construcci\u00f3n robusta: palanca met\u00e1lica, carcasas de alta resistencia y sistema de sujeci\u00f3n segura al escritorio. Compatible con m\u00faltiples plataformas (PC, consolas) cuando se integra correctamente al volante. Montaje firme: clip ajustable para fijar sobre mesas o \u00abcockpits\u00bb de simulaci\u00f3n, evitando desplazamientos. Dise\u00f1o ergon\u00f3mico para largas sesiones de conducci\u00f3n simulada, con sensaci\u00f3n t\u00e1ctil de cambio real. Caracter\u00edsticas t\u00e9cnicas: &nbsp; Modelo: PXN A7 Shifter Tipo: Palanca de cambios (shifter) estilo H \u201c6+1\u201d Plataformas compatibles: PC \/ PS3 \/ PS4 \/ Xbox One \/ Nintendo Switch (verificar compatibilidad con volantes) Cambio de marcha: 6 velocidades + reversa (bot\u00f3n dedicado) Botones adicionales: Freno \/ cambio alto-bajo Fijaci\u00f3n: Clip ajustable para mesa o soporte de simulaci\u00f3n Color: Negro Materiales: Metal + pl\u00e1stico ABS reforzado Dimensiones y peso: &nbsp; Peso aproximado: ~ 600 g Tama\u00f1o aproximado: Mano de palanca ajustable (altura modificable) La PXN A7 Shifter te ofrece un control de cambios realista, ideal para potenciar tu experiencia de simulaci\u00f3n de carreras con volante y pedales, logrando una configuraci\u00f3n m\u00e1s inmersiva y profesional<\/p>\n","protected":false},"featured_media":17798,"template":"","meta":{"site-sidebar-layout":"default","site-content-layout":"","ast-site-content-layout":"default","site-content-style":"default","site-sidebar-style":"default","ast-global-header-display":"","ast-banner-title-visibility":"","ast-main-header-display":"","ast-hfb-above-header-display":"","ast-hfb-below-header-display":"","ast-hfb-mobile-header-display":"","site-post-title":"","ast-breadcrumbs-content":"","ast-featured-img":"","footer-sml-layout":"","theme-transparent-header-meta":"default","adv-header-id-meta":"","stick-header-meta":"","header-above-stick-meta":"","header-main-stick-meta":"","header-below-stick-meta":"","astra-migrate-meta-layouts":"set","ast-page-background-enabled":"default","ast-page-background-meta":{"desktop":{"background-color":"var(--ast-global-color-5)","background-image":"","background-repeat":"repeat","background-position":"center center","background-size":"auto","background-attachment":"scroll","background-type":"","background-media":"","overlay-type":"","overlay-color":"","overlay-opacity":"","overlay-gradient":""},"tablet":{"background-color":"","background-image":"","background-repeat":"repeat","background-position":"center center","background-size":"auto","background-attachment":"scroll","background-type":"","background-media":"","overlay-type":"","overlay-color":"","overlay-opacity":"","overlay-gradient":""},"mobile":{"background-color":"","background-image":"","background-repeat":"repeat","background-position":"center center","background-size":"auto","background-attachment":"scroll","background-type":"","background-media":"","overlay-type":"","overlay-color":"","overlay-opacity":"","overlay-gradient":""}},"ast-content-background-meta":{"desktop":{"background-color":"var(--ast-global-color-4)","background-image":"","background-repeat":"repeat","background-position":"center center","background-size":"auto","background-attachment":"scroll","background-type":"","background-media":"","overlay-type":"","overlay-color":"","overlay-opacity":"","overlay-gradient":""},"tablet":{"background-color":"var(--ast-global-color-4)","background-image":"","background-repeat":"repeat","background-position":"center center","background-size":"auto","background-attachment":"scroll","background-type":"","background-media":"","overlay-type":"","overlay-color":"","overlay-opacity":"","overlay-gradient":""},"mobile":{"background-color":"var(--ast-global-color-4)","background-image":"","background-repeat":"repeat","background-position":"center center","background-size":"auto","background-attachment":"scroll","background-type":"","background-media":"","overlay-type":"","overlay-color":"","overlay-opacity":"","overlay-gradient":""}},"_joinchat":[]},"product_brand":[],"product_cat":[127],"product_tag":[],"class_list":{"0":"post-17766","1":"product","2":"type-product","3":"status-publish","4":"has-post-thumbnail","6":"product_cat-volantes","7":"desktop-align-center","8":"tablet-align-left","9":"mobile-align-left","11":"first","12":"instock","13":"shipping-taxable","14":"purchasable","15":"product-type-simple"},"yoast_head":"<!-- This site is optimized with the Yoast SEO plugin v27.3 - https:\/\/yoast.com\/product\/yoast-seo-wordpress\/ -->\n<title>Palanca de Cambio (Shifter) PXN A7 - UnitGames<\/title>\n<meta name=\"robots\" content=\"index, follow, max-snippet:-1, max-image-preview:large, max-video-preview:-1\" \/>\n<link rel=\"canonical\" href=\"https:\/\/unitgames.com.ar\/pc-gamer\/producto\/palanca-de-cambio-shifter-pxn-a7\/\" \/>\n<meta property=\"og:locale\" content=\"es_ES\" \/>\n<meta property=\"og:type\" content=\"article\" \/>\n<meta property=\"og:title\" content=\"Palanca de Cambio (Shifter) PXN A7 - UnitGames\" \/>\n<meta property=\"og:description\" content=\"La PXN A7 Shifter es una palanca de cambios estilo H \u201c6+1\u201d dise\u00f1ada para simuladores de conducci\u00f3n, que incluye adem\u00e1s bot\u00f3n de freno y bot\u00f3n de cambio alto\/bajo. Ideal para acompa\u00f1ar un volante de carreras, brinda una experiencia m\u00e1s inmersiva, removiendo la necesidad de cambio autom\u00e1tico y sumando realismo al manejo. Beneficios principales: &nbsp; Cambio H \u201c6 marchas + 1 reversa\u201d: permite un manejo m\u00e1s realista de veh\u00edculos de competici\u00f3n o simulaci\u00f3n. Incluye bot\u00f3n de freno adicional y bot\u00f3n de cambio alto\/bajo, \u00fatil para juegos de cami\u00f3n o simulaciones avanzadas. Construcci\u00f3n robusta: palanca met\u00e1lica, carcasas de alta resistencia y sistema de sujeci\u00f3n segura al escritorio. Compatible con m\u00faltiples plataformas (PC, consolas) cuando se integra correctamente al volante. Montaje firme: clip ajustable para fijar sobre mesas o \u00abcockpits\u00bb de simulaci\u00f3n, evitando desplazamientos. Dise\u00f1o ergon\u00f3mico para largas sesiones de conducci\u00f3n simulada, con sensaci\u00f3n t\u00e1ctil de cambio real. Caracter\u00edsticas t\u00e9cnicas: &nbsp; Modelo: PXN A7 Shifter Tipo: Palanca de cambios (shifter) estilo H \u201c6+1\u201d Plataformas compatibles: PC \/ PS3 \/ PS4 \/ Xbox One \/ Nintendo Switch (verificar compatibilidad con volantes) Cambio de marcha: 6 velocidades + reversa (bot\u00f3n dedicado) Botones adicionales: Freno \/ cambio alto-bajo Fijaci\u00f3n: Clip ajustable para mesa o soporte de simulaci\u00f3n Color: Negro Materiales: Metal + pl\u00e1stico ABS reforzado Dimensiones y peso: &nbsp; Peso aproximado: ~ 600 g Tama\u00f1o aproximado: Mano de palanca ajustable (altura modificable) La PXN A7 Shifter te ofrece un control de cambios realista, ideal para potenciar tu experiencia de simulaci\u00f3n de carreras con volante y pedales, logrando una configuraci\u00f3n m\u00e1s inmersiva y profesional\" \/>\n<meta property=\"og:url\" content=\"https:\/\/unitgames.com.ar\/pc-gamer\/producto\/palanca-de-cambio-shifter-pxn-a7\/\" \/>\n<meta property=\"og:site_name\" content=\"UnitGames\" \/>\n<meta property=\"article:modified_time\" content=\"2026-01-09T10:13:03+00:00\" \/>\n<meta property=\"og:image\" content=\"https:\/\/unitgames.com.ar\/pc-gamer\/wp-content\/uploads\/2025\/10\/Palanca-de-Cambio-Shifter-PXN-A7.png\" \/>\n\t<meta property=\"og:image:width\" content=\"1283\" \/>\n\t<meta property=\"og:image:height\" content=\"1284\" \/>\n\t<meta property=\"og:image:type\" content=\"image\/png\" \/>\n<meta name=\"twitter:card\" content=\"summary_large_image\" \/>\n<meta name=\"twitter:label1\" content=\"Tiempo de lectura\" \/>\n\t<meta name=\"twitter:data1\" content=\"2 minutos\" \/>\n<script type=\"application\/ld+json\" class=\"yoast-schema-graph\">{\"@context\":\"https:\\\/\\\/schema.org\",\"@graph\":[{\"@type\":\"WebPage\",\"@id\":\"https:\\\/\\\/unitgames.com.ar\\\/pc-gamer\\\/producto\\\/palanca-de-cambio-shifter-pxn-a7\\\/\",\"url\":\"https:\\\/\\\/unitgames.com.ar\\\/pc-gamer\\\/producto\\\/palanca-de-cambio-shifter-pxn-a7\\\/\",\"name\":\"Palanca de Cambio (Shifter) PXN A7 - UnitGames\",\"isPartOf\":{\"@id\":\"https:\\\/\\\/unitgames.com.ar\\\/pc-gamer\\\/#website\"},\"primaryImageOfPage\":{\"@id\":\"https:\\\/\\\/unitgames.com.ar\\\/pc-gamer\\\/producto\\\/palanca-de-cambio-shifter-pxn-a7\\\/#primaryimage\"},\"image\":{\"@id\":\"https:\\\/\\\/unitgames.com.ar\\\/pc-gamer\\\/producto\\\/palanca-de-cambio-shifter-pxn-a7\\\/#primaryimage\"},\"thumbnailUrl\":\"https:\\\/\\\/unitgames.com.ar\\\/pc-gamer\\\/wp-content\\\/uploads\\\/2025\\\/10\\\/Palanca-de-Cambio-Shifter-PXN-A7.png\",\"datePublished\":\"2025-10-18T15:04:27+00:00\",\"dateModified\":\"2026-01-09T10:13:03+00:00\",\"breadcrumb\":{\"@id\":\"https:\\\/\\\/unitgames.com.ar\\\/pc-gamer\\\/producto\\\/palanca-de-cambio-shifter-pxn-a7\\\/#breadcrumb\"},\"inLanguage\":\"es\",\"potentialAction\":[{\"@type\":\"ReadAction\",\"target\":[\"https:\\\/\\\/unitgames.com.ar\\\/pc-gamer\\\/producto\\\/palanca-de-cambio-shifter-pxn-a7\\\/\"]}]},{\"@type\":\"ImageObject\",\"inLanguage\":\"es\",\"@id\":\"https:\\\/\\\/unitgames.com.ar\\\/pc-gamer\\\/producto\\\/palanca-de-cambio-shifter-pxn-a7\\\/#primaryimage\",\"url\":\"https:\\\/\\\/unitgames.com.ar\\\/pc-gamer\\\/wp-content\\\/uploads\\\/2025\\\/10\\\/Palanca-de-Cambio-Shifter-PXN-A7.png\",\"contentUrl\":\"https:\\\/\\\/unitgames.com.ar\\\/pc-gamer\\\/wp-content\\\/uploads\\\/2025\\\/10\\\/Palanca-de-Cambio-Shifter-PXN-A7.png\",\"width\":1283,\"height\":1284},{\"@type\":\"BreadcrumbList\",\"@id\":\"https:\\\/\\\/unitgames.com.ar\\\/pc-gamer\\\/producto\\\/palanca-de-cambio-shifter-pxn-a7\\\/#breadcrumb\",\"itemListElement\":[{\"@type\":\"ListItem\",\"position\":1,\"name\":\"Tienda\",\"item\":\"https:\\\/\\\/unitgames.com.ar\\\/pc-gamer\\\/tienda\\\/\"},{\"@type\":\"ListItem\",\"position\":2,\"name\":\"Palanca de Cambio (Shifter) PXN A7\"}]},{\"@type\":\"WebSite\",\"@id\":\"https:\\\/\\\/unitgames.com.ar\\\/pc-gamer\\\/#website\",\"url\":\"https:\\\/\\\/unitgames.com.ar\\\/pc-gamer\\\/\",\"name\":\"UnitGames\",\"description\":\"Venta de PC Gamers, Consolas , Servicio Tecnico Especializado. Todos en Accesorios Informaticos y Gamers\",\"publisher\":{\"@id\":\"https:\\\/\\\/unitgames.com.ar\\\/pc-gamer\\\/#organization\"},\"potentialAction\":[{\"@type\":\"SearchAction\",\"target\":{\"@type\":\"EntryPoint\",\"urlTemplate\":\"https:\\\/\\\/unitgames.com.ar\\\/pc-gamer\\\/?s={search_term_string}\"},\"query-input\":{\"@type\":\"PropertyValueSpecification\",\"valueRequired\":true,\"valueName\":\"search_term_string\"}}],\"inLanguage\":\"es\"},{\"@type\":\"Organization\",\"@id\":\"https:\\\/\\\/unitgames.com.ar\\\/pc-gamer\\\/#organization\",\"name\":\"UnitGames\",\"url\":\"https:\\\/\\\/unitgames.com.ar\\\/pc-gamer\\\/\",\"logo\":{\"@type\":\"ImageObject\",\"inLanguage\":\"es\",\"@id\":\"https:\\\/\\\/unitgames.com.ar\\\/pc-gamer\\\/#\\\/schema\\\/logo\\\/image\\\/\",\"url\":\"https:\\\/\\\/unitgames.com.ar\\\/pc-gamer\\\/wp-content\\\/uploads\\\/2021\\\/01\\\/cropped-logoUnitGames2.png\",\"contentUrl\":\"https:\\\/\\\/unitgames.com.ar\\\/pc-gamer\\\/wp-content\\\/uploads\\\/2021\\\/01\\\/cropped-logoUnitGames2.png\",\"width\":152,\"height\":200,\"caption\":\"UnitGames\"},\"image\":{\"@id\":\"https:\\\/\\\/unitgames.com.ar\\\/pc-gamer\\\/#\\\/schema\\\/logo\\\/image\\\/\"}}]}<\/script>\n<!-- \/ Yoast SEO plugin. -->","yoast_head_json":{"title":"Palanca de Cambio (Shifter) PXN A7 - UnitGames","robots":{"index":"index","follow":"follow","max-snippet":"max-snippet:-1","max-image-preview":"max-image-preview:large","max-video-preview":"max-video-preview:-1"},"canonical":"https:\/\/unitgames.com.ar\/pc-gamer\/producto\/palanca-de-cambio-shifter-pxn-a7\/","og_locale":"es_ES","og_type":"article","og_title":"Palanca de Cambio (Shifter) PXN A7 - UnitGames","og_description":"La PXN A7 Shifter es una palanca de cambios estilo H \u201c6+1\u201d dise\u00f1ada para simuladores de conducci\u00f3n, que incluye adem\u00e1s bot\u00f3n de freno y bot\u00f3n de cambio alto\/bajo. Ideal para acompa\u00f1ar un volante de carreras, brinda una experiencia m\u00e1s inmersiva, removiendo la necesidad de cambio autom\u00e1tico y sumando realismo al manejo. Beneficios principales: &nbsp; Cambio H \u201c6 marchas + 1 reversa\u201d: permite un manejo m\u00e1s realista de veh\u00edculos de competici\u00f3n o simulaci\u00f3n. Incluye bot\u00f3n de freno adicional y bot\u00f3n de cambio alto\/bajo, \u00fatil para juegos de cami\u00f3n o simulaciones avanzadas. Construcci\u00f3n robusta: palanca met\u00e1lica, carcasas de alta resistencia y sistema de sujeci\u00f3n segura al escritorio. Compatible con m\u00faltiples plataformas (PC, consolas) cuando se integra correctamente al volante. Montaje firme: clip ajustable para fijar sobre mesas o \u00abcockpits\u00bb de simulaci\u00f3n, evitando desplazamientos. Dise\u00f1o ergon\u00f3mico para largas sesiones de conducci\u00f3n simulada, con sensaci\u00f3n t\u00e1ctil de cambio real. Caracter\u00edsticas t\u00e9cnicas: &nbsp; Modelo: PXN A7 Shifter Tipo: Palanca de cambios (shifter) estilo H \u201c6+1\u201d Plataformas compatibles: PC \/ PS3 \/ PS4 \/ Xbox One \/ Nintendo Switch (verificar compatibilidad con volantes) Cambio de marcha: 6 velocidades + reversa (bot\u00f3n dedicado) Botones adicionales: Freno \/ cambio alto-bajo Fijaci\u00f3n: Clip ajustable para mesa o soporte de simulaci\u00f3n Color: Negro Materiales: Metal + pl\u00e1stico ABS reforzado Dimensiones y peso: &nbsp; Peso aproximado: ~ 600 g Tama\u00f1o aproximado: Mano de palanca ajustable (altura modificable) La PXN A7 Shifter te ofrece un control de cambios realista, ideal para potenciar tu experiencia de simulaci\u00f3n de carreras con volante y pedales, logrando una configuraci\u00f3n m\u00e1s inmersiva y profesional","og_url":"https:\/\/unitgames.com.ar\/pc-gamer\/producto\/palanca-de-cambio-shifter-pxn-a7\/","og_site_name":"UnitGames","article_modified_time":"2026-01-09T10:13:03+00:00","og_image":[{"width":1283,"height":1284,"url":"https:\/\/unitgames.com.ar\/pc-gamer\/wp-content\/uploads\/2025\/10\/Palanca-de-Cambio-Shifter-PXN-A7.png","type":"image\/png"}],"twitter_card":"summary_large_image","twitter_misc":{"Tiempo de lectura":"2 minutos"},"schema":{"@context":"https:\/\/schema.org","@graph":[{"@type":"WebPage","@id":"https:\/\/unitgames.com.ar\/pc-gamer\/producto\/palanca-de-cambio-shifter-pxn-a7\/","url":"https:\/\/unitgames.com.ar\/pc-gamer\/producto\/palanca-de-cambio-shifter-pxn-a7\/","name":"Palanca de Cambio (Shifter) PXN A7 - UnitGames","isPartOf":{"@id":"https:\/\/unitgames.com.ar\/pc-gamer\/#website"},"primaryImageOfPage":{"@id":"https:\/\/unitgames.com.ar\/pc-gamer\/producto\/palanca-de-cambio-shifter-pxn-a7\/#primaryimage"},"image":{"@id":"https:\/\/unitgames.com.ar\/pc-gamer\/producto\/palanca-de-cambio-shifter-pxn-a7\/#primaryimage"},"thumbnailUrl":"https:\/\/unitgames.com.ar\/pc-gamer\/wp-content\/uploads\/2025\/10\/Palanca-de-Cambio-Shifter-PXN-A7.png","datePublished":"2025-10-18T15:04:27+00:00","dateModified":"2026-01-09T10:13:03+00:00","breadcrumb":{"@id":"https:\/\/unitgames.com.ar\/pc-gamer\/producto\/palanca-de-cambio-shifter-pxn-a7\/#breadcrumb"},"inLanguage":"es","potentialAction":[{"@type":"ReadAction","target":["https:\/\/unitgames.com.ar\/pc-gamer\/producto\/palanca-de-cambio-shifter-pxn-a7\/"]}]},{"@type":"ImageObject","inLanguage":"es","@id":"https:\/\/unitgames.com.ar\/pc-gamer\/producto\/palanca-de-cambio-shifter-pxn-a7\/#primaryimage","url":"https:\/\/unitgames.com.ar\/pc-gamer\/wp-content\/uploads\/2025\/10\/Palanca-de-Cambio-Shifter-PXN-A7.png","contentUrl":"https:\/\/unitgames.com.ar\/pc-gamer\/wp-content\/uploads\/2025\/10\/Palanca-de-Cambio-Shifter-PXN-A7.png","width":1283,"height":1284},{"@type":"BreadcrumbList","@id":"https:\/\/unitgames.com.ar\/pc-gamer\/producto\/palanca-de-cambio-shifter-pxn-a7\/#breadcrumb","itemListElement":[{"@type":"ListItem","position":1,"name":"Tienda","item":"https:\/\/unitgames.com.ar\/pc-gamer\/tienda\/"},{"@type":"ListItem","position":2,"name":"Palanca de Cambio (Shifter) PXN A7"}]},{"@type":"WebSite","@id":"https:\/\/unitgames.com.ar\/pc-gamer\/#website","url":"https:\/\/unitgames.com.ar\/pc-gamer\/","name":"UnitGames","description":"Venta de PC Gamers, Consolas , Servicio Tecnico Especializado. Todos en Accesorios Informaticos y Gamers","publisher":{"@id":"https:\/\/unitgames.com.ar\/pc-gamer\/#organization"},"potentialAction":[{"@type":"SearchAction","target":{"@type":"EntryPoint","urlTemplate":"https:\/\/unitgames.com.ar\/pc-gamer\/?s={search_term_string}"},"query-input":{"@type":"PropertyValueSpecification","valueRequired":true,"valueName":"search_term_string"}}],"inLanguage":"es"},{"@type":"Organization","@id":"https:\/\/unitgames.com.ar\/pc-gamer\/#organization","name":"UnitGames","url":"https:\/\/unitgames.com.ar\/pc-gamer\/","logo":{"@type":"ImageObject","inLanguage":"es","@id":"https:\/\/unitgames.com.ar\/pc-gamer\/#\/schema\/logo\/image\/","url":"https:\/\/unitgames.com.ar\/pc-gamer\/wp-content\/uploads\/2021\/01\/cropped-logoUnitGames2.png","contentUrl":"https:\/\/unitgames.com.ar\/pc-gamer\/wp-content\/uploads\/2021\/01\/cropped-logoUnitGames2.png","width":152,"height":200,"caption":"UnitGames"},"image":{"@id":"https:\/\/unitgames.com.ar\/pc-gamer\/#\/schema\/logo\/image\/"}}]}},"_links":{"self":[{"href":"https:\/\/unitgames.com.ar\/pc-gamer\/wp-json\/wp\/v2\/product\/17766","targetHints":{"allow":["GET"]}}],"collection":[{"href":"https:\/\/unitgames.com.ar\/pc-gamer\/wp-json\/wp\/v2\/product"}],"about":[{"href":"https:\/\/unitgames.com.ar\/pc-gamer\/wp-json\/wp\/v2\/types\/product"}],"version-history":[{"count":0,"href":"https:\/\/unitgames.com.ar\/pc-gamer\/wp-json\/wp\/v2\/product\/17766\/revisions"}],"wp:featuredmedia":[{"embeddable":true,"href":"https:\/\/unitgames.com.ar\/pc-gamer\/wp-json\/wp\/v2\/media\/17798"}],"wp:attachment":[{"href":"https:\/\/unitgames.com.ar\/pc-gamer\/wp-json\/wp\/v2\/media?parent=17766"}],"wp:term":[{"taxonomy":"product_brand","embeddable":true,"href":"https:\/\/unitgames.com.ar\/pc-gamer\/wp-json\/wp\/v2\/product_brand?post=17766"},{"taxonomy":"product_cat","embeddable":true,"href":"https:\/\/unitgames.com.ar\/pc-gamer\/wp-json\/wp\/v2\/product_cat?post=17766"},{"taxonomy":"product_tag","embeddable":true,"href":"https:\/\/unitgames.com.ar\/pc-gamer\/wp-json\/wp\/v2\/product_tag?post=17766"}],"curies":[{"name":"wp","href":"https:\/\/api.w.org\/{rel}","templated":true}]}}