{"id":18220,"date":"2025-11-21T10:51:36","date_gmt":"2025-11-21T13:51:36","guid":{"rendered":"https:\/\/unitgames.com.ar\/pc-gamer\/?post_type=product&#038;p=18220"},"modified":"2026-02-02T17:01:58","modified_gmt":"2026-02-02T20:01:58","slug":"pc-gamers-intel-14400f-con-rx-6600-8gb","status":"publish","type":"product","link":"https:\/\/unitgames.com.ar\/pc-gamer\/producto\/pc-gamers-intel-14400f-con-rx-6600-8gb\/","title":{"rendered":"PC Gamers Intel i5-14400f con RTX 2060 Super"},"content":{"rendered":"<p>&#x2705; Microprocesador: Intel i5 14400f 200<\/p>\n<p>&#x2705; Motherboard: GIGABYTE\u00a0 H610M-K D4\u00a0 81<\/p>\n<p>&#x2705; Memoria: 16 DDR4 3200Mhz 110<\/p>\n<p>&#x2705; Almacenamiento: SSD 480gb 70<\/p>\n<p>&#x2705; Placa de Video: PALIT RTX\u00a0 2060 Super 8GB (usada)\u00a0 200<\/p>\n<p>&#x2705; Fuente: GMX 500W 80 Plus White 36<\/p>\n<p>&#x2705; Gabinete: EVOLABS Progression Black 57<\/p>\n<p>Con esta PC pod\u00e9s jugar todo lo competitivo sobrado:<\/p>\n<table style=\"height: 366px;\" width=\"1071\">\n<thead>\n<tr>\n<th style=\"text-align: center;\">Juego<\/th>\n<th>Resoluci\u00f3n<\/th>\n<th style=\"text-align: center;\">Calidad gr\u00e1fica<\/th>\n<th>FPS estimado<\/th>\n<\/tr>\n<\/thead>\n<tbody>\n<tr>\n<td>Valorant<\/td>\n<td>1080p<\/td>\n<td>Muy Alta\/Ultra<\/td>\n<td>&gt;200 fps<\/td>\n<\/tr>\n<tr>\n<td>Fortnite<\/td>\n<td>1080p<\/td>\n<td>Alta (quiz\u00e1s Epic moderado)<\/td>\n<td>120-180 fps<\/td>\n<\/tr>\n<tr>\n<td>CS2<\/td>\n<td>1080p<\/td>\n<td>Alta\/Ultra<\/td>\n<td>&gt;200 fps<\/td>\n<\/tr>\n<tr>\n<td>LoL<\/td>\n<td>1080p<\/td>\n<td>Muy Alta\/Ultra<\/td>\n<td>&gt;200 fps<\/td>\n<\/tr>\n<tr>\n<td>Warzone<\/td>\n<td>1080p<\/td>\n<td>Alta (~no todo Ultra)<\/td>\n<td>~80-120 fps<\/td>\n<\/tr>\n<tr>\n<td>GTA V<\/td>\n<td>1080p<\/td>\n<td>Alta<\/td>\n<td>~100-140 fps<\/td>\n<\/tr>\n<\/tbody>\n<\/table>\n<p>&nbsp;<\/p>\n<p>&#x1f525; Los Gabinetes mostrados se pueden cambiar por cualquier que este en stock en nuestra web <em>(Varia el precio seg\u00fan modelo)&#x1f525;<\/em><br \/>\n&#x1f525; Si quieres hacer cambios en los componentes cont\u00e1ctanos por WhatsApp, tenemos amplio stock&#x1f525;<br \/>\n&#x1f525; Las PC vienen Armadas y lista para usar con su respectivo soft &#x1f525;<\/p>\n<p>&nbsp;<\/p>\n<p>&nbsp;<\/p>\n","protected":false},"excerpt":{"rendered":"<p>&#x2705; Microprocesador: Intel i5 14400f 200 &#x2705; Motherboard: GIGABYTE\u00a0 H610M-K D4\u00a0 81 &#x2705; Memoria: 16 DDR4 3200Mhz 110 &#x2705; Almacenamiento: SSD 480gb 70 &#x2705; Placa de Video: PALIT RTX\u00a0 2060 Super 8GB (usada)\u00a0 200 &#x2705; Fuente: GMX 500W 80 Plus White 36 &#x2705; Gabinete: EVOLABS Progression Black 57 Con esta PC pod\u00e9s jugar todo lo competitivo sobrado: Juego Resoluci\u00f3n Calidad gr\u00e1fica FPS estimado Valorant 1080p Muy Alta\/Ultra &gt;200 fps Fortnite 1080p Alta (quiz\u00e1s Epic moderado) 120-180 fps CS2 1080p Alta\/Ultra &gt;200 fps LoL 1080p Muy Alta\/Ultra &gt;200 fps Warzone 1080p Alta (~no todo Ultra) ~80-120 fps GTA V 1080p Alta ~100-140 fps &nbsp; &#x1f525; Los Gabinetes mostrados se pueden cambiar por cualquier que este en stock en nuestra web (Varia el precio seg\u00fan modelo)&#x1f525; &#x1f525; Si quieres hacer cambios en los componentes cont\u00e1ctanos por WhatsApp, tenemos amplio stock&#x1f525; &#x1f525; Las PC vienen Armadas y lista para usar con su respectivo soft &#x1f525; &nbsp; &nbsp;<\/p>\n","protected":false},"featured_media":18235,"template":"","meta":{"site-sidebar-layout":"default","site-content-layout":"","ast-site-content-layout":"default","site-content-style":"default","site-sidebar-style":"default","ast-global-header-display":"","ast-banner-title-visibility":"","ast-main-header-display":"","ast-hfb-above-header-display":"","ast-hfb-below-header-display":"","ast-hfb-mobile-header-display":"","site-post-title":"","ast-breadcrumbs-content":"","ast-featured-img":"","footer-sml-layout":"","theme-transparent-header-meta":"default","adv-header-id-meta":"","stick-header-meta":"","header-above-stick-meta":"","header-main-stick-meta":"","header-below-stick-meta":"","astra-migrate-meta-layouts":"set","ast-page-background-enabled":"default","ast-page-background-meta":{"desktop":{"background-color":"var(--ast-global-color-5)","background-image":"","background-repeat":"repeat","background-position":"center center","background-size":"auto","background-attachment":"scroll","background-type":"","background-media":"","overlay-type":"","overlay-color":"","overlay-opacity":"","overlay-gradient":""},"tablet":{"background-color":"","background-image":"","background-repeat":"repeat","background-position":"center center","background-size":"auto","background-attachment":"scroll","background-type":"","background-media":"","overlay-type":"","overlay-color":"","overlay-opacity":"","overlay-gradient":""},"mobile":{"background-color":"","background-image":"","background-repeat":"repeat","background-position":"center center","background-size":"auto","background-attachment":"scroll","background-type":"","background-media":"","overlay-type":"","overlay-color":"","overlay-opacity":"","overlay-gradient":""}},"ast-content-background-meta":{"desktop":{"background-color":"var(--ast-global-color-4)","background-image":"","background-repeat":"repeat","background-position":"center center","background-size":"auto","background-attachment":"scroll","background-type":"","background-media":"","overlay-type":"","overlay-color":"","overlay-opacity":"","overlay-gradient":""},"tablet":{"background-color":"var(--ast-global-color-4)","background-image":"","background-repeat":"repeat","background-position":"center center","background-size":"auto","background-attachment":"scroll","background-type":"","background-media":"","overlay-type":"","overlay-color":"","overlay-opacity":"","overlay-gradient":""},"mobile":{"background-color":"var(--ast-global-color-4)","background-image":"","background-repeat":"repeat","background-position":"center center","background-size":"auto","background-attachment":"scroll","background-type":"","background-media":"","overlay-type":"","overlay-color":"","overlay-opacity":"","overlay-gradient":""}},"_joinchat":[]},"product_brand":[],"product_cat":[78],"product_tag":[],"class_list":{"0":"post-18220","1":"product","2":"type-product","3":"status-publish","4":"has-post-thumbnail","6":"product_cat-pc-gamers","7":"desktop-align-center","8":"tablet-align-left","9":"mobile-align-left","11":"first","12":"instock","13":"shipping-taxable","14":"purchasable","15":"product-type-simple"},"yoast_head":"<!-- This site is optimized with the Yoast SEO plugin v27.3 - https:\/\/yoast.com\/product\/yoast-seo-wordpress\/ -->\n<title>PC Gamers Intel i5-14400f con RTX 2060 Super - UnitGames<\/title>\n<meta name=\"robots\" content=\"index, follow, max-snippet:-1, max-image-preview:large, max-video-preview:-1\" \/>\n<link rel=\"canonical\" href=\"https:\/\/unitgames.com.ar\/pc-gamer\/producto\/pc-gamers-intel-14400f-con-rx-6600-8gb\/\" \/>\n<meta property=\"og:locale\" content=\"es_ES\" \/>\n<meta property=\"og:type\" content=\"article\" \/>\n<meta property=\"og:title\" content=\"PC Gamers Intel i5-14400f con RTX 2060 Super - UnitGames\" \/>\n<meta property=\"og:description\" content=\"&#x2705; Microprocesador: Intel i5 14400f 200 &#x2705; Motherboard: GIGABYTE\u00a0 H610M-K D4\u00a0 81 &#x2705; Memoria: 16 DDR4 3200Mhz 110 &#x2705; Almacenamiento: SSD 480gb 70 &#x2705; Placa de Video: PALIT RTX\u00a0 2060 Super 8GB (usada)\u00a0 200 &#x2705; Fuente: GMX 500W 80 Plus White 36 &#x2705; Gabinete: EVOLABS Progression Black 57 Con esta PC pod\u00e9s jugar todo lo competitivo sobrado: Juego Resoluci\u00f3n Calidad gr\u00e1fica FPS estimado Valorant 1080p Muy Alta\/Ultra &gt;200 fps Fortnite 1080p Alta (quiz\u00e1s Epic moderado) 120-180 fps CS2 1080p Alta\/Ultra &gt;200 fps LoL 1080p Muy Alta\/Ultra &gt;200 fps Warzone 1080p Alta (~no todo Ultra) ~80-120 fps GTA V 1080p Alta ~100-140 fps &nbsp; &#x1f525; Los Gabinetes mostrados se pueden cambiar por cualquier que este en stock en nuestra web (Varia el precio seg\u00fan modelo)&#x1f525; &#x1f525; Si quieres hacer cambios en los componentes cont\u00e1ctanos por WhatsApp, tenemos amplio stock&#x1f525; &#x1f525; Las PC vienen Armadas y lista para usar con su respectivo soft &#x1f525; &nbsp; &nbsp;\" \/>\n<meta property=\"og:url\" content=\"https:\/\/unitgames.com.ar\/pc-gamer\/producto\/pc-gamers-intel-14400f-con-rx-6600-8gb\/\" \/>\n<meta property=\"og:site_name\" content=\"UnitGames\" \/>\n<meta property=\"article:modified_time\" content=\"2026-02-02T20:01:58+00:00\" \/>\n<meta property=\"og:image\" content=\"https:\/\/unitgames.com.ar\/pc-gamer\/wp-content\/uploads\/2025\/11\/PC-Completa-I5-14400-Promocion.png\" \/>\n\t<meta property=\"og:image:width\" content=\"1284\" \/>\n\t<meta property=\"og:image:height\" content=\"1284\" \/>\n\t<meta property=\"og:image:type\" content=\"image\/png\" \/>\n<meta name=\"twitter:card\" content=\"summary_large_image\" \/>\n<meta name=\"twitter:label1\" content=\"Tiempo de lectura\" \/>\n\t<meta name=\"twitter:data1\" content=\"1 minuto\" \/>\n<script type=\"application\/ld+json\" class=\"yoast-schema-graph\">{\"@context\":\"https:\\\/\\\/schema.org\",\"@graph\":[{\"@type\":\"WebPage\",\"@id\":\"https:\\\/\\\/unitgames.com.ar\\\/pc-gamer\\\/producto\\\/pc-gamers-intel-14400f-con-rx-6600-8gb\\\/\",\"url\":\"https:\\\/\\\/unitgames.com.ar\\\/pc-gamer\\\/producto\\\/pc-gamers-intel-14400f-con-rx-6600-8gb\\\/\",\"name\":\"PC Gamers Intel i5-14400f con RTX 2060 Super - UnitGames\",\"isPartOf\":{\"@id\":\"https:\\\/\\\/unitgames.com.ar\\\/pc-gamer\\\/#website\"},\"primaryImageOfPage\":{\"@id\":\"https:\\\/\\\/unitgames.com.ar\\\/pc-gamer\\\/producto\\\/pc-gamers-intel-14400f-con-rx-6600-8gb\\\/#primaryimage\"},\"image\":{\"@id\":\"https:\\\/\\\/unitgames.com.ar\\\/pc-gamer\\\/producto\\\/pc-gamers-intel-14400f-con-rx-6600-8gb\\\/#primaryimage\"},\"thumbnailUrl\":\"https:\\\/\\\/unitgames.com.ar\\\/pc-gamer\\\/wp-content\\\/uploads\\\/2025\\\/11\\\/PC-Completa-I5-14400-Promocion.png\",\"datePublished\":\"2025-11-21T13:51:36+00:00\",\"dateModified\":\"2026-02-02T20:01:58+00:00\",\"breadcrumb\":{\"@id\":\"https:\\\/\\\/unitgames.com.ar\\\/pc-gamer\\\/producto\\\/pc-gamers-intel-14400f-con-rx-6600-8gb\\\/#breadcrumb\"},\"inLanguage\":\"es\",\"potentialAction\":[{\"@type\":\"ReadAction\",\"target\":[\"https:\\\/\\\/unitgames.com.ar\\\/pc-gamer\\\/producto\\\/pc-gamers-intel-14400f-con-rx-6600-8gb\\\/\"]}]},{\"@type\":\"ImageObject\",\"inLanguage\":\"es\",\"@id\":\"https:\\\/\\\/unitgames.com.ar\\\/pc-gamer\\\/producto\\\/pc-gamers-intel-14400f-con-rx-6600-8gb\\\/#primaryimage\",\"url\":\"https:\\\/\\\/unitgames.com.ar\\\/pc-gamer\\\/wp-content\\\/uploads\\\/2025\\\/11\\\/PC-Completa-I5-14400-Promocion.png\",\"contentUrl\":\"https:\\\/\\\/unitgames.com.ar\\\/pc-gamer\\\/wp-content\\\/uploads\\\/2025\\\/11\\\/PC-Completa-I5-14400-Promocion.png\",\"width\":1284,\"height\":1284},{\"@type\":\"BreadcrumbList\",\"@id\":\"https:\\\/\\\/unitgames.com.ar\\\/pc-gamer\\\/producto\\\/pc-gamers-intel-14400f-con-rx-6600-8gb\\\/#breadcrumb\",\"itemListElement\":[{\"@type\":\"ListItem\",\"position\":1,\"name\":\"Tienda\",\"item\":\"https:\\\/\\\/unitgames.com.ar\\\/pc-gamer\\\/tienda\\\/\"},{\"@type\":\"ListItem\",\"position\":2,\"name\":\"PC Gamers Intel i5-14400f con RTX 2060 Super\"}]},{\"@type\":\"WebSite\",\"@id\":\"https:\\\/\\\/unitgames.com.ar\\\/pc-gamer\\\/#website\",\"url\":\"https:\\\/\\\/unitgames.com.ar\\\/pc-gamer\\\/\",\"name\":\"UnitGames\",\"description\":\"Venta de PC Gamers, Consolas , Servicio Tecnico Especializado. Todos en Accesorios Informaticos y Gamers\",\"publisher\":{\"@id\":\"https:\\\/\\\/unitgames.com.ar\\\/pc-gamer\\\/#organization\"},\"potentialAction\":[{\"@type\":\"SearchAction\",\"target\":{\"@type\":\"EntryPoint\",\"urlTemplate\":\"https:\\\/\\\/unitgames.com.ar\\\/pc-gamer\\\/?s={search_term_string}\"},\"query-input\":{\"@type\":\"PropertyValueSpecification\",\"valueRequired\":true,\"valueName\":\"search_term_string\"}}],\"inLanguage\":\"es\"},{\"@type\":\"Organization\",\"@id\":\"https:\\\/\\\/unitgames.com.ar\\\/pc-gamer\\\/#organization\",\"name\":\"UnitGames\",\"url\":\"https:\\\/\\\/unitgames.com.ar\\\/pc-gamer\\\/\",\"logo\":{\"@type\":\"ImageObject\",\"inLanguage\":\"es\",\"@id\":\"https:\\\/\\\/unitgames.com.ar\\\/pc-gamer\\\/#\\\/schema\\\/logo\\\/image\\\/\",\"url\":\"https:\\\/\\\/unitgames.com.ar\\\/pc-gamer\\\/wp-content\\\/uploads\\\/2021\\\/01\\\/cropped-logoUnitGames2.png\",\"contentUrl\":\"https:\\\/\\\/unitgames.com.ar\\\/pc-gamer\\\/wp-content\\\/uploads\\\/2021\\\/01\\\/cropped-logoUnitGames2.png\",\"width\":152,\"height\":200,\"caption\":\"UnitGames\"},\"image\":{\"@id\":\"https:\\\/\\\/unitgames.com.ar\\\/pc-gamer\\\/#\\\/schema\\\/logo\\\/image\\\/\"}}]}<\/script>\n<!-- \/ Yoast SEO plugin. -->","yoast_head_json":{"title":"PC Gamers Intel i5-14400f con RTX 2060 Super - UnitGames","robots":{"index":"index","follow":"follow","max-snippet":"max-snippet:-1","max-image-preview":"max-image-preview:large","max-video-preview":"max-video-preview:-1"},"canonical":"https:\/\/unitgames.com.ar\/pc-gamer\/producto\/pc-gamers-intel-14400f-con-rx-6600-8gb\/","og_locale":"es_ES","og_type":"article","og_title":"PC Gamers Intel i5-14400f con RTX 2060 Super - UnitGames","og_description":"&#x2705; Microprocesador: Intel i5 14400f 200 &#x2705; Motherboard: GIGABYTE\u00a0 H610M-K D4\u00a0 81 &#x2705; Memoria: 16 DDR4 3200Mhz 110 &#x2705; Almacenamiento: SSD 480gb 70 &#x2705; Placa de Video: PALIT RTX\u00a0 2060 Super 8GB (usada)\u00a0 200 &#x2705; Fuente: GMX 500W 80 Plus White 36 &#x2705; Gabinete: EVOLABS Progression Black 57 Con esta PC pod\u00e9s jugar todo lo competitivo sobrado: Juego Resoluci\u00f3n Calidad gr\u00e1fica FPS estimado Valorant 1080p Muy Alta\/Ultra &gt;200 fps Fortnite 1080p Alta (quiz\u00e1s Epic moderado) 120-180 fps CS2 1080p Alta\/Ultra &gt;200 fps LoL 1080p Muy Alta\/Ultra &gt;200 fps Warzone 1080p Alta (~no todo Ultra) ~80-120 fps GTA V 1080p Alta ~100-140 fps &nbsp; &#x1f525; Los Gabinetes mostrados se pueden cambiar por cualquier que este en stock en nuestra web (Varia el precio seg\u00fan modelo)&#x1f525; &#x1f525; Si quieres hacer cambios en los componentes cont\u00e1ctanos por WhatsApp, tenemos amplio stock&#x1f525; &#x1f525; Las PC vienen Armadas y lista para usar con su respectivo soft &#x1f525; &nbsp; &nbsp;","og_url":"https:\/\/unitgames.com.ar\/pc-gamer\/producto\/pc-gamers-intel-14400f-con-rx-6600-8gb\/","og_site_name":"UnitGames","article_modified_time":"2026-02-02T20:01:58+00:00","og_image":[{"width":1284,"height":1284,"url":"https:\/\/unitgames.com.ar\/pc-gamer\/wp-content\/uploads\/2025\/11\/PC-Completa-I5-14400-Promocion.png","type":"image\/png"}],"twitter_card":"summary_large_image","twitter_misc":{"Tiempo de lectura":"1 minuto"},"schema":{"@context":"https:\/\/schema.org","@graph":[{"@type":"WebPage","@id":"https:\/\/unitgames.com.ar\/pc-gamer\/producto\/pc-gamers-intel-14400f-con-rx-6600-8gb\/","url":"https:\/\/unitgames.com.ar\/pc-gamer\/producto\/pc-gamers-intel-14400f-con-rx-6600-8gb\/","name":"PC Gamers Intel i5-14400f con RTX 2060 Super - UnitGames","isPartOf":{"@id":"https:\/\/unitgames.com.ar\/pc-gamer\/#website"},"primaryImageOfPage":{"@id":"https:\/\/unitgames.com.ar\/pc-gamer\/producto\/pc-gamers-intel-14400f-con-rx-6600-8gb\/#primaryimage"},"image":{"@id":"https:\/\/unitgames.com.ar\/pc-gamer\/producto\/pc-gamers-intel-14400f-con-rx-6600-8gb\/#primaryimage"},"thumbnailUrl":"https:\/\/unitgames.com.ar\/pc-gamer\/wp-content\/uploads\/2025\/11\/PC-Completa-I5-14400-Promocion.png","datePublished":"2025-11-21T13:51:36+00:00","dateModified":"2026-02-02T20:01:58+00:00","breadcrumb":{"@id":"https:\/\/unitgames.com.ar\/pc-gamer\/producto\/pc-gamers-intel-14400f-con-rx-6600-8gb\/#breadcrumb"},"inLanguage":"es","potentialAction":[{"@type":"ReadAction","target":["https:\/\/unitgames.com.ar\/pc-gamer\/producto\/pc-gamers-intel-14400f-con-rx-6600-8gb\/"]}]},{"@type":"ImageObject","inLanguage":"es","@id":"https:\/\/unitgames.com.ar\/pc-gamer\/producto\/pc-gamers-intel-14400f-con-rx-6600-8gb\/#primaryimage","url":"https:\/\/unitgames.com.ar\/pc-gamer\/wp-content\/uploads\/2025\/11\/PC-Completa-I5-14400-Promocion.png","contentUrl":"https:\/\/unitgames.com.ar\/pc-gamer\/wp-content\/uploads\/2025\/11\/PC-Completa-I5-14400-Promocion.png","width":1284,"height":1284},{"@type":"BreadcrumbList","@id":"https:\/\/unitgames.com.ar\/pc-gamer\/producto\/pc-gamers-intel-14400f-con-rx-6600-8gb\/#breadcrumb","itemListElement":[{"@type":"ListItem","position":1,"name":"Tienda","item":"https:\/\/unitgames.com.ar\/pc-gamer\/tienda\/"},{"@type":"ListItem","position":2,"name":"PC Gamers Intel i5-14400f con RTX 2060 Super"}]},{"@type":"WebSite","@id":"https:\/\/unitgames.com.ar\/pc-gamer\/#website","url":"https:\/\/unitgames.com.ar\/pc-gamer\/","name":"UnitGames","description":"Venta de PC Gamers, Consolas , Servicio Tecnico Especializado. Todos en Accesorios Informaticos y Gamers","publisher":{"@id":"https:\/\/unitgames.com.ar\/pc-gamer\/#organization"},"potentialAction":[{"@type":"SearchAction","target":{"@type":"EntryPoint","urlTemplate":"https:\/\/unitgames.com.ar\/pc-gamer\/?s={search_term_string}"},"query-input":{"@type":"PropertyValueSpecification","valueRequired":true,"valueName":"search_term_string"}}],"inLanguage":"es"},{"@type":"Organization","@id":"https:\/\/unitgames.com.ar\/pc-gamer\/#organization","name":"UnitGames","url":"https:\/\/unitgames.com.ar\/pc-gamer\/","logo":{"@type":"ImageObject","inLanguage":"es","@id":"https:\/\/unitgames.com.ar\/pc-gamer\/#\/schema\/logo\/image\/","url":"https:\/\/unitgames.com.ar\/pc-gamer\/wp-content\/uploads\/2021\/01\/cropped-logoUnitGames2.png","contentUrl":"https:\/\/unitgames.com.ar\/pc-gamer\/wp-content\/uploads\/2021\/01\/cropped-logoUnitGames2.png","width":152,"height":200,"caption":"UnitGames"},"image":{"@id":"https:\/\/unitgames.com.ar\/pc-gamer\/#\/schema\/logo\/image\/"}}]}},"_links":{"self":[{"href":"https:\/\/unitgames.com.ar\/pc-gamer\/wp-json\/wp\/v2\/product\/18220","targetHints":{"allow":["GET"]}}],"collection":[{"href":"https:\/\/unitgames.com.ar\/pc-gamer\/wp-json\/wp\/v2\/product"}],"about":[{"href":"https:\/\/unitgames.com.ar\/pc-gamer\/wp-json\/wp\/v2\/types\/product"}],"version-history":[{"count":0,"href":"https:\/\/unitgames.com.ar\/pc-gamer\/wp-json\/wp\/v2\/product\/18220\/revisions"}],"wp:featuredmedia":[{"embeddable":true,"href":"https:\/\/unitgames.com.ar\/pc-gamer\/wp-json\/wp\/v2\/media\/18235"}],"wp:attachment":[{"href":"https:\/\/unitgames.com.ar\/pc-gamer\/wp-json\/wp\/v2\/media?parent=18220"}],"wp:term":[{"taxonomy":"product_brand","embeddable":true,"href":"https:\/\/unitgames.com.ar\/pc-gamer\/wp-json\/wp\/v2\/product_brand?post=18220"},{"taxonomy":"product_cat","embeddable":true,"href":"https:\/\/unitgames.com.ar\/pc-gamer\/wp-json\/wp\/v2\/product_cat?post=18220"},{"taxonomy":"product_tag","embeddable":true,"href":"https:\/\/unitgames.com.ar\/pc-gamer\/wp-json\/wp\/v2\/product_tag?post=18220"}],"curies":[{"name":"wp","href":"https:\/\/api.w.org\/{rel}","templated":true}]}}