{"id":18635,"date":"2025-12-12T11:37:04","date_gmt":"2025-12-12T14:37:04","guid":{"rendered":"https:\/\/unitgames.com.ar\/pc-gamer\/?post_type=product&#038;p=18635"},"modified":"2026-04-29T20:27:46","modified_gmt":"2026-04-29T23:27:46","slug":"cpu-cooler-cooler-master-hyper-620s","status":"publish","type":"product","link":"https:\/\/unitgames.com.ar\/pc-gamer\/producto\/cpu-cooler-cooler-master-hyper-620s\/","title":{"rendered":"CPU Cooler COOLER MASTER  Hyper 620S"},"content":{"rendered":"<p data-start=\"227\" data-end=\"572\">El <strong data-start=\"230\" data-end=\"252\">Thermaltake EUX200<\/strong> es un disipador por aire compacto y eficiente, dise\u00f1ado para brindar una refrigeraci\u00f3n estable en PCs de gama media. Su ventilador ARGB, sus heatpipes de contacto directo y su dise\u00f1o completamente negro lo convierten en una excelente opci\u00f3n para sistemas modernos que buscan rendimiento, est\u00e9tica y bajo nivel de ruido.<\/p>\n<hr data-start=\"574\" data-end=\"577\" \/>\n<h1 data-start=\"579\" data-end=\"610\"><strong data-start=\"581\" data-end=\"610\">Especificaciones T\u00e9cnicas<\/strong><\/h1>\n<p>&nbsp;<\/p>\n<p data-start=\"612\" data-end=\"661\"><strong data-start=\"612\" data-end=\"621\">Tipo:<\/strong> Cooler por aire para CPU (torre simple)<\/p>\n<p data-start=\"663\" data-end=\"718\"><strong data-start=\"663\" data-end=\"678\">Ventilador:<\/strong> 120 mm ARGB (iluminaci\u00f3n direccionable)<\/p>\n<p data-start=\"720\" data-end=\"755\"><strong data-start=\"720\" data-end=\"734\">Velocidad:<\/strong> 800 \u2013 1800 RPM (PWM)<\/p>\n<p data-start=\"757\" data-end=\"784\"><strong data-start=\"757\" data-end=\"775\">Flujo de aire:<\/strong> ~ 60 CFM<\/p>\n<p data-start=\"786\" data-end=\"820\"><strong data-start=\"786\" data-end=\"807\">Presi\u00f3n est\u00e1tica:<\/strong> ~ 1.5 mm H\u2082O<\/p>\n<p data-start=\"822\" data-end=\"844\"><strong data-start=\"822\" data-end=\"832\">Ruido:<\/strong> 25 dBA m\u00e1x.<\/p>\n<p data-start=\"846\" data-end=\"924\"><strong data-start=\"846\" data-end=\"874\">Conector del ventilador:<\/strong> 4 pines PWM<br data-start=\"886\" data-end=\"889\" \/><strong data-start=\"889\" data-end=\"906\">Conector RGB:<\/strong> 5V ARGB (3 pines)<\/p>\n<p data-start=\"926\" data-end=\"978\"><strong data-start=\"926\" data-end=\"940\">Heatpipes:<\/strong> 4 tubos de cobre con contacto directo<\/p>\n<p data-start=\"980\" data-end=\"1027\"><strong data-start=\"980\" data-end=\"996\">Dimensiones:<\/strong> 122 mm \u00d7 61 mm \u00d7 156 mm aprox.<\/p>\n<p data-start=\"1029\" data-end=\"1046\"><strong data-start=\"1029\" data-end=\"1038\">Peso:<\/strong> ~ 600 g<\/p>\n<h3 data-start=\"1048\" data-end=\"1082\"><strong data-start=\"1052\" data-end=\"1082\">Compatibilidad con sockets<\/strong><\/h3>\n<p data-start=\"1084\" data-end=\"1096\"><strong data-start=\"1084\" data-end=\"1094\">Intel:<\/strong><\/p>\n<ul data-start=\"1097\" data-end=\"1137\">\n<li data-start=\"1097\" data-end=\"1137\">\n<p data-start=\"1099\" data-end=\"1137\">LGA 1700 \/ 1200 \/ 1151 \/ 1150 \/ 1155<\/p>\n<\/li>\n<\/ul>\n<p data-start=\"1139\" data-end=\"1149\"><strong data-start=\"1139\" data-end=\"1147\">AMD:<\/strong><\/p>\n<ul data-start=\"1150\" data-end=\"1188\">\n<li data-start=\"1150\" data-end=\"1188\">\n<p data-start=\"1152\" data-end=\"1188\">AM5 \/ AM4 \/ AM3+ \/ AM3 \/ FM2 \/ FM1<\/p>\n<\/li>\n<\/ul>\n<h3 data-start=\"1190\" data-end=\"1208\"><strong data-start=\"1194\" data-end=\"1208\">Materiales<\/strong><\/h3>\n<p>&nbsp;<\/p>\n<ul data-start=\"1209\" data-end=\"1291\">\n<li data-start=\"1209\" data-end=\"1231\">\n<p data-start=\"1211\" data-end=\"1231\">Heatpipes de cobre<\/p>\n<\/li>\n<li data-start=\"1232\" data-end=\"1254\">\n<p data-start=\"1234\" data-end=\"1254\">Aletas de aluminio<\/p>\n<\/li>\n<li data-start=\"1255\" data-end=\"1291\">\n<p data-start=\"1257\" data-end=\"1291\">Acabado negro con iluminaci\u00f3n ARGB<\/p>\n<\/li>\n<\/ul>\n<hr data-start=\"1293\" data-end=\"1296\" \/>\n<h1 data-start=\"1298\" data-end=\"1330\"><strong data-start=\"1300\" data-end=\"1330\">Caracter\u00edsticas destacadas<\/strong><\/h1>\n<p>&nbsp;<\/p>\n<ul data-start=\"1332\" data-end=\"1707\">\n<li data-start=\"1332\" data-end=\"1410\">\n<p data-start=\"1334\" data-end=\"1410\">4 heatpipes de cobre con contacto directo para mejor transferencia t\u00e9rmica<\/p>\n<\/li>\n<li data-start=\"1411\" data-end=\"1470\">\n<p data-start=\"1413\" data-end=\"1470\">Ventilador ARGB compatible con software de placas madre<\/p>\n<\/li>\n<li data-start=\"1471\" data-end=\"1526\">\n<p data-start=\"1473\" data-end=\"1526\">Excelente relaci\u00f3n rendimiento\/ruido gracias al PWM<\/p>\n<\/li>\n<li data-start=\"1527\" data-end=\"1578\">\n<p data-start=\"1529\" data-end=\"1578\">Dise\u00f1o delgado, \u00f3ptimo para gabinetes mid-tower<\/p>\n<\/li>\n<li data-start=\"1579\" data-end=\"1646\">\n<p data-start=\"1581\" data-end=\"1646\">Ideal para CPUs de gama media y media-alta sin overclock pesado<\/p>\n<\/li>\n<li data-start=\"1647\" data-end=\"1707\">\n<p data-start=\"1649\" data-end=\"1707\">Montaje sencillo y compatibilidad amplia con Intel y AMD<\/p>\n<\/li>\n<\/ul>\n","protected":false},"excerpt":{"rendered":"<p>El Thermaltake EUX200 es un disipador por aire compacto y eficiente, dise\u00f1ado para brindar una refrigeraci\u00f3n estable en PCs de gama media. Su ventilador ARGB, sus heatpipes de contacto directo y su dise\u00f1o completamente negro lo convierten en una excelente opci\u00f3n para sistemas modernos que buscan rendimiento, est\u00e9tica y bajo nivel de ruido. Especificaciones T\u00e9cnicas &nbsp; Tipo: Cooler por aire para CPU (torre simple) Ventilador: 120 mm ARGB (iluminaci\u00f3n direccionable) Velocidad: 800 \u2013 1800 RPM (PWM) Flujo de aire: ~ 60 CFM Presi\u00f3n est\u00e1tica: ~ 1.5 mm H\u2082O Ruido: 25 dBA m\u00e1x. Conector del ventilador: 4 pines PWMConector RGB: 5V ARGB (3 pines) Heatpipes: 4 tubos de cobre con contacto directo Dimensiones: 122 mm \u00d7 61 mm \u00d7 156 mm aprox. Peso: ~ 600 g Compatibilidad con sockets Intel: LGA 1700 \/ 1200 \/ 1151 \/ 1150 \/ 1155 AMD: AM5 \/ AM4 \/ AM3+ \/ AM3 \/ FM2 \/ FM1 Materiales &nbsp; Heatpipes de cobre Aletas de aluminio Acabado negro con iluminaci\u00f3n ARGB Caracter\u00edsticas destacadas &nbsp; 4 heatpipes de cobre con contacto directo para mejor transferencia t\u00e9rmica Ventilador ARGB compatible con software de placas madre Excelente relaci\u00f3n rendimiento\/ruido gracias al PWM Dise\u00f1o delgado, \u00f3ptimo para gabinetes mid-tower Ideal para CPUs de gama media y media-alta sin overclock pesado Montaje sencillo y compatibilidad amplia con Intel y AMD<\/p>\n","protected":false},"featured_media":18640,"template":"","meta":{"site-sidebar-layout":"default","site-content-layout":"","ast-site-content-layout":"default","site-content-style":"default","site-sidebar-style":"default","ast-global-header-display":"","ast-banner-title-visibility":"","ast-main-header-display":"","ast-hfb-above-header-display":"","ast-hfb-below-header-display":"","ast-hfb-mobile-header-display":"","site-post-title":"","ast-breadcrumbs-content":"","ast-featured-img":"","footer-sml-layout":"","theme-transparent-header-meta":"default","adv-header-id-meta":"","stick-header-meta":"","header-above-stick-meta":"","header-main-stick-meta":"","header-below-stick-meta":"","astra-migrate-meta-layouts":"set","ast-page-background-enabled":"default","ast-page-background-meta":{"desktop":{"background-color":"var(--ast-global-color-5)","background-image":"","background-repeat":"repeat","background-position":"center center","background-size":"auto","background-attachment":"scroll","background-type":"","background-media":"","overlay-type":"","overlay-color":"","overlay-opacity":"","overlay-gradient":""},"tablet":{"background-color":"","background-image":"","background-repeat":"repeat","background-position":"center center","background-size":"auto","background-attachment":"scroll","background-type":"","background-media":"","overlay-type":"","overlay-color":"","overlay-opacity":"","overlay-gradient":""},"mobile":{"background-color":"","background-image":"","background-repeat":"repeat","background-position":"center center","background-size":"auto","background-attachment":"scroll","background-type":"","background-media":"","overlay-type":"","overlay-color":"","overlay-opacity":"","overlay-gradient":""}},"ast-content-background-meta":{"desktop":{"background-color":"var(--ast-global-color-4)","background-image":"","background-repeat":"repeat","background-position":"center center","background-size":"auto","background-attachment":"scroll","background-type":"","background-media":"","overlay-type":"","overlay-color":"","overlay-opacity":"","overlay-gradient":""},"tablet":{"background-color":"var(--ast-global-color-4)","background-image":"","background-repeat":"repeat","background-position":"center center","background-size":"auto","background-attachment":"scroll","background-type":"","background-media":"","overlay-type":"","overlay-color":"","overlay-opacity":"","overlay-gradient":""},"mobile":{"background-color":"var(--ast-global-color-4)","background-image":"","background-repeat":"repeat","background-position":"center center","background-size":"auto","background-attachment":"scroll","background-type":"","background-media":"","overlay-type":"","overlay-color":"","overlay-opacity":"","overlay-gradient":""}},"_joinchat":[]},"product_brand":[],"product_cat":[100],"product_tag":[],"class_list":{"0":"post-18635","1":"product","2":"type-product","3":"status-publish","4":"has-post-thumbnail","6":"product_cat-cpu-coolers","7":"desktop-align-center","8":"tablet-align-left","9":"mobile-align-left","11":"first","12":"instock","13":"shipping-taxable","14":"purchasable","15":"product-type-simple"},"yoast_head":"<!-- This site is optimized with the Yoast SEO plugin v27.5 - https:\/\/yoast.com\/product\/yoast-seo-wordpress\/ -->\n<title>CPU Cooler COOLER MASTER Hyper 620S - UnitGames<\/title>\n<meta name=\"robots\" content=\"index, follow, max-snippet:-1, max-image-preview:large, max-video-preview:-1\" \/>\n<link rel=\"canonical\" href=\"https:\/\/unitgames.com.ar\/pc-gamer\/producto\/cpu-cooler-cooler-master-hyper-620s\/\" \/>\n<meta property=\"og:locale\" content=\"es_ES\" \/>\n<meta property=\"og:type\" content=\"article\" \/>\n<meta property=\"og:title\" content=\"CPU Cooler COOLER MASTER Hyper 620S - UnitGames\" \/>\n<meta property=\"og:description\" content=\"El Thermaltake EUX200 es un disipador por aire compacto y eficiente, dise\u00f1ado para brindar una refrigeraci\u00f3n estable en PCs de gama media. Su ventilador ARGB, sus heatpipes de contacto directo y su dise\u00f1o completamente negro lo convierten en una excelente opci\u00f3n para sistemas modernos que buscan rendimiento, est\u00e9tica y bajo nivel de ruido. Especificaciones T\u00e9cnicas &nbsp; Tipo: Cooler por aire para CPU (torre simple) Ventilador: 120 mm ARGB (iluminaci\u00f3n direccionable) Velocidad: 800 \u2013 1800 RPM (PWM) Flujo de aire: ~ 60 CFM Presi\u00f3n est\u00e1tica: ~ 1.5 mm H\u2082O Ruido: 25 dBA m\u00e1x. Conector del ventilador: 4 pines PWMConector RGB: 5V ARGB (3 pines) Heatpipes: 4 tubos de cobre con contacto directo Dimensiones: 122 mm \u00d7 61 mm \u00d7 156 mm aprox. Peso: ~ 600 g Compatibilidad con sockets Intel: LGA 1700 \/ 1200 \/ 1151 \/ 1150 \/ 1155 AMD: AM5 \/ AM4 \/ AM3+ \/ AM3 \/ FM2 \/ FM1 Materiales &nbsp; Heatpipes de cobre Aletas de aluminio Acabado negro con iluminaci\u00f3n ARGB Caracter\u00edsticas destacadas &nbsp; 4 heatpipes de cobre con contacto directo para mejor transferencia t\u00e9rmica Ventilador ARGB compatible con software de placas madre Excelente relaci\u00f3n rendimiento\/ruido gracias al PWM Dise\u00f1o delgado, \u00f3ptimo para gabinetes mid-tower Ideal para CPUs de gama media y media-alta sin overclock pesado Montaje sencillo y compatibilidad amplia con Intel y AMD\" \/>\n<meta property=\"og:url\" content=\"https:\/\/unitgames.com.ar\/pc-gamer\/producto\/cpu-cooler-cooler-master-hyper-620s\/\" \/>\n<meta property=\"og:site_name\" content=\"UnitGames\" \/>\n<meta property=\"article:modified_time\" content=\"2026-04-29T23:27:46+00:00\" \/>\n<meta property=\"og:image\" content=\"https:\/\/unitgames.com.ar\/pc-gamer\/wp-content\/uploads\/2025\/12\/CPU-Cooler-COOLER-MASTER-Hyper-620S.png\" \/>\n\t<meta property=\"og:image:width\" content=\"1283\" \/>\n\t<meta property=\"og:image:height\" content=\"1283\" \/>\n\t<meta property=\"og:image:type\" content=\"image\/png\" \/>\n<meta name=\"twitter:card\" content=\"summary_large_image\" \/>\n<meta name=\"twitter:label1\" content=\"Tiempo de lectura\" \/>\n\t<meta name=\"twitter:data1\" content=\"2 minutos\" \/>\n<script type=\"application\/ld+json\" class=\"yoast-schema-graph\">{\"@context\":\"https:\\\/\\\/schema.org\",\"@graph\":[{\"@type\":\"WebPage\",\"@id\":\"https:\\\/\\\/unitgames.com.ar\\\/pc-gamer\\\/producto\\\/cpu-cooler-cooler-master-hyper-620s\\\/\",\"url\":\"https:\\\/\\\/unitgames.com.ar\\\/pc-gamer\\\/producto\\\/cpu-cooler-cooler-master-hyper-620s\\\/\",\"name\":\"CPU Cooler COOLER MASTER Hyper 620S - UnitGames\",\"isPartOf\":{\"@id\":\"https:\\\/\\\/unitgames.com.ar\\\/pc-gamer\\\/#website\"},\"primaryImageOfPage\":{\"@id\":\"https:\\\/\\\/unitgames.com.ar\\\/pc-gamer\\\/producto\\\/cpu-cooler-cooler-master-hyper-620s\\\/#primaryimage\"},\"image\":{\"@id\":\"https:\\\/\\\/unitgames.com.ar\\\/pc-gamer\\\/producto\\\/cpu-cooler-cooler-master-hyper-620s\\\/#primaryimage\"},\"thumbnailUrl\":\"https:\\\/\\\/unitgames.com.ar\\\/pc-gamer\\\/wp-content\\\/uploads\\\/2025\\\/12\\\/CPU-Cooler-COOLER-MASTER-Hyper-620S.png\",\"datePublished\":\"2025-12-12T14:37:04+00:00\",\"dateModified\":\"2026-04-29T23:27:46+00:00\",\"breadcrumb\":{\"@id\":\"https:\\\/\\\/unitgames.com.ar\\\/pc-gamer\\\/producto\\\/cpu-cooler-cooler-master-hyper-620s\\\/#breadcrumb\"},\"inLanguage\":\"es\",\"potentialAction\":[{\"@type\":\"ReadAction\",\"target\":[\"https:\\\/\\\/unitgames.com.ar\\\/pc-gamer\\\/producto\\\/cpu-cooler-cooler-master-hyper-620s\\\/\"]}]},{\"@type\":\"ImageObject\",\"inLanguage\":\"es\",\"@id\":\"https:\\\/\\\/unitgames.com.ar\\\/pc-gamer\\\/producto\\\/cpu-cooler-cooler-master-hyper-620s\\\/#primaryimage\",\"url\":\"https:\\\/\\\/unitgames.com.ar\\\/pc-gamer\\\/wp-content\\\/uploads\\\/2025\\\/12\\\/CPU-Cooler-COOLER-MASTER-Hyper-620S.png\",\"contentUrl\":\"https:\\\/\\\/unitgames.com.ar\\\/pc-gamer\\\/wp-content\\\/uploads\\\/2025\\\/12\\\/CPU-Cooler-COOLER-MASTER-Hyper-620S.png\",\"width\":1283,\"height\":1283},{\"@type\":\"BreadcrumbList\",\"@id\":\"https:\\\/\\\/unitgames.com.ar\\\/pc-gamer\\\/producto\\\/cpu-cooler-cooler-master-hyper-620s\\\/#breadcrumb\",\"itemListElement\":[{\"@type\":\"ListItem\",\"position\":1,\"name\":\"Tienda\",\"item\":\"https:\\\/\\\/unitgames.com.ar\\\/pc-gamer\\\/tienda\\\/\"},{\"@type\":\"ListItem\",\"position\":2,\"name\":\"CPU Cooler COOLER MASTER Hyper 620S\"}]},{\"@type\":\"WebSite\",\"@id\":\"https:\\\/\\\/unitgames.com.ar\\\/pc-gamer\\\/#website\",\"url\":\"https:\\\/\\\/unitgames.com.ar\\\/pc-gamer\\\/\",\"name\":\"UnitGames\",\"description\":\"Venta de PC Gamers, Consolas , Servicio Tecnico Especializado. Todos en Accesorios Informaticos y Gamers\",\"publisher\":{\"@id\":\"https:\\\/\\\/unitgames.com.ar\\\/pc-gamer\\\/#organization\"},\"potentialAction\":[{\"@type\":\"SearchAction\",\"target\":{\"@type\":\"EntryPoint\",\"urlTemplate\":\"https:\\\/\\\/unitgames.com.ar\\\/pc-gamer\\\/?s={search_term_string}\"},\"query-input\":{\"@type\":\"PropertyValueSpecification\",\"valueRequired\":true,\"valueName\":\"search_term_string\"}}],\"inLanguage\":\"es\"},{\"@type\":\"Organization\",\"@id\":\"https:\\\/\\\/unitgames.com.ar\\\/pc-gamer\\\/#organization\",\"name\":\"UnitGames\",\"url\":\"https:\\\/\\\/unitgames.com.ar\\\/pc-gamer\\\/\",\"logo\":{\"@type\":\"ImageObject\",\"inLanguage\":\"es\",\"@id\":\"https:\\\/\\\/unitgames.com.ar\\\/pc-gamer\\\/#\\\/schema\\\/logo\\\/image\\\/\",\"url\":\"https:\\\/\\\/unitgames.com.ar\\\/pc-gamer\\\/wp-content\\\/uploads\\\/2021\\\/01\\\/cropped-logoUnitGames2.png\",\"contentUrl\":\"https:\\\/\\\/unitgames.com.ar\\\/pc-gamer\\\/wp-content\\\/uploads\\\/2021\\\/01\\\/cropped-logoUnitGames2.png\",\"width\":152,\"height\":200,\"caption\":\"UnitGames\"},\"image\":{\"@id\":\"https:\\\/\\\/unitgames.com.ar\\\/pc-gamer\\\/#\\\/schema\\\/logo\\\/image\\\/\"}}]}<\/script>\n<!-- \/ Yoast SEO plugin. -->","yoast_head_json":{"title":"CPU Cooler COOLER MASTER Hyper 620S - UnitGames","robots":{"index":"index","follow":"follow","max-snippet":"max-snippet:-1","max-image-preview":"max-image-preview:large","max-video-preview":"max-video-preview:-1"},"canonical":"https:\/\/unitgames.com.ar\/pc-gamer\/producto\/cpu-cooler-cooler-master-hyper-620s\/","og_locale":"es_ES","og_type":"article","og_title":"CPU Cooler COOLER MASTER Hyper 620S - UnitGames","og_description":"El Thermaltake EUX200 es un disipador por aire compacto y eficiente, dise\u00f1ado para brindar una refrigeraci\u00f3n estable en PCs de gama media. Su ventilador ARGB, sus heatpipes de contacto directo y su dise\u00f1o completamente negro lo convierten en una excelente opci\u00f3n para sistemas modernos que buscan rendimiento, est\u00e9tica y bajo nivel de ruido. Especificaciones T\u00e9cnicas &nbsp; Tipo: Cooler por aire para CPU (torre simple) Ventilador: 120 mm ARGB (iluminaci\u00f3n direccionable) Velocidad: 800 \u2013 1800 RPM (PWM) Flujo de aire: ~ 60 CFM Presi\u00f3n est\u00e1tica: ~ 1.5 mm H\u2082O Ruido: 25 dBA m\u00e1x. Conector del ventilador: 4 pines PWMConector RGB: 5V ARGB (3 pines) Heatpipes: 4 tubos de cobre con contacto directo Dimensiones: 122 mm \u00d7 61 mm \u00d7 156 mm aprox. Peso: ~ 600 g Compatibilidad con sockets Intel: LGA 1700 \/ 1200 \/ 1151 \/ 1150 \/ 1155 AMD: AM5 \/ AM4 \/ AM3+ \/ AM3 \/ FM2 \/ FM1 Materiales &nbsp; Heatpipes de cobre Aletas de aluminio Acabado negro con iluminaci\u00f3n ARGB Caracter\u00edsticas destacadas &nbsp; 4 heatpipes de cobre con contacto directo para mejor transferencia t\u00e9rmica Ventilador ARGB compatible con software de placas madre Excelente relaci\u00f3n rendimiento\/ruido gracias al PWM Dise\u00f1o delgado, \u00f3ptimo para gabinetes mid-tower Ideal para CPUs de gama media y media-alta sin overclock pesado Montaje sencillo y compatibilidad amplia con Intel y AMD","og_url":"https:\/\/unitgames.com.ar\/pc-gamer\/producto\/cpu-cooler-cooler-master-hyper-620s\/","og_site_name":"UnitGames","article_modified_time":"2026-04-29T23:27:46+00:00","og_image":[{"width":1283,"height":1283,"url":"https:\/\/unitgames.com.ar\/pc-gamer\/wp-content\/uploads\/2025\/12\/CPU-Cooler-COOLER-MASTER-Hyper-620S.png","type":"image\/png"}],"twitter_card":"summary_large_image","twitter_misc":{"Tiempo de lectura":"2 minutos"},"schema":{"@context":"https:\/\/schema.org","@graph":[{"@type":"WebPage","@id":"https:\/\/unitgames.com.ar\/pc-gamer\/producto\/cpu-cooler-cooler-master-hyper-620s\/","url":"https:\/\/unitgames.com.ar\/pc-gamer\/producto\/cpu-cooler-cooler-master-hyper-620s\/","name":"CPU Cooler COOLER MASTER Hyper 620S - UnitGames","isPartOf":{"@id":"https:\/\/unitgames.com.ar\/pc-gamer\/#website"},"primaryImageOfPage":{"@id":"https:\/\/unitgames.com.ar\/pc-gamer\/producto\/cpu-cooler-cooler-master-hyper-620s\/#primaryimage"},"image":{"@id":"https:\/\/unitgames.com.ar\/pc-gamer\/producto\/cpu-cooler-cooler-master-hyper-620s\/#primaryimage"},"thumbnailUrl":"https:\/\/unitgames.com.ar\/pc-gamer\/wp-content\/uploads\/2025\/12\/CPU-Cooler-COOLER-MASTER-Hyper-620S.png","datePublished":"2025-12-12T14:37:04+00:00","dateModified":"2026-04-29T23:27:46+00:00","breadcrumb":{"@id":"https:\/\/unitgames.com.ar\/pc-gamer\/producto\/cpu-cooler-cooler-master-hyper-620s\/#breadcrumb"},"inLanguage":"es","potentialAction":[{"@type":"ReadAction","target":["https:\/\/unitgames.com.ar\/pc-gamer\/producto\/cpu-cooler-cooler-master-hyper-620s\/"]}]},{"@type":"ImageObject","inLanguage":"es","@id":"https:\/\/unitgames.com.ar\/pc-gamer\/producto\/cpu-cooler-cooler-master-hyper-620s\/#primaryimage","url":"https:\/\/unitgames.com.ar\/pc-gamer\/wp-content\/uploads\/2025\/12\/CPU-Cooler-COOLER-MASTER-Hyper-620S.png","contentUrl":"https:\/\/unitgames.com.ar\/pc-gamer\/wp-content\/uploads\/2025\/12\/CPU-Cooler-COOLER-MASTER-Hyper-620S.png","width":1283,"height":1283},{"@type":"BreadcrumbList","@id":"https:\/\/unitgames.com.ar\/pc-gamer\/producto\/cpu-cooler-cooler-master-hyper-620s\/#breadcrumb","itemListElement":[{"@type":"ListItem","position":1,"name":"Tienda","item":"https:\/\/unitgames.com.ar\/pc-gamer\/tienda\/"},{"@type":"ListItem","position":2,"name":"CPU Cooler COOLER MASTER Hyper 620S"}]},{"@type":"WebSite","@id":"https:\/\/unitgames.com.ar\/pc-gamer\/#website","url":"https:\/\/unitgames.com.ar\/pc-gamer\/","name":"UnitGames","description":"Venta de PC Gamers, Consolas , Servicio Tecnico Especializado. Todos en Accesorios Informaticos y Gamers","publisher":{"@id":"https:\/\/unitgames.com.ar\/pc-gamer\/#organization"},"potentialAction":[{"@type":"SearchAction","target":{"@type":"EntryPoint","urlTemplate":"https:\/\/unitgames.com.ar\/pc-gamer\/?s={search_term_string}"},"query-input":{"@type":"PropertyValueSpecification","valueRequired":true,"valueName":"search_term_string"}}],"inLanguage":"es"},{"@type":"Organization","@id":"https:\/\/unitgames.com.ar\/pc-gamer\/#organization","name":"UnitGames","url":"https:\/\/unitgames.com.ar\/pc-gamer\/","logo":{"@type":"ImageObject","inLanguage":"es","@id":"https:\/\/unitgames.com.ar\/pc-gamer\/#\/schema\/logo\/image\/","url":"https:\/\/unitgames.com.ar\/pc-gamer\/wp-content\/uploads\/2021\/01\/cropped-logoUnitGames2.png","contentUrl":"https:\/\/unitgames.com.ar\/pc-gamer\/wp-content\/uploads\/2021\/01\/cropped-logoUnitGames2.png","width":152,"height":200,"caption":"UnitGames"},"image":{"@id":"https:\/\/unitgames.com.ar\/pc-gamer\/#\/schema\/logo\/image\/"}}]}},"_links":{"self":[{"href":"https:\/\/unitgames.com.ar\/pc-gamer\/wp-json\/wp\/v2\/product\/18635","targetHints":{"allow":["GET"]}}],"collection":[{"href":"https:\/\/unitgames.com.ar\/pc-gamer\/wp-json\/wp\/v2\/product"}],"about":[{"href":"https:\/\/unitgames.com.ar\/pc-gamer\/wp-json\/wp\/v2\/types\/product"}],"version-history":[{"count":1,"href":"https:\/\/unitgames.com.ar\/pc-gamer\/wp-json\/wp\/v2\/product\/18635\/revisions"}],"predecessor-version":[{"id":21043,"href":"https:\/\/unitgames.com.ar\/pc-gamer\/wp-json\/wp\/v2\/product\/18635\/revisions\/21043"}],"wp:featuredmedia":[{"embeddable":true,"href":"https:\/\/unitgames.com.ar\/pc-gamer\/wp-json\/wp\/v2\/media\/18640"}],"wp:attachment":[{"href":"https:\/\/unitgames.com.ar\/pc-gamer\/wp-json\/wp\/v2\/media?parent=18635"}],"wp:term":[{"taxonomy":"product_brand","embeddable":true,"href":"https:\/\/unitgames.com.ar\/pc-gamer\/wp-json\/wp\/v2\/product_brand?post=18635"},{"taxonomy":"product_cat","embeddable":true,"href":"https:\/\/unitgames.com.ar\/pc-gamer\/wp-json\/wp\/v2\/product_cat?post=18635"},{"taxonomy":"product_tag","embeddable":true,"href":"https:\/\/unitgames.com.ar\/pc-gamer\/wp-json\/wp\/v2\/product_tag?post=18635"}],"curies":[{"name":"wp","href":"https:\/\/api.w.org\/{rel}","templated":true}]}}