{"id":19286,"date":"2026-01-28T19:28:51","date_gmt":"2026-01-28T22:28:51","guid":{"rendered":"https:\/\/unitgames.com.ar\/pc-gamer\/?post_type=product&#038;p=19286"},"modified":"2026-02-13T11:13:29","modified_gmt":"2026-02-13T14:13:29","slug":"watercooling-raptor-aqua-pro-240-con-display-black","status":"publish","type":"product","link":"https:\/\/unitgames.com.ar\/pc-gamer\/producto\/watercooling-raptor-aqua-pro-240-con-display-black\/","title":{"rendered":"WaterCooling RAPTOR Aqua Pro 240 con Display Black"},"content":{"rendered":"<div class=\"p-4 sp__accordion\">\n<div class=\"ac__property gap-0 lg:gap-4\">\n<p data-start=\"228\" data-end=\"600\">El <strong data-start=\"231\" data-end=\"285\">Watercooling RAPTOR Aqua Pro 240 con Display Black<\/strong> es un sistema de refrigeraci\u00f3n l\u00edquida AIO (All-In-One) de alto rendimiento con <strong data-start=\"366\" data-end=\"388\">radiador de 240 mm<\/strong> y <strong data-start=\"391\" data-end=\"425\">pantalla LCD\/display integrado<\/strong>. Est\u00e1 dise\u00f1ado para mantener temperaturas \u00f3ptimas incluso en CPUs exigentes, aportando adem\u00e1s un toque visual moderno al setup con informaci\u00f3n \u00fatil directamente en el bloque.<\/p>\n<hr data-start=\"602\" data-end=\"605\" \/>\n<h3 data-start=\"607\" data-end=\"639\">\u00a0Especificaciones T\u00e9cnicas<\/h3>\n<p>&nbsp;<\/p>\n<p data-start=\"641\" data-end=\"767\"><strong data-start=\"641\" data-end=\"651\">Marca:<\/strong> RAPTOR<br data-start=\"658\" data-end=\"661\" \/><strong data-start=\"661\" data-end=\"672\">Modelo:<\/strong> Aqua Pro 240 con Display Black<br data-start=\"703\" data-end=\"706\" \/><strong data-start=\"706\" data-end=\"715\">Tipo:<\/strong> Refrigeraci\u00f3n l\u00edquida AIO (All-In-One) con pantalla<\/p>\n<p data-start=\"769\" data-end=\"784\"><strong data-start=\"769\" data-end=\"782\">Radiador:<\/strong><\/p>\n<ul data-start=\"785\" data-end=\"926\">\n<li data-start=\"785\" data-end=\"807\">\n<p data-start=\"787\" data-end=\"807\">Tama\u00f1o: <strong data-start=\"795\" data-end=\"805\">240 mm<\/strong><\/p>\n<\/li>\n<li data-start=\"808\" data-end=\"858\">\n<p data-start=\"810\" data-end=\"858\">Construcci\u00f3n en aluminio de alta conductividad<\/p>\n<\/li>\n<li data-start=\"859\" data-end=\"926\">\n<p data-start=\"861\" data-end=\"926\">Grosor dise\u00f1ado para equilibrio entre disipaci\u00f3n y compatibilidad<\/p>\n<\/li>\n<\/ul>\n<p data-start=\"928\" data-end=\"947\"><strong data-start=\"928\" data-end=\"945\">Ventiladores:<\/strong><\/p>\n<ul data-start=\"948\" data-end=\"1087\">\n<li data-start=\"948\" data-end=\"986\">\n<p data-start=\"950\" data-end=\"986\">2 \u00d7 ventiladores PWM de <strong data-start=\"974\" data-end=\"984\">120 mm<\/strong><\/p>\n<\/li>\n<li data-start=\"987\" data-end=\"1036\">\n<p data-start=\"989\" data-end=\"1036\">Control de velocidad seg\u00fan temperatura de CPU<\/p>\n<\/li>\n<li data-start=\"1037\" data-end=\"1087\">\n<p data-start=\"1039\" data-end=\"1087\">Funcionamiento silencioso con buen flujo de aire<\/p>\n<\/li>\n<\/ul>\n<p data-start=\"1089\" data-end=\"1110\"><strong data-start=\"1089\" data-end=\"1108\">Bomba \/ Bloque:<\/strong><\/p>\n<ul data-start=\"1111\" data-end=\"1307\">\n<li data-start=\"1111\" data-end=\"1149\">\n<p data-start=\"1113\" data-end=\"1149\">Bomba de alta eficiencia integrada<\/p>\n<\/li>\n<li data-start=\"1150\" data-end=\"1256\">\n<p data-start=\"1152\" data-end=\"1256\"><strong data-start=\"1152\" data-end=\"1178\">Display \/ Pantalla LCD<\/strong> en bloque con visualizaci\u00f3n de datos (temperatura, logo, animaciones, etc.)<\/p>\n<\/li>\n<li data-start=\"1257\" data-end=\"1307\">\n<p data-start=\"1259\" data-end=\"1307\">Tubos reforzados para durabilidad y flexibilidad<\/p>\n<\/li>\n<\/ul>\n<p data-start=\"1309\" data-end=\"1341\"><strong data-start=\"1309\" data-end=\"1339\">Compatibilidad de sockets:<\/strong><\/p>\n<ul data-start=\"1342\" data-end=\"1473\">\n<li data-start=\"1342\" data-end=\"1382\">\n<p data-start=\"1344\" data-end=\"1382\"><strong data-start=\"1344\" data-end=\"1354\">Intel:<\/strong> LGA1700, LGA1200, LGA115x<\/p>\n<\/li>\n<li data-start=\"1383\" data-end=\"1473\">\n<p data-start=\"1385\" data-end=\"1473\"><strong data-start=\"1385\" data-end=\"1393\">AMD:<\/strong> AM5, AM4<br data-start=\"1402\" data-end=\"1405\" \/><em data-start=\"1405\" data-end=\"1473\">(Revis\u00e1 compatibilidad exacta de sockets seg\u00fan versi\u00f3n espec\u00edfica)<\/em><\/p>\n<\/li>\n<\/ul>\n<p data-start=\"1475\" data-end=\"1504\"><strong data-start=\"1475\" data-end=\"1502\">Conectividad \/ Montaje:<\/strong><\/p>\n<ul data-start=\"1505\" data-end=\"1655\">\n<li data-start=\"1505\" data-end=\"1541\">\n<p data-start=\"1507\" data-end=\"1541\">Conectores PWM para ventiladores<\/p>\n<\/li>\n<li data-start=\"1542\" data-end=\"1593\">\n<p data-start=\"1544\" data-end=\"1593\">Alimentaci\u00f3n para la bomba y pantalla integrada<\/p>\n<\/li>\n<li data-start=\"1594\" data-end=\"1630\">\n<p data-start=\"1596\" data-end=\"1630\">Soportes y torniller\u00eda incluidos<\/p>\n<\/li>\n<li data-start=\"1631\" data-end=\"1655\">\n<p data-start=\"1633\" data-end=\"1655\">Pasta t\u00e9rmica incluida<\/p>\n<\/li>\n<\/ul>\n<p data-start=\"1657\" data-end=\"1687\"><strong data-start=\"1657\" data-end=\"1685\">Dimensiones aproximadas:<\/strong><\/p>\n<ul data-start=\"1688\" data-end=\"1787\">\n<li data-start=\"1688\" data-end=\"1787\">\n<p data-start=\"1690\" data-end=\"1787\">Radiador + ventiladores est\u00e1ndar de 240 mm \u2014 apto para la mayor\u00eda de gabinetes con soporte 240 mm<\/p>\n<\/li>\n<\/ul>\n<hr data-start=\"1789\" data-end=\"1792\" \/>\n<h3 data-start=\"1794\" data-end=\"1826\">\u00a0Caracter\u00edsticas destacadas<\/h3>\n<p>&nbsp;<\/p>\n<ul data-start=\"1828\" data-end=\"2291\">\n<li data-start=\"1828\" data-end=\"1885\">\n<p data-start=\"1830\" data-end=\"1885\">Radiador <strong data-start=\"1839\" data-end=\"1849\">240 mm<\/strong> para excelente disipaci\u00f3n t\u00e9rmica<\/p>\n<\/li>\n<li data-start=\"1886\" data-end=\"1974\">\n<p data-start=\"1888\" data-end=\"1974\"><strong data-start=\"1888\" data-end=\"1920\">Pantalla integrada (display)<\/strong> en el bloque para informaci\u00f3n visual en tiempo real<\/p>\n<\/li>\n<li data-start=\"1975\" data-end=\"2025\">\n<p data-start=\"1977\" data-end=\"2025\">2 ventiladores PWM con buen flujo y bajo ruido<\/p>\n<\/li>\n<li data-start=\"2026\" data-end=\"2089\">\n<p data-start=\"2028\" data-end=\"2089\">Bomba eficiente para circulaci\u00f3n constante del refrigerante<\/p>\n<\/li>\n<li data-start=\"2090\" data-end=\"2145\">\n<p data-start=\"2092\" data-end=\"2145\">Compatible con plataformas modernas <strong data-start=\"2128\" data-end=\"2143\">Intel y AMD<\/strong><\/p>\n<\/li>\n<li data-start=\"2146\" data-end=\"2219\">\n<p data-start=\"2148\" data-end=\"2219\">Dise\u00f1o <strong data-start=\"2155\" data-end=\"2164\">Black<\/strong> elegante que realza cualquier PC gamer o workstation<\/p>\n<\/li>\n<li data-start=\"2220\" data-end=\"2291\">\n<p data-start=\"2222\" data-end=\"2291\">Ideal para <strong data-start=\"2233\" data-end=\"2291\">gaming intenso, overclock medio\/alto y uso profesional<\/strong><\/p>\n<\/li>\n<\/ul>\n<\/div>\n<\/div>\n","protected":false},"excerpt":{"rendered":"<p>El Watercooling RAPTOR Aqua Pro 240 con Display Black es un sistema de refrigeraci\u00f3n l\u00edquida AIO (All-In-One) de alto rendimiento con radiador de 240 mm y pantalla LCD\/display integrado. Est\u00e1 dise\u00f1ado para mantener temperaturas \u00f3ptimas incluso en CPUs exigentes, aportando adem\u00e1s un toque visual moderno al setup con informaci\u00f3n \u00fatil directamente en el bloque. \u00a0Especificaciones T\u00e9cnicas &nbsp; Marca: RAPTORModelo: Aqua Pro 240 con Display BlackTipo: Refrigeraci\u00f3n l\u00edquida AIO (All-In-One) con pantalla Radiador: Tama\u00f1o: 240 mm Construcci\u00f3n en aluminio de alta conductividad Grosor dise\u00f1ado para equilibrio entre disipaci\u00f3n y compatibilidad Ventiladores: 2 \u00d7 ventiladores PWM de 120 mm Control de velocidad seg\u00fan temperatura de CPU Funcionamiento silencioso con buen flujo de aire Bomba \/ Bloque: Bomba de alta eficiencia integrada Display \/ Pantalla LCD en bloque con visualizaci\u00f3n de datos (temperatura, logo, animaciones, etc.) Tubos reforzados para durabilidad y flexibilidad Compatibilidad de sockets: Intel: LGA1700, LGA1200, LGA115x AMD: AM5, AM4(Revis\u00e1 compatibilidad exacta de sockets seg\u00fan versi\u00f3n espec\u00edfica) Conectividad \/ Montaje: Conectores PWM para ventiladores Alimentaci\u00f3n para la bomba y pantalla integrada Soportes y torniller\u00eda incluidos Pasta t\u00e9rmica incluida Dimensiones aproximadas: Radiador + ventiladores est\u00e1ndar de 240 mm \u2014 apto para la mayor\u00eda de gabinetes con soporte 240 mm \u00a0Caracter\u00edsticas destacadas &nbsp; Radiador 240 mm para excelente disipaci\u00f3n t\u00e9rmica Pantalla integrada (display) en el bloque para informaci\u00f3n visual en tiempo real 2 ventiladores PWM con buen flujo y bajo ruido Bomba eficiente para circulaci\u00f3n constante del refrigerante Compatible con plataformas modernas Intel y AMD Dise\u00f1o Black elegante que realza cualquier PC gamer o workstation Ideal para gaming intenso, overclock medio\/alto y uso profesional<\/p>\n","protected":false},"featured_media":19443,"template":"","meta":{"site-sidebar-layout":"default","site-content-layout":"","ast-site-content-layout":"default","site-content-style":"default","site-sidebar-style":"default","ast-global-header-display":"","ast-banner-title-visibility":"","ast-main-header-display":"","ast-hfb-above-header-display":"","ast-hfb-below-header-display":"","ast-hfb-mobile-header-display":"","site-post-title":"","ast-breadcrumbs-content":"","ast-featured-img":"","footer-sml-layout":"","theme-transparent-header-meta":"default","adv-header-id-meta":"","stick-header-meta":"","header-above-stick-meta":"","header-main-stick-meta":"","header-below-stick-meta":"","astra-migrate-meta-layouts":"set","ast-page-background-enabled":"default","ast-page-background-meta":{"desktop":{"background-color":"var(--ast-global-color-5)","background-image":"","background-repeat":"repeat","background-position":"center center","background-size":"auto","background-attachment":"scroll","background-type":"","background-media":"","overlay-type":"","overlay-color":"","overlay-opacity":"","overlay-gradient":""},"tablet":{"background-color":"","background-image":"","background-repeat":"repeat","background-position":"center center","background-size":"auto","background-attachment":"scroll","background-type":"","background-media":"","overlay-type":"","overlay-color":"","overlay-opacity":"","overlay-gradient":""},"mobile":{"background-color":"","background-image":"","background-repeat":"repeat","background-position":"center center","background-size":"auto","background-attachment":"scroll","background-type":"","background-media":"","overlay-type":"","overlay-color":"","overlay-opacity":"","overlay-gradient":""}},"ast-content-background-meta":{"desktop":{"background-color":"var(--ast-global-color-4)","background-image":"","background-repeat":"repeat","background-position":"center center","background-size":"auto","background-attachment":"scroll","background-type":"","background-media":"","overlay-type":"","overlay-color":"","overlay-opacity":"","overlay-gradient":""},"tablet":{"background-color":"var(--ast-global-color-4)","background-image":"","background-repeat":"repeat","background-position":"center center","background-size":"auto","background-attachment":"scroll","background-type":"","background-media":"","overlay-type":"","overlay-color":"","overlay-opacity":"","overlay-gradient":""},"mobile":{"background-color":"var(--ast-global-color-4)","background-image":"","background-repeat":"repeat","background-position":"center center","background-size":"auto","background-attachment":"scroll","background-type":"","background-media":"","overlay-type":"","overlay-color":"","overlay-opacity":"","overlay-gradient":""}},"_joinchat":[]},"product_brand":[],"product_cat":[100],"product_tag":[],"class_list":{"0":"post-19286","1":"product","2":"type-product","3":"status-publish","4":"has-post-thumbnail","6":"product_cat-cpu-coolers","7":"desktop-align-center","8":"tablet-align-left","9":"mobile-align-left","11":"first","12":"instock","13":"shipping-taxable","14":"purchasable","15":"product-type-simple"},"yoast_head":"<!-- This site is optimized with the Yoast SEO plugin v27.5 - https:\/\/yoast.com\/product\/yoast-seo-wordpress\/ -->\n<title>WaterCooling RAPTOR Aqua Pro 240 con Display Black - UnitGames<\/title>\n<meta name=\"robots\" content=\"index, follow, max-snippet:-1, max-image-preview:large, max-video-preview:-1\" \/>\n<link rel=\"canonical\" href=\"https:\/\/unitgames.com.ar\/pc-gamer\/producto\/watercooling-raptor-aqua-pro-240-con-display-black\/\" \/>\n<meta property=\"og:locale\" content=\"es_ES\" \/>\n<meta property=\"og:type\" content=\"article\" \/>\n<meta property=\"og:title\" content=\"WaterCooling RAPTOR Aqua Pro 240 con Display Black - UnitGames\" \/>\n<meta property=\"og:description\" content=\"El Watercooling RAPTOR Aqua Pro 240 con Display Black es un sistema de refrigeraci\u00f3n l\u00edquida AIO (All-In-One) de alto rendimiento con radiador de 240 mm y pantalla LCD\/display integrado. Est\u00e1 dise\u00f1ado para mantener temperaturas \u00f3ptimas incluso en CPUs exigentes, aportando adem\u00e1s un toque visual moderno al setup con informaci\u00f3n \u00fatil directamente en el bloque. \u00a0Especificaciones T\u00e9cnicas &nbsp; Marca: RAPTORModelo: Aqua Pro 240 con Display BlackTipo: Refrigeraci\u00f3n l\u00edquida AIO (All-In-One) con pantalla Radiador: Tama\u00f1o: 240 mm Construcci\u00f3n en aluminio de alta conductividad Grosor dise\u00f1ado para equilibrio entre disipaci\u00f3n y compatibilidad Ventiladores: 2 \u00d7 ventiladores PWM de 120 mm Control de velocidad seg\u00fan temperatura de CPU Funcionamiento silencioso con buen flujo de aire Bomba \/ Bloque: Bomba de alta eficiencia integrada Display \/ Pantalla LCD en bloque con visualizaci\u00f3n de datos (temperatura, logo, animaciones, etc.) Tubos reforzados para durabilidad y flexibilidad Compatibilidad de sockets: Intel: LGA1700, LGA1200, LGA115x AMD: AM5, AM4(Revis\u00e1 compatibilidad exacta de sockets seg\u00fan versi\u00f3n espec\u00edfica) Conectividad \/ Montaje: Conectores PWM para ventiladores Alimentaci\u00f3n para la bomba y pantalla integrada Soportes y torniller\u00eda incluidos Pasta t\u00e9rmica incluida Dimensiones aproximadas: Radiador + ventiladores est\u00e1ndar de 240 mm \u2014 apto para la mayor\u00eda de gabinetes con soporte 240 mm \u00a0Caracter\u00edsticas destacadas &nbsp; Radiador 240 mm para excelente disipaci\u00f3n t\u00e9rmica Pantalla integrada (display) en el bloque para informaci\u00f3n visual en tiempo real 2 ventiladores PWM con buen flujo y bajo ruido Bomba eficiente para circulaci\u00f3n constante del refrigerante Compatible con plataformas modernas Intel y AMD Dise\u00f1o Black elegante que realza cualquier PC gamer o workstation Ideal para gaming intenso, overclock medio\/alto y uso profesional\" \/>\n<meta property=\"og:url\" content=\"https:\/\/unitgames.com.ar\/pc-gamer\/producto\/watercooling-raptor-aqua-pro-240-con-display-black\/\" \/>\n<meta property=\"og:site_name\" content=\"UnitGames\" \/>\n<meta property=\"article:modified_time\" content=\"2026-02-13T14:13:29+00:00\" \/>\n<meta property=\"og:image\" content=\"https:\/\/unitgames.com.ar\/pc-gamer\/wp-content\/uploads\/2026\/01\/WaterCooling-RAPTOR-Aqua-Pro-240-con-Display-Black.png\" \/>\n\t<meta property=\"og:image:width\" content=\"1282\" \/>\n\t<meta property=\"og:image:height\" content=\"1285\" \/>\n\t<meta property=\"og:image:type\" content=\"image\/png\" \/>\n<meta name=\"twitter:card\" content=\"summary_large_image\" \/>\n<meta name=\"twitter:label1\" content=\"Tiempo de lectura\" \/>\n\t<meta name=\"twitter:data1\" content=\"2 minutos\" \/>\n<script type=\"application\/ld+json\" class=\"yoast-schema-graph\">{\"@context\":\"https:\\\/\\\/schema.org\",\"@graph\":[{\"@type\":\"WebPage\",\"@id\":\"https:\\\/\\\/unitgames.com.ar\\\/pc-gamer\\\/producto\\\/watercooling-raptor-aqua-pro-240-con-display-black\\\/\",\"url\":\"https:\\\/\\\/unitgames.com.ar\\\/pc-gamer\\\/producto\\\/watercooling-raptor-aqua-pro-240-con-display-black\\\/\",\"name\":\"WaterCooling RAPTOR Aqua Pro 240 con Display Black - UnitGames\",\"isPartOf\":{\"@id\":\"https:\\\/\\\/unitgames.com.ar\\\/pc-gamer\\\/#website\"},\"primaryImageOfPage\":{\"@id\":\"https:\\\/\\\/unitgames.com.ar\\\/pc-gamer\\\/producto\\\/watercooling-raptor-aqua-pro-240-con-display-black\\\/#primaryimage\"},\"image\":{\"@id\":\"https:\\\/\\\/unitgames.com.ar\\\/pc-gamer\\\/producto\\\/watercooling-raptor-aqua-pro-240-con-display-black\\\/#primaryimage\"},\"thumbnailUrl\":\"https:\\\/\\\/unitgames.com.ar\\\/pc-gamer\\\/wp-content\\\/uploads\\\/2026\\\/01\\\/WaterCooling-RAPTOR-Aqua-Pro-240-con-Display-Black.png\",\"datePublished\":\"2026-01-28T22:28:51+00:00\",\"dateModified\":\"2026-02-13T14:13:29+00:00\",\"breadcrumb\":{\"@id\":\"https:\\\/\\\/unitgames.com.ar\\\/pc-gamer\\\/producto\\\/watercooling-raptor-aqua-pro-240-con-display-black\\\/#breadcrumb\"},\"inLanguage\":\"es\",\"potentialAction\":[{\"@type\":\"ReadAction\",\"target\":[\"https:\\\/\\\/unitgames.com.ar\\\/pc-gamer\\\/producto\\\/watercooling-raptor-aqua-pro-240-con-display-black\\\/\"]}]},{\"@type\":\"ImageObject\",\"inLanguage\":\"es\",\"@id\":\"https:\\\/\\\/unitgames.com.ar\\\/pc-gamer\\\/producto\\\/watercooling-raptor-aqua-pro-240-con-display-black\\\/#primaryimage\",\"url\":\"https:\\\/\\\/unitgames.com.ar\\\/pc-gamer\\\/wp-content\\\/uploads\\\/2026\\\/01\\\/WaterCooling-RAPTOR-Aqua-Pro-240-con-Display-Black.png\",\"contentUrl\":\"https:\\\/\\\/unitgames.com.ar\\\/pc-gamer\\\/wp-content\\\/uploads\\\/2026\\\/01\\\/WaterCooling-RAPTOR-Aqua-Pro-240-con-Display-Black.png\",\"width\":1282,\"height\":1285},{\"@type\":\"BreadcrumbList\",\"@id\":\"https:\\\/\\\/unitgames.com.ar\\\/pc-gamer\\\/producto\\\/watercooling-raptor-aqua-pro-240-con-display-black\\\/#breadcrumb\",\"itemListElement\":[{\"@type\":\"ListItem\",\"position\":1,\"name\":\"Tienda\",\"item\":\"https:\\\/\\\/unitgames.com.ar\\\/pc-gamer\\\/tienda\\\/\"},{\"@type\":\"ListItem\",\"position\":2,\"name\":\"WaterCooling RAPTOR Aqua Pro 240 con Display Black\"}]},{\"@type\":\"WebSite\",\"@id\":\"https:\\\/\\\/unitgames.com.ar\\\/pc-gamer\\\/#website\",\"url\":\"https:\\\/\\\/unitgames.com.ar\\\/pc-gamer\\\/\",\"name\":\"UnitGames\",\"description\":\"Venta de PC Gamers, Consolas , Servicio Tecnico Especializado. Todos en Accesorios Informaticos y Gamers\",\"publisher\":{\"@id\":\"https:\\\/\\\/unitgames.com.ar\\\/pc-gamer\\\/#organization\"},\"potentialAction\":[{\"@type\":\"SearchAction\",\"target\":{\"@type\":\"EntryPoint\",\"urlTemplate\":\"https:\\\/\\\/unitgames.com.ar\\\/pc-gamer\\\/?s={search_term_string}\"},\"query-input\":{\"@type\":\"PropertyValueSpecification\",\"valueRequired\":true,\"valueName\":\"search_term_string\"}}],\"inLanguage\":\"es\"},{\"@type\":\"Organization\",\"@id\":\"https:\\\/\\\/unitgames.com.ar\\\/pc-gamer\\\/#organization\",\"name\":\"UnitGames\",\"url\":\"https:\\\/\\\/unitgames.com.ar\\\/pc-gamer\\\/\",\"logo\":{\"@type\":\"ImageObject\",\"inLanguage\":\"es\",\"@id\":\"https:\\\/\\\/unitgames.com.ar\\\/pc-gamer\\\/#\\\/schema\\\/logo\\\/image\\\/\",\"url\":\"https:\\\/\\\/unitgames.com.ar\\\/pc-gamer\\\/wp-content\\\/uploads\\\/2021\\\/01\\\/cropped-logoUnitGames2.png\",\"contentUrl\":\"https:\\\/\\\/unitgames.com.ar\\\/pc-gamer\\\/wp-content\\\/uploads\\\/2021\\\/01\\\/cropped-logoUnitGames2.png\",\"width\":152,\"height\":200,\"caption\":\"UnitGames\"},\"image\":{\"@id\":\"https:\\\/\\\/unitgames.com.ar\\\/pc-gamer\\\/#\\\/schema\\\/logo\\\/image\\\/\"}}]}<\/script>\n<!-- \/ Yoast SEO plugin. -->","yoast_head_json":{"title":"WaterCooling RAPTOR Aqua Pro 240 con Display Black - UnitGames","robots":{"index":"index","follow":"follow","max-snippet":"max-snippet:-1","max-image-preview":"max-image-preview:large","max-video-preview":"max-video-preview:-1"},"canonical":"https:\/\/unitgames.com.ar\/pc-gamer\/producto\/watercooling-raptor-aqua-pro-240-con-display-black\/","og_locale":"es_ES","og_type":"article","og_title":"WaterCooling RAPTOR Aqua Pro 240 con Display Black - UnitGames","og_description":"El Watercooling RAPTOR Aqua Pro 240 con Display Black es un sistema de refrigeraci\u00f3n l\u00edquida AIO (All-In-One) de alto rendimiento con radiador de 240 mm y pantalla LCD\/display integrado. Est\u00e1 dise\u00f1ado para mantener temperaturas \u00f3ptimas incluso en CPUs exigentes, aportando adem\u00e1s un toque visual moderno al setup con informaci\u00f3n \u00fatil directamente en el bloque. \u00a0Especificaciones T\u00e9cnicas &nbsp; Marca: RAPTORModelo: Aqua Pro 240 con Display BlackTipo: Refrigeraci\u00f3n l\u00edquida AIO (All-In-One) con pantalla Radiador: Tama\u00f1o: 240 mm Construcci\u00f3n en aluminio de alta conductividad Grosor dise\u00f1ado para equilibrio entre disipaci\u00f3n y compatibilidad Ventiladores: 2 \u00d7 ventiladores PWM de 120 mm Control de velocidad seg\u00fan temperatura de CPU Funcionamiento silencioso con buen flujo de aire Bomba \/ Bloque: Bomba de alta eficiencia integrada Display \/ Pantalla LCD en bloque con visualizaci\u00f3n de datos (temperatura, logo, animaciones, etc.) Tubos reforzados para durabilidad y flexibilidad Compatibilidad de sockets: Intel: LGA1700, LGA1200, LGA115x AMD: AM5, AM4(Revis\u00e1 compatibilidad exacta de sockets seg\u00fan versi\u00f3n espec\u00edfica) Conectividad \/ Montaje: Conectores PWM para ventiladores Alimentaci\u00f3n para la bomba y pantalla integrada Soportes y torniller\u00eda incluidos Pasta t\u00e9rmica incluida Dimensiones aproximadas: Radiador + ventiladores est\u00e1ndar de 240 mm \u2014 apto para la mayor\u00eda de gabinetes con soporte 240 mm \u00a0Caracter\u00edsticas destacadas &nbsp; Radiador 240 mm para excelente disipaci\u00f3n t\u00e9rmica Pantalla integrada (display) en el bloque para informaci\u00f3n visual en tiempo real 2 ventiladores PWM con buen flujo y bajo ruido Bomba eficiente para circulaci\u00f3n constante del refrigerante Compatible con plataformas modernas Intel y AMD Dise\u00f1o Black elegante que realza cualquier PC gamer o workstation Ideal para gaming intenso, overclock medio\/alto y uso profesional","og_url":"https:\/\/unitgames.com.ar\/pc-gamer\/producto\/watercooling-raptor-aqua-pro-240-con-display-black\/","og_site_name":"UnitGames","article_modified_time":"2026-02-13T14:13:29+00:00","og_image":[{"width":1282,"height":1285,"url":"https:\/\/unitgames.com.ar\/pc-gamer\/wp-content\/uploads\/2026\/01\/WaterCooling-RAPTOR-Aqua-Pro-240-con-Display-Black.png","type":"image\/png"}],"twitter_card":"summary_large_image","twitter_misc":{"Tiempo de lectura":"2 minutos"},"schema":{"@context":"https:\/\/schema.org","@graph":[{"@type":"WebPage","@id":"https:\/\/unitgames.com.ar\/pc-gamer\/producto\/watercooling-raptor-aqua-pro-240-con-display-black\/","url":"https:\/\/unitgames.com.ar\/pc-gamer\/producto\/watercooling-raptor-aqua-pro-240-con-display-black\/","name":"WaterCooling RAPTOR Aqua Pro 240 con Display Black - UnitGames","isPartOf":{"@id":"https:\/\/unitgames.com.ar\/pc-gamer\/#website"},"primaryImageOfPage":{"@id":"https:\/\/unitgames.com.ar\/pc-gamer\/producto\/watercooling-raptor-aqua-pro-240-con-display-black\/#primaryimage"},"image":{"@id":"https:\/\/unitgames.com.ar\/pc-gamer\/producto\/watercooling-raptor-aqua-pro-240-con-display-black\/#primaryimage"},"thumbnailUrl":"https:\/\/unitgames.com.ar\/pc-gamer\/wp-content\/uploads\/2026\/01\/WaterCooling-RAPTOR-Aqua-Pro-240-con-Display-Black.png","datePublished":"2026-01-28T22:28:51+00:00","dateModified":"2026-02-13T14:13:29+00:00","breadcrumb":{"@id":"https:\/\/unitgames.com.ar\/pc-gamer\/producto\/watercooling-raptor-aqua-pro-240-con-display-black\/#breadcrumb"},"inLanguage":"es","potentialAction":[{"@type":"ReadAction","target":["https:\/\/unitgames.com.ar\/pc-gamer\/producto\/watercooling-raptor-aqua-pro-240-con-display-black\/"]}]},{"@type":"ImageObject","inLanguage":"es","@id":"https:\/\/unitgames.com.ar\/pc-gamer\/producto\/watercooling-raptor-aqua-pro-240-con-display-black\/#primaryimage","url":"https:\/\/unitgames.com.ar\/pc-gamer\/wp-content\/uploads\/2026\/01\/WaterCooling-RAPTOR-Aqua-Pro-240-con-Display-Black.png","contentUrl":"https:\/\/unitgames.com.ar\/pc-gamer\/wp-content\/uploads\/2026\/01\/WaterCooling-RAPTOR-Aqua-Pro-240-con-Display-Black.png","width":1282,"height":1285},{"@type":"BreadcrumbList","@id":"https:\/\/unitgames.com.ar\/pc-gamer\/producto\/watercooling-raptor-aqua-pro-240-con-display-black\/#breadcrumb","itemListElement":[{"@type":"ListItem","position":1,"name":"Tienda","item":"https:\/\/unitgames.com.ar\/pc-gamer\/tienda\/"},{"@type":"ListItem","position":2,"name":"WaterCooling RAPTOR Aqua Pro 240 con Display Black"}]},{"@type":"WebSite","@id":"https:\/\/unitgames.com.ar\/pc-gamer\/#website","url":"https:\/\/unitgames.com.ar\/pc-gamer\/","name":"UnitGames","description":"Venta de PC Gamers, Consolas , Servicio Tecnico Especializado. Todos en Accesorios Informaticos y Gamers","publisher":{"@id":"https:\/\/unitgames.com.ar\/pc-gamer\/#organization"},"potentialAction":[{"@type":"SearchAction","target":{"@type":"EntryPoint","urlTemplate":"https:\/\/unitgames.com.ar\/pc-gamer\/?s={search_term_string}"},"query-input":{"@type":"PropertyValueSpecification","valueRequired":true,"valueName":"search_term_string"}}],"inLanguage":"es"},{"@type":"Organization","@id":"https:\/\/unitgames.com.ar\/pc-gamer\/#organization","name":"UnitGames","url":"https:\/\/unitgames.com.ar\/pc-gamer\/","logo":{"@type":"ImageObject","inLanguage":"es","@id":"https:\/\/unitgames.com.ar\/pc-gamer\/#\/schema\/logo\/image\/","url":"https:\/\/unitgames.com.ar\/pc-gamer\/wp-content\/uploads\/2021\/01\/cropped-logoUnitGames2.png","contentUrl":"https:\/\/unitgames.com.ar\/pc-gamer\/wp-content\/uploads\/2021\/01\/cropped-logoUnitGames2.png","width":152,"height":200,"caption":"UnitGames"},"image":{"@id":"https:\/\/unitgames.com.ar\/pc-gamer\/#\/schema\/logo\/image\/"}}]}},"_links":{"self":[{"href":"https:\/\/unitgames.com.ar\/pc-gamer\/wp-json\/wp\/v2\/product\/19286","targetHints":{"allow":["GET"]}}],"collection":[{"href":"https:\/\/unitgames.com.ar\/pc-gamer\/wp-json\/wp\/v2\/product"}],"about":[{"href":"https:\/\/unitgames.com.ar\/pc-gamer\/wp-json\/wp\/v2\/types\/product"}],"version-history":[{"count":0,"href":"https:\/\/unitgames.com.ar\/pc-gamer\/wp-json\/wp\/v2\/product\/19286\/revisions"}],"wp:featuredmedia":[{"embeddable":true,"href":"https:\/\/unitgames.com.ar\/pc-gamer\/wp-json\/wp\/v2\/media\/19443"}],"wp:attachment":[{"href":"https:\/\/unitgames.com.ar\/pc-gamer\/wp-json\/wp\/v2\/media?parent=19286"}],"wp:term":[{"taxonomy":"product_brand","embeddable":true,"href":"https:\/\/unitgames.com.ar\/pc-gamer\/wp-json\/wp\/v2\/product_brand?post=19286"},{"taxonomy":"product_cat","embeddable":true,"href":"https:\/\/unitgames.com.ar\/pc-gamer\/wp-json\/wp\/v2\/product_cat?post=19286"},{"taxonomy":"product_tag","embeddable":true,"href":"https:\/\/unitgames.com.ar\/pc-gamer\/wp-json\/wp\/v2\/product_tag?post=19286"}],"curies":[{"name":"wp","href":"https:\/\/api.w.org\/{rel}","templated":true}]}}