{"id":1981,"date":"2021-01-04T19:46:28","date_gmt":"2021-01-04T19:46:28","guid":{"rendered":"https:\/\/unitgames.com.ar\/pc-gamers\/producto\/mouse-trust-heron\/"},"modified":"2026-01-09T07:12:02","modified_gmt":"2026-01-09T10:12:02","slug":"mouse-trust-heron","status":"publish","type":"product","link":"https:\/\/unitgames.com.ar\/pc-gamer\/producto\/mouse-trust-heron\/","title":{"rendered":"Mouse TRUST Heron"},"content":{"rendered":"<h5>Caracter\u00edsticas y especificaciones<\/h5>\n<div>Trust Mouse Gamer GXT-107 Heron 7000 dpi RGB<\/p>\n<p>Parte superior completamente iluminada<br \/>\nBot\u00f3n de selecci\u00f3n de velocidad (7000 ppp)<br \/>\n6 botones de respuesta<br \/>\nTapa superior de goma para un agarre firme<br \/>\nFactor de forma ambidiestro<br \/>\nCable trenzado de 1,8 m<\/p>\n<p>Rat\u00f3n gaming iluminado<br \/>\n\u00bfBusca un rat\u00f3n para juegos que ofrezca todas las funcionalidades b\u00e1sicas, pero tambi\u00e9n un potente dise\u00f1o? Con su dise\u00f1o ambidiestro, los 6 botones y las luces, el rat\u00f3n para juegos GXT-107 no le defraudar\u00e1.<\/p>\n<p>Dise\u00f1o ambidiestro<br \/>\nEl GXT-107 ha sido dise\u00f1ado para garantizar m\u00e1xima comodidad y sujeci\u00f3n, independientemente de si se es zurdo o diestro; siempre podr\u00e1 utilizar el GXT-107. Por lo tanto, es un rat\u00f3n ideal cuando desea compartir su rat\u00f3n de juegos con tus familiares y amigos, que utilicen una mano diferente para controlar el rat\u00f3n.<\/p>\n<p>6 botones de respuesta<br \/>\nEl GXT-107 incluye 6 botones para garantizar m\u00e1xima productividad y eficiencia. No se requiere software para configurar los botones, por lo que podr\u00e1 utilizarlos de inmediato para sus actividades de juego. Cambie directamente la selecci\u00f3n de velocidad de 600 PPP hasta 7000 PPP. Utilice un ajuste de PPP inferior para unos disparos de francotirador m\u00e1s precisos y utilice un PPP alto para reflejos r\u00e1pidos y para explorar r\u00e1pidamente el lugar.<\/p>\n<p>Parte superior completamente iluminada<br \/>\nLos colores de las luces LED de la parte superior del GXT-107 responden a su selecci\u00f3n de PPP. Esto resulta muy pr\u00e1ctico, ya que siempre sabr\u00e1 qu\u00e9 ajuste de PPP est\u00e1 utilizando. Su entorno de juego cobrar\u00e1 vida gracias al efecto de luz de respiraci\u00f3n.<\/p>\n<p>El resistente cable trenzado de 1,8 metros de largo evita que el cable se enrede en los momentos m\u00e1s emocionantes del juego<\/p><\/div>\n","protected":false},"excerpt":{"rendered":"<p>Caracter\u00edsticas y especificaciones Trust Mouse Gamer GXT-107 Heron 7000 dpi RGB Parte superior completamente iluminada Bot\u00f3n de selecci\u00f3n de velocidad (7000 ppp) 6 botones de respuesta Tapa superior de goma para un agarre firme Factor de forma ambidiestro Cable trenzado de 1,8 m Rat\u00f3n gaming iluminado \u00bfBusca un rat\u00f3n para juegos que ofrezca todas las funcionalidades b\u00e1sicas, pero tambi\u00e9n un potente dise\u00f1o? Con su dise\u00f1o ambidiestro, los 6 botones y las luces, el rat\u00f3n para juegos GXT-107 no le defraudar\u00e1. Dise\u00f1o ambidiestro El GXT-107 ha sido dise\u00f1ado para garantizar m\u00e1xima comodidad y sujeci\u00f3n, independientemente de si se es zurdo o diestro; siempre podr\u00e1 utilizar el GXT-107. Por lo tanto, es un rat\u00f3n ideal cuando desea compartir su rat\u00f3n de juegos con tus familiares y amigos, que utilicen una mano diferente para controlar el rat\u00f3n. 6 botones de respuesta El GXT-107 incluye 6 botones para garantizar m\u00e1xima productividad y eficiencia. No se requiere software para configurar los botones, por lo que podr\u00e1 utilizarlos de inmediato para sus actividades de juego. Cambie directamente la selecci\u00f3n de velocidad de 600 PPP hasta 7000 PPP. Utilice un ajuste de PPP inferior para unos disparos de francotirador m\u00e1s precisos y utilice un PPP alto para reflejos r\u00e1pidos y para explorar r\u00e1pidamente el lugar. Parte superior completamente iluminada Los colores de las luces LED de la parte superior del GXT-107 responden a su selecci\u00f3n de PPP. Esto resulta muy pr\u00e1ctico, ya que siempre sabr\u00e1 qu\u00e9 ajuste de PPP est\u00e1 utilizando. Su entorno de juego cobrar\u00e1 vida gracias al efecto de luz de respiraci\u00f3n. El resistente cable trenzado de 1,8 metros de largo evita que el cable se enrede en los momentos m\u00e1s emocionantes del juego<\/p>\n","protected":false},"featured_media":9814,"template":"","meta":{"site-sidebar-layout":"default","site-content-layout":"","ast-site-content-layout":"default","site-content-style":"default","site-sidebar-style":"default","ast-global-header-display":"","ast-banner-title-visibility":"","ast-main-header-display":"","ast-hfb-above-header-display":"","ast-hfb-below-header-display":"","ast-hfb-mobile-header-display":"","site-post-title":"","ast-breadcrumbs-content":"","ast-featured-img":"","footer-sml-layout":"","theme-transparent-header-meta":"","adv-header-id-meta":"","stick-header-meta":"","header-above-stick-meta":"","header-main-stick-meta":"","header-below-stick-meta":"","astra-migrate-meta-layouts":"default","ast-page-background-enabled":"default","ast-page-background-meta":{"desktop":{"background-color":"var(--ast-global-color-5)","background-image":"","background-repeat":"repeat","background-position":"center center","background-size":"auto","background-attachment":"scroll","background-type":"","background-media":"","overlay-type":"","overlay-color":"","overlay-opacity":"","overlay-gradient":""},"tablet":{"background-color":"","background-image":"","background-repeat":"repeat","background-position":"center center","background-size":"auto","background-attachment":"scroll","background-type":"","background-media":"","overlay-type":"","overlay-color":"","overlay-opacity":"","overlay-gradient":""},"mobile":{"background-color":"","background-image":"","background-repeat":"repeat","background-position":"center center","background-size":"auto","background-attachment":"scroll","background-type":"","background-media":"","overlay-type":"","overlay-color":"","overlay-opacity":"","overlay-gradient":""}},"ast-content-background-meta":{"desktop":{"background-color":"var(--ast-global-color-4)","background-image":"","background-repeat":"repeat","background-position":"center center","background-size":"auto","background-attachment":"scroll","background-type":"","background-media":"","overlay-type":"","overlay-color":"","overlay-opacity":"","overlay-gradient":""},"tablet":{"background-color":"var(--ast-global-color-4)","background-image":"","background-repeat":"repeat","background-position":"center center","background-size":"auto","background-attachment":"scroll","background-type":"","background-media":"","overlay-type":"","overlay-color":"","overlay-opacity":"","overlay-gradient":""},"mobile":{"background-color":"var(--ast-global-color-4)","background-image":"","background-repeat":"repeat","background-position":"center center","background-size":"auto","background-attachment":"scroll","background-type":"","background-media":"","overlay-type":"","overlay-color":"","overlay-opacity":"","overlay-gradient":""}},"_joinchat":[]},"product_brand":[],"product_cat":[89],"product_tag":[],"class_list":{"0":"post-1981","1":"product","2":"type-product","3":"status-publish","4":"has-post-thumbnail","6":"product_cat-gamers-competitivos","7":"desktop-align-center","8":"tablet-align-left","9":"mobile-align-left","11":"first","12":"instock","13":"shipping-taxable","14":"purchasable","15":"product-type-simple"},"yoast_head":"<!-- This site is optimized with the Yoast SEO plugin v27.5 - https:\/\/yoast.com\/product\/yoast-seo-wordpress\/ -->\n<title>Mouse TRUST Heron - UnitGames<\/title>\n<meta name=\"robots\" content=\"index, follow, max-snippet:-1, max-image-preview:large, max-video-preview:-1\" \/>\n<link rel=\"canonical\" href=\"https:\/\/unitgames.com.ar\/pc-gamer\/producto\/mouse-trust-heron\/\" \/>\n<meta property=\"og:locale\" content=\"es_ES\" \/>\n<meta property=\"og:type\" content=\"article\" \/>\n<meta property=\"og:title\" content=\"Mouse TRUST Heron - UnitGames\" \/>\n<meta property=\"og:description\" content=\"Caracter\u00edsticas y especificaciones Trust Mouse Gamer GXT-107 Heron 7000 dpi RGB Parte superior completamente iluminada Bot\u00f3n de selecci\u00f3n de velocidad (7000 ppp) 6 botones de respuesta Tapa superior de goma para un agarre firme Factor de forma ambidiestro Cable trenzado de 1,8 m Rat\u00f3n gaming iluminado \u00bfBusca un rat\u00f3n para juegos que ofrezca todas las funcionalidades b\u00e1sicas, pero tambi\u00e9n un potente dise\u00f1o? Con su dise\u00f1o ambidiestro, los 6 botones y las luces, el rat\u00f3n para juegos GXT-107 no le defraudar\u00e1. Dise\u00f1o ambidiestro El GXT-107 ha sido dise\u00f1ado para garantizar m\u00e1xima comodidad y sujeci\u00f3n, independientemente de si se es zurdo o diestro; siempre podr\u00e1 utilizar el GXT-107. Por lo tanto, es un rat\u00f3n ideal cuando desea compartir su rat\u00f3n de juegos con tus familiares y amigos, que utilicen una mano diferente para controlar el rat\u00f3n. 6 botones de respuesta El GXT-107 incluye 6 botones para garantizar m\u00e1xima productividad y eficiencia. No se requiere software para configurar los botones, por lo que podr\u00e1 utilizarlos de inmediato para sus actividades de juego. Cambie directamente la selecci\u00f3n de velocidad de 600 PPP hasta 7000 PPP. Utilice un ajuste de PPP inferior para unos disparos de francotirador m\u00e1s precisos y utilice un PPP alto para reflejos r\u00e1pidos y para explorar r\u00e1pidamente el lugar. Parte superior completamente iluminada Los colores de las luces LED de la parte superior del GXT-107 responden a su selecci\u00f3n de PPP. Esto resulta muy pr\u00e1ctico, ya que siempre sabr\u00e1 qu\u00e9 ajuste de PPP est\u00e1 utilizando. Su entorno de juego cobrar\u00e1 vida gracias al efecto de luz de respiraci\u00f3n. El resistente cable trenzado de 1,8 metros de largo evita que el cable se enrede en los momentos m\u00e1s emocionantes del juego\" \/>\n<meta property=\"og:url\" content=\"https:\/\/unitgames.com.ar\/pc-gamer\/producto\/mouse-trust-heron\/\" \/>\n<meta property=\"og:site_name\" content=\"UnitGames\" \/>\n<meta property=\"article:modified_time\" content=\"2026-01-09T10:12:02+00:00\" \/>\n<meta property=\"og:image\" content=\"https:\/\/unitgames.com.ar\/pc-gamer\/wp-content\/uploads\/2021\/01\/Mouse-TRUST-Heron.png\" \/>\n\t<meta property=\"og:image:width\" content=\"1283\" \/>\n\t<meta property=\"og:image:height\" content=\"1283\" \/>\n\t<meta property=\"og:image:type\" content=\"image\/png\" \/>\n<meta name=\"twitter:card\" content=\"summary_large_image\" \/>\n<script type=\"application\/ld+json\" class=\"yoast-schema-graph\">{\"@context\":\"https:\\\/\\\/schema.org\",\"@graph\":[{\"@type\":\"WebPage\",\"@id\":\"https:\\\/\\\/unitgames.com.ar\\\/pc-gamer\\\/producto\\\/mouse-trust-heron\\\/\",\"url\":\"https:\\\/\\\/unitgames.com.ar\\\/pc-gamer\\\/producto\\\/mouse-trust-heron\\\/\",\"name\":\"Mouse TRUST Heron - UnitGames\",\"isPartOf\":{\"@id\":\"https:\\\/\\\/unitgames.com.ar\\\/pc-gamer\\\/#website\"},\"primaryImageOfPage\":{\"@id\":\"https:\\\/\\\/unitgames.com.ar\\\/pc-gamer\\\/producto\\\/mouse-trust-heron\\\/#primaryimage\"},\"image\":{\"@id\":\"https:\\\/\\\/unitgames.com.ar\\\/pc-gamer\\\/producto\\\/mouse-trust-heron\\\/#primaryimage\"},\"thumbnailUrl\":\"https:\\\/\\\/unitgames.com.ar\\\/pc-gamer\\\/wp-content\\\/uploads\\\/2021\\\/01\\\/Mouse-TRUST-Heron.png\",\"datePublished\":\"2021-01-04T19:46:28+00:00\",\"dateModified\":\"2026-01-09T10:12:02+00:00\",\"breadcrumb\":{\"@id\":\"https:\\\/\\\/unitgames.com.ar\\\/pc-gamer\\\/producto\\\/mouse-trust-heron\\\/#breadcrumb\"},\"inLanguage\":\"es\",\"potentialAction\":[{\"@type\":\"ReadAction\",\"target\":[\"https:\\\/\\\/unitgames.com.ar\\\/pc-gamer\\\/producto\\\/mouse-trust-heron\\\/\"]}]},{\"@type\":\"ImageObject\",\"inLanguage\":\"es\",\"@id\":\"https:\\\/\\\/unitgames.com.ar\\\/pc-gamer\\\/producto\\\/mouse-trust-heron\\\/#primaryimage\",\"url\":\"https:\\\/\\\/unitgames.com.ar\\\/pc-gamer\\\/wp-content\\\/uploads\\\/2021\\\/01\\\/Mouse-TRUST-Heron.png\",\"contentUrl\":\"https:\\\/\\\/unitgames.com.ar\\\/pc-gamer\\\/wp-content\\\/uploads\\\/2021\\\/01\\\/Mouse-TRUST-Heron.png\",\"width\":1283,\"height\":1283},{\"@type\":\"BreadcrumbList\",\"@id\":\"https:\\\/\\\/unitgames.com.ar\\\/pc-gamer\\\/producto\\\/mouse-trust-heron\\\/#breadcrumb\",\"itemListElement\":[{\"@type\":\"ListItem\",\"position\":1,\"name\":\"Tienda\",\"item\":\"https:\\\/\\\/unitgames.com.ar\\\/pc-gamer\\\/tienda\\\/\"},{\"@type\":\"ListItem\",\"position\":2,\"name\":\"Mouse TRUST Heron\"}]},{\"@type\":\"WebSite\",\"@id\":\"https:\\\/\\\/unitgames.com.ar\\\/pc-gamer\\\/#website\",\"url\":\"https:\\\/\\\/unitgames.com.ar\\\/pc-gamer\\\/\",\"name\":\"UnitGames\",\"description\":\"Venta de PC Gamers, Consolas , Servicio Tecnico Especializado. Todos en Accesorios Informaticos y Gamers\",\"publisher\":{\"@id\":\"https:\\\/\\\/unitgames.com.ar\\\/pc-gamer\\\/#organization\"},\"potentialAction\":[{\"@type\":\"SearchAction\",\"target\":{\"@type\":\"EntryPoint\",\"urlTemplate\":\"https:\\\/\\\/unitgames.com.ar\\\/pc-gamer\\\/?s={search_term_string}\"},\"query-input\":{\"@type\":\"PropertyValueSpecification\",\"valueRequired\":true,\"valueName\":\"search_term_string\"}}],\"inLanguage\":\"es\"},{\"@type\":\"Organization\",\"@id\":\"https:\\\/\\\/unitgames.com.ar\\\/pc-gamer\\\/#organization\",\"name\":\"UnitGames\",\"url\":\"https:\\\/\\\/unitgames.com.ar\\\/pc-gamer\\\/\",\"logo\":{\"@type\":\"ImageObject\",\"inLanguage\":\"es\",\"@id\":\"https:\\\/\\\/unitgames.com.ar\\\/pc-gamer\\\/#\\\/schema\\\/logo\\\/image\\\/\",\"url\":\"https:\\\/\\\/unitgames.com.ar\\\/pc-gamer\\\/wp-content\\\/uploads\\\/2021\\\/01\\\/cropped-logoUnitGames2.png\",\"contentUrl\":\"https:\\\/\\\/unitgames.com.ar\\\/pc-gamer\\\/wp-content\\\/uploads\\\/2021\\\/01\\\/cropped-logoUnitGames2.png\",\"width\":152,\"height\":200,\"caption\":\"UnitGames\"},\"image\":{\"@id\":\"https:\\\/\\\/unitgames.com.ar\\\/pc-gamer\\\/#\\\/schema\\\/logo\\\/image\\\/\"}}]}<\/script>\n<!-- \/ Yoast SEO plugin. -->","yoast_head_json":{"title":"Mouse TRUST Heron - UnitGames","robots":{"index":"index","follow":"follow","max-snippet":"max-snippet:-1","max-image-preview":"max-image-preview:large","max-video-preview":"max-video-preview:-1"},"canonical":"https:\/\/unitgames.com.ar\/pc-gamer\/producto\/mouse-trust-heron\/","og_locale":"es_ES","og_type":"article","og_title":"Mouse TRUST Heron - UnitGames","og_description":"Caracter\u00edsticas y especificaciones Trust Mouse Gamer GXT-107 Heron 7000 dpi RGB Parte superior completamente iluminada Bot\u00f3n de selecci\u00f3n de velocidad (7000 ppp) 6 botones de respuesta Tapa superior de goma para un agarre firme Factor de forma ambidiestro Cable trenzado de 1,8 m Rat\u00f3n gaming iluminado \u00bfBusca un rat\u00f3n para juegos que ofrezca todas las funcionalidades b\u00e1sicas, pero tambi\u00e9n un potente dise\u00f1o? Con su dise\u00f1o ambidiestro, los 6 botones y las luces, el rat\u00f3n para juegos GXT-107 no le defraudar\u00e1. Dise\u00f1o ambidiestro El GXT-107 ha sido dise\u00f1ado para garantizar m\u00e1xima comodidad y sujeci\u00f3n, independientemente de si se es zurdo o diestro; siempre podr\u00e1 utilizar el GXT-107. Por lo tanto, es un rat\u00f3n ideal cuando desea compartir su rat\u00f3n de juegos con tus familiares y amigos, que utilicen una mano diferente para controlar el rat\u00f3n. 6 botones de respuesta El GXT-107 incluye 6 botones para garantizar m\u00e1xima productividad y eficiencia. No se requiere software para configurar los botones, por lo que podr\u00e1 utilizarlos de inmediato para sus actividades de juego. Cambie directamente la selecci\u00f3n de velocidad de 600 PPP hasta 7000 PPP. Utilice un ajuste de PPP inferior para unos disparos de francotirador m\u00e1s precisos y utilice un PPP alto para reflejos r\u00e1pidos y para explorar r\u00e1pidamente el lugar. Parte superior completamente iluminada Los colores de las luces LED de la parte superior del GXT-107 responden a su selecci\u00f3n de PPP. Esto resulta muy pr\u00e1ctico, ya que siempre sabr\u00e1 qu\u00e9 ajuste de PPP est\u00e1 utilizando. Su entorno de juego cobrar\u00e1 vida gracias al efecto de luz de respiraci\u00f3n. El resistente cable trenzado de 1,8 metros de largo evita que el cable se enrede en los momentos m\u00e1s emocionantes del juego","og_url":"https:\/\/unitgames.com.ar\/pc-gamer\/producto\/mouse-trust-heron\/","og_site_name":"UnitGames","article_modified_time":"2026-01-09T10:12:02+00:00","og_image":[{"width":1283,"height":1283,"url":"https:\/\/unitgames.com.ar\/pc-gamer\/wp-content\/uploads\/2021\/01\/Mouse-TRUST-Heron.png","type":"image\/png"}],"twitter_card":"summary_large_image","schema":{"@context":"https:\/\/schema.org","@graph":[{"@type":"WebPage","@id":"https:\/\/unitgames.com.ar\/pc-gamer\/producto\/mouse-trust-heron\/","url":"https:\/\/unitgames.com.ar\/pc-gamer\/producto\/mouse-trust-heron\/","name":"Mouse TRUST Heron - UnitGames","isPartOf":{"@id":"https:\/\/unitgames.com.ar\/pc-gamer\/#website"},"primaryImageOfPage":{"@id":"https:\/\/unitgames.com.ar\/pc-gamer\/producto\/mouse-trust-heron\/#primaryimage"},"image":{"@id":"https:\/\/unitgames.com.ar\/pc-gamer\/producto\/mouse-trust-heron\/#primaryimage"},"thumbnailUrl":"https:\/\/unitgames.com.ar\/pc-gamer\/wp-content\/uploads\/2021\/01\/Mouse-TRUST-Heron.png","datePublished":"2021-01-04T19:46:28+00:00","dateModified":"2026-01-09T10:12:02+00:00","breadcrumb":{"@id":"https:\/\/unitgames.com.ar\/pc-gamer\/producto\/mouse-trust-heron\/#breadcrumb"},"inLanguage":"es","potentialAction":[{"@type":"ReadAction","target":["https:\/\/unitgames.com.ar\/pc-gamer\/producto\/mouse-trust-heron\/"]}]},{"@type":"ImageObject","inLanguage":"es","@id":"https:\/\/unitgames.com.ar\/pc-gamer\/producto\/mouse-trust-heron\/#primaryimage","url":"https:\/\/unitgames.com.ar\/pc-gamer\/wp-content\/uploads\/2021\/01\/Mouse-TRUST-Heron.png","contentUrl":"https:\/\/unitgames.com.ar\/pc-gamer\/wp-content\/uploads\/2021\/01\/Mouse-TRUST-Heron.png","width":1283,"height":1283},{"@type":"BreadcrumbList","@id":"https:\/\/unitgames.com.ar\/pc-gamer\/producto\/mouse-trust-heron\/#breadcrumb","itemListElement":[{"@type":"ListItem","position":1,"name":"Tienda","item":"https:\/\/unitgames.com.ar\/pc-gamer\/tienda\/"},{"@type":"ListItem","position":2,"name":"Mouse TRUST Heron"}]},{"@type":"WebSite","@id":"https:\/\/unitgames.com.ar\/pc-gamer\/#website","url":"https:\/\/unitgames.com.ar\/pc-gamer\/","name":"UnitGames","description":"Venta de PC Gamers, Consolas , Servicio Tecnico Especializado. Todos en Accesorios Informaticos y Gamers","publisher":{"@id":"https:\/\/unitgames.com.ar\/pc-gamer\/#organization"},"potentialAction":[{"@type":"SearchAction","target":{"@type":"EntryPoint","urlTemplate":"https:\/\/unitgames.com.ar\/pc-gamer\/?s={search_term_string}"},"query-input":{"@type":"PropertyValueSpecification","valueRequired":true,"valueName":"search_term_string"}}],"inLanguage":"es"},{"@type":"Organization","@id":"https:\/\/unitgames.com.ar\/pc-gamer\/#organization","name":"UnitGames","url":"https:\/\/unitgames.com.ar\/pc-gamer\/","logo":{"@type":"ImageObject","inLanguage":"es","@id":"https:\/\/unitgames.com.ar\/pc-gamer\/#\/schema\/logo\/image\/","url":"https:\/\/unitgames.com.ar\/pc-gamer\/wp-content\/uploads\/2021\/01\/cropped-logoUnitGames2.png","contentUrl":"https:\/\/unitgames.com.ar\/pc-gamer\/wp-content\/uploads\/2021\/01\/cropped-logoUnitGames2.png","width":152,"height":200,"caption":"UnitGames"},"image":{"@id":"https:\/\/unitgames.com.ar\/pc-gamer\/#\/schema\/logo\/image\/"}}]}},"_links":{"self":[{"href":"https:\/\/unitgames.com.ar\/pc-gamer\/wp-json\/wp\/v2\/product\/1981","targetHints":{"allow":["GET"]}}],"collection":[{"href":"https:\/\/unitgames.com.ar\/pc-gamer\/wp-json\/wp\/v2\/product"}],"about":[{"href":"https:\/\/unitgames.com.ar\/pc-gamer\/wp-json\/wp\/v2\/types\/product"}],"version-history":[{"count":0,"href":"https:\/\/unitgames.com.ar\/pc-gamer\/wp-json\/wp\/v2\/product\/1981\/revisions"}],"wp:featuredmedia":[{"embeddable":true,"href":"https:\/\/unitgames.com.ar\/pc-gamer\/wp-json\/wp\/v2\/media\/9814"}],"wp:attachment":[{"href":"https:\/\/unitgames.com.ar\/pc-gamer\/wp-json\/wp\/v2\/media?parent=1981"}],"wp:term":[{"taxonomy":"product_brand","embeddable":true,"href":"https:\/\/unitgames.com.ar\/pc-gamer\/wp-json\/wp\/v2\/product_brand?post=1981"},{"taxonomy":"product_cat","embeddable":true,"href":"https:\/\/unitgames.com.ar\/pc-gamer\/wp-json\/wp\/v2\/product_cat?post=1981"},{"taxonomy":"product_tag","embeddable":true,"href":"https:\/\/unitgames.com.ar\/pc-gamer\/wp-json\/wp\/v2\/product_tag?post=1981"}],"curies":[{"name":"wp","href":"https:\/\/api.w.org\/{rel}","templated":true}]}}