{"id":19846,"date":"2026-03-10T12:36:16","date_gmt":"2026-03-10T15:36:16","guid":{"rendered":"https:\/\/unitgames.com.ar\/pc-gamer\/?post_type=product&#038;p=19846"},"modified":"2026-03-13T02:08:19","modified_gmt":"2026-03-13T05:08:19","slug":"teclado-mecanico-raptor-fireclaw-m104-blanco","status":"publish","type":"product","link":"https:\/\/unitgames.com.ar\/pc-gamer\/producto\/teclado-mecanico-raptor-fireclaw-m104-blanco\/","title":{"rendered":"Teclado Mecanico RAPTOR Fireclaw M104 Blanco"},"content":{"rendered":"<h2 data-start=\"97\" data-end=\"151\">Especificaciones T\u00e9cnicas\u00a0 RAPTOR Fireclaw M104<\/h2>\n<p>&nbsp;<\/p>\n<ul data-start=\"153\" data-end=\"958\">\n<li data-start=\"153\" data-end=\"206\">\n<p data-start=\"155\" data-end=\"206\"><strong data-start=\"155\" data-end=\"164\">Tipo:<\/strong> Teclado mec\u00e1nico full size (104 teclas)<\/p>\n<\/li>\n<li data-start=\"207\" data-end=\"301\">\n<p data-start=\"209\" data-end=\"301\"><strong data-start=\"209\" data-end=\"222\">Switches:<\/strong> Outemu Red (lineales, silenciosos, durabilidad &gt; 50 millones de pulsaciones)<\/p>\n<\/li>\n<li data-start=\"302\" data-end=\"339\">\n<p data-start=\"304\" data-end=\"339\"><strong data-start=\"304\" data-end=\"320\">Iluminaci\u00f3n:<\/strong> RGB con 21 modos<\/p>\n<\/li>\n<li data-start=\"340\" data-end=\"383\">\n<p data-start=\"342\" data-end=\"383\"><strong data-start=\"342\" data-end=\"359\">Antighosting:<\/strong> 26 teclas simult\u00e1neas<\/p>\n<\/li>\n<li data-start=\"384\" data-end=\"437\">\n<p data-start=\"386\" data-end=\"437\"><strong data-start=\"386\" data-end=\"403\">Conectividad:<\/strong> Cable USB-C desmontable (1.8 m)<\/p>\n<\/li>\n<li data-start=\"438\" data-end=\"505\">\n<p data-start=\"440\" data-end=\"505\"><strong data-start=\"440\" data-end=\"459\">Compatibilidad:<\/strong> Windows, Linux y otros sistemas compatibles<\/p>\n<\/li>\n<li data-start=\"506\" data-end=\"567\">\n<p data-start=\"508\" data-end=\"567\"><strong data-start=\"508\" data-end=\"521\">Material:<\/strong> Pl\u00e1stico ABS con keycaps de doble inyecci\u00f3n<\/p>\n<\/li>\n<li data-start=\"568\" data-end=\"636\">\n<p data-start=\"570\" data-end=\"636\"><strong data-start=\"570\" data-end=\"595\">Funciones multimedia:<\/strong> S\u00ed, mediante combinaci\u00f3n FN + F1 a F12<\/p>\n<\/li>\n<li data-start=\"637\" data-end=\"690\">\n<p data-start=\"639\" data-end=\"690\"><strong data-start=\"639\" data-end=\"656\">Construcci\u00f3n:<\/strong> Robusta, sin descanso de mu\u00f1eca<\/p>\n<\/li>\n<li data-start=\"691\" data-end=\"735\">\n<p data-start=\"693\" data-end=\"735\"><strong data-start=\"693\" data-end=\"707\">Ergonom\u00eda:<\/strong> Patas traseras ajustables<\/p>\n<\/li>\n<li data-start=\"736\" data-end=\"780\">\n<p data-start=\"738\" data-end=\"780\"><strong data-start=\"738\" data-end=\"754\">Dimensiones:<\/strong> 426 mm x 121 mm x 37 mm<\/p>\n<\/li>\n<li data-start=\"781\" data-end=\"805\">\n<p data-start=\"783\" data-end=\"805\"><strong data-start=\"783\" data-end=\"792\">Peso:<\/strong> 730 gramos<\/p>\n<\/li>\n<li data-start=\"806\" data-end=\"858\">\n<p data-start=\"808\" data-end=\"858\"><strong data-start=\"808\" data-end=\"822\">Vida \u00fatil:<\/strong> M\u00e1s de 50 millones de pulsaciones<\/p>\n<\/li>\n<li data-start=\"859\" data-end=\"909\">\n<p data-start=\"861\" data-end=\"909\"><strong data-start=\"861\" data-end=\"886\">Contenido de la caja:<\/strong> Teclado, cable USB-C<\/p>\n<\/li>\n<\/ul>\n<p>&nbsp;<\/p>\n<p>&nbsp;<\/p>\n","protected":false},"excerpt":{"rendered":"<p>Especificaciones T\u00e9cnicas\u00a0 RAPTOR Fireclaw M104 &nbsp; Tipo: Teclado mec\u00e1nico full size (104 teclas) Switches: Outemu Red (lineales, silenciosos, durabilidad &gt; 50 millones de pulsaciones) Iluminaci\u00f3n: RGB con 21 modos Antighosting: 26 teclas simult\u00e1neas Conectividad: Cable USB-C desmontable (1.8 m) Compatibilidad: Windows, Linux y otros sistemas compatibles Material: Pl\u00e1stico ABS con keycaps de doble inyecci\u00f3n Funciones multimedia: S\u00ed, mediante combinaci\u00f3n FN + F1 a F12 Construcci\u00f3n: Robusta, sin descanso de mu\u00f1eca Ergonom\u00eda: Patas traseras ajustables Dimensiones: 426 mm x 121 mm x 37 mm Peso: 730 gramos Vida \u00fatil: M\u00e1s de 50 millones de pulsaciones Contenido de la caja: Teclado, cable USB-C &nbsp; &nbsp;<\/p>\n","protected":false},"featured_media":19893,"template":"","meta":{"site-sidebar-layout":"default","site-content-layout":"","ast-site-content-layout":"default","site-content-style":"default","site-sidebar-style":"default","ast-global-header-display":"","ast-banner-title-visibility":"","ast-main-header-display":"","ast-hfb-above-header-display":"","ast-hfb-below-header-display":"","ast-hfb-mobile-header-display":"","site-post-title":"","ast-breadcrumbs-content":"","ast-featured-img":"","footer-sml-layout":"","theme-transparent-header-meta":"default","adv-header-id-meta":"","stick-header-meta":"","header-above-stick-meta":"","header-main-stick-meta":"","header-below-stick-meta":"","astra-migrate-meta-layouts":"set","ast-page-background-enabled":"default","ast-page-background-meta":{"desktop":{"background-color":"var(--ast-global-color-5)","background-image":"","background-repeat":"repeat","background-position":"center center","background-size":"auto","background-attachment":"scroll","background-type":"","background-media":"","overlay-type":"","overlay-color":"","overlay-opacity":"","overlay-gradient":""},"tablet":{"background-color":"","background-image":"","background-repeat":"repeat","background-position":"center center","background-size":"auto","background-attachment":"scroll","background-type":"","background-media":"","overlay-type":"","overlay-color":"","overlay-opacity":"","overlay-gradient":""},"mobile":{"background-color":"","background-image":"","background-repeat":"repeat","background-position":"center center","background-size":"auto","background-attachment":"scroll","background-type":"","background-media":"","overlay-type":"","overlay-color":"","overlay-opacity":"","overlay-gradient":""}},"ast-content-background-meta":{"desktop":{"background-color":"var(--ast-global-color-4)","background-image":"","background-repeat":"repeat","background-position":"center center","background-size":"auto","background-attachment":"scroll","background-type":"","background-media":"","overlay-type":"","overlay-color":"","overlay-opacity":"","overlay-gradient":""},"tablet":{"background-color":"var(--ast-global-color-4)","background-image":"","background-repeat":"repeat","background-position":"center center","background-size":"auto","background-attachment":"scroll","background-type":"","background-media":"","overlay-type":"","overlay-color":"","overlay-opacity":"","overlay-gradient":""},"mobile":{"background-color":"var(--ast-global-color-4)","background-image":"","background-repeat":"repeat","background-position":"center center","background-size":"auto","background-attachment":"scroll","background-type":"","background-media":"","overlay-type":"","overlay-color":"","overlay-opacity":"","overlay-gradient":""}},"_joinchat":[]},"product_brand":[],"product_cat":[92],"product_tag":[],"class_list":{"0":"post-19846","1":"product","2":"type-product","3":"status-publish","4":"has-post-thumbnail","6":"product_cat-teclados-mecanicos","7":"desktop-align-center","8":"tablet-align-left","9":"mobile-align-left","11":"first","12":"instock","13":"shipping-taxable","14":"purchasable","15":"product-type-simple"},"yoast_head":"<!-- This site is optimized with the Yoast SEO plugin v27.5 - https:\/\/yoast.com\/product\/yoast-seo-wordpress\/ -->\n<title>Teclado Mecanico RAPTOR Fireclaw M104 Blanco - UnitGames<\/title>\n<meta name=\"robots\" content=\"index, follow, max-snippet:-1, max-image-preview:large, max-video-preview:-1\" \/>\n<link rel=\"canonical\" href=\"https:\/\/unitgames.com.ar\/pc-gamer\/producto\/teclado-mecanico-raptor-fireclaw-m104-blanco\/\" \/>\n<meta property=\"og:locale\" content=\"es_ES\" \/>\n<meta property=\"og:type\" content=\"article\" \/>\n<meta property=\"og:title\" content=\"Teclado Mecanico RAPTOR Fireclaw M104 Blanco - UnitGames\" \/>\n<meta property=\"og:description\" content=\"Especificaciones T\u00e9cnicas\u00a0 RAPTOR Fireclaw M104 &nbsp; Tipo: Teclado mec\u00e1nico full size (104 teclas) Switches: Outemu Red (lineales, silenciosos, durabilidad &gt; 50 millones de pulsaciones) Iluminaci\u00f3n: RGB con 21 modos Antighosting: 26 teclas simult\u00e1neas Conectividad: Cable USB-C desmontable (1.8 m) Compatibilidad: Windows, Linux y otros sistemas compatibles Material: Pl\u00e1stico ABS con keycaps de doble inyecci\u00f3n Funciones multimedia: S\u00ed, mediante combinaci\u00f3n FN + F1 a F12 Construcci\u00f3n: Robusta, sin descanso de mu\u00f1eca Ergonom\u00eda: Patas traseras ajustables Dimensiones: 426 mm x 121 mm x 37 mm Peso: 730 gramos Vida \u00fatil: M\u00e1s de 50 millones de pulsaciones Contenido de la caja: Teclado, cable USB-C &nbsp; &nbsp;\" \/>\n<meta property=\"og:url\" content=\"https:\/\/unitgames.com.ar\/pc-gamer\/producto\/teclado-mecanico-raptor-fireclaw-m104-blanco\/\" \/>\n<meta property=\"og:site_name\" content=\"UnitGames\" \/>\n<meta property=\"article:modified_time\" content=\"2026-03-13T05:08:19+00:00\" \/>\n<meta property=\"og:image\" content=\"https:\/\/unitgames.com.ar\/pc-gamer\/wp-content\/uploads\/2026\/03\/Teclado-Mecanico-RAPTOR-Fireclaw-M104-Blanco.png\" \/>\n\t<meta property=\"og:image:width\" content=\"1273\" \/>\n\t<meta property=\"og:image:height\" content=\"1286\" \/>\n\t<meta property=\"og:image:type\" content=\"image\/png\" \/>\n<meta name=\"twitter:card\" content=\"summary_large_image\" \/>\n<meta name=\"twitter:label1\" content=\"Tiempo de lectura\" \/>\n\t<meta name=\"twitter:data1\" content=\"1 minuto\" \/>\n<script type=\"application\/ld+json\" class=\"yoast-schema-graph\">{\"@context\":\"https:\\\/\\\/schema.org\",\"@graph\":[{\"@type\":\"WebPage\",\"@id\":\"https:\\\/\\\/unitgames.com.ar\\\/pc-gamer\\\/producto\\\/teclado-mecanico-raptor-fireclaw-m104-blanco\\\/\",\"url\":\"https:\\\/\\\/unitgames.com.ar\\\/pc-gamer\\\/producto\\\/teclado-mecanico-raptor-fireclaw-m104-blanco\\\/\",\"name\":\"Teclado Mecanico RAPTOR Fireclaw M104 Blanco - UnitGames\",\"isPartOf\":{\"@id\":\"https:\\\/\\\/unitgames.com.ar\\\/pc-gamer\\\/#website\"},\"primaryImageOfPage\":{\"@id\":\"https:\\\/\\\/unitgames.com.ar\\\/pc-gamer\\\/producto\\\/teclado-mecanico-raptor-fireclaw-m104-blanco\\\/#primaryimage\"},\"image\":{\"@id\":\"https:\\\/\\\/unitgames.com.ar\\\/pc-gamer\\\/producto\\\/teclado-mecanico-raptor-fireclaw-m104-blanco\\\/#primaryimage\"},\"thumbnailUrl\":\"https:\\\/\\\/unitgames.com.ar\\\/pc-gamer\\\/wp-content\\\/uploads\\\/2026\\\/03\\\/Teclado-Mecanico-RAPTOR-Fireclaw-M104-Blanco.png\",\"datePublished\":\"2026-03-10T15:36:16+00:00\",\"dateModified\":\"2026-03-13T05:08:19+00:00\",\"breadcrumb\":{\"@id\":\"https:\\\/\\\/unitgames.com.ar\\\/pc-gamer\\\/producto\\\/teclado-mecanico-raptor-fireclaw-m104-blanco\\\/#breadcrumb\"},\"inLanguage\":\"es\",\"potentialAction\":[{\"@type\":\"ReadAction\",\"target\":[\"https:\\\/\\\/unitgames.com.ar\\\/pc-gamer\\\/producto\\\/teclado-mecanico-raptor-fireclaw-m104-blanco\\\/\"]}]},{\"@type\":\"ImageObject\",\"inLanguage\":\"es\",\"@id\":\"https:\\\/\\\/unitgames.com.ar\\\/pc-gamer\\\/producto\\\/teclado-mecanico-raptor-fireclaw-m104-blanco\\\/#primaryimage\",\"url\":\"https:\\\/\\\/unitgames.com.ar\\\/pc-gamer\\\/wp-content\\\/uploads\\\/2026\\\/03\\\/Teclado-Mecanico-RAPTOR-Fireclaw-M104-Blanco.png\",\"contentUrl\":\"https:\\\/\\\/unitgames.com.ar\\\/pc-gamer\\\/wp-content\\\/uploads\\\/2026\\\/03\\\/Teclado-Mecanico-RAPTOR-Fireclaw-M104-Blanco.png\",\"width\":1273,\"height\":1286},{\"@type\":\"BreadcrumbList\",\"@id\":\"https:\\\/\\\/unitgames.com.ar\\\/pc-gamer\\\/producto\\\/teclado-mecanico-raptor-fireclaw-m104-blanco\\\/#breadcrumb\",\"itemListElement\":[{\"@type\":\"ListItem\",\"position\":1,\"name\":\"Tienda\",\"item\":\"https:\\\/\\\/unitgames.com.ar\\\/pc-gamer\\\/tienda\\\/\"},{\"@type\":\"ListItem\",\"position\":2,\"name\":\"Teclado Mecanico RAPTOR Fireclaw M104 Blanco\"}]},{\"@type\":\"WebSite\",\"@id\":\"https:\\\/\\\/unitgames.com.ar\\\/pc-gamer\\\/#website\",\"url\":\"https:\\\/\\\/unitgames.com.ar\\\/pc-gamer\\\/\",\"name\":\"UnitGames\",\"description\":\"Venta de PC Gamers, Consolas , Servicio Tecnico Especializado. Todos en Accesorios Informaticos y Gamers\",\"publisher\":{\"@id\":\"https:\\\/\\\/unitgames.com.ar\\\/pc-gamer\\\/#organization\"},\"potentialAction\":[{\"@type\":\"SearchAction\",\"target\":{\"@type\":\"EntryPoint\",\"urlTemplate\":\"https:\\\/\\\/unitgames.com.ar\\\/pc-gamer\\\/?s={search_term_string}\"},\"query-input\":{\"@type\":\"PropertyValueSpecification\",\"valueRequired\":true,\"valueName\":\"search_term_string\"}}],\"inLanguage\":\"es\"},{\"@type\":\"Organization\",\"@id\":\"https:\\\/\\\/unitgames.com.ar\\\/pc-gamer\\\/#organization\",\"name\":\"UnitGames\",\"url\":\"https:\\\/\\\/unitgames.com.ar\\\/pc-gamer\\\/\",\"logo\":{\"@type\":\"ImageObject\",\"inLanguage\":\"es\",\"@id\":\"https:\\\/\\\/unitgames.com.ar\\\/pc-gamer\\\/#\\\/schema\\\/logo\\\/image\\\/\",\"url\":\"https:\\\/\\\/unitgames.com.ar\\\/pc-gamer\\\/wp-content\\\/uploads\\\/2021\\\/01\\\/cropped-logoUnitGames2.png\",\"contentUrl\":\"https:\\\/\\\/unitgames.com.ar\\\/pc-gamer\\\/wp-content\\\/uploads\\\/2021\\\/01\\\/cropped-logoUnitGames2.png\",\"width\":152,\"height\":200,\"caption\":\"UnitGames\"},\"image\":{\"@id\":\"https:\\\/\\\/unitgames.com.ar\\\/pc-gamer\\\/#\\\/schema\\\/logo\\\/image\\\/\"}}]}<\/script>\n<!-- \/ Yoast SEO plugin. -->","yoast_head_json":{"title":"Teclado Mecanico RAPTOR Fireclaw M104 Blanco - UnitGames","robots":{"index":"index","follow":"follow","max-snippet":"max-snippet:-1","max-image-preview":"max-image-preview:large","max-video-preview":"max-video-preview:-1"},"canonical":"https:\/\/unitgames.com.ar\/pc-gamer\/producto\/teclado-mecanico-raptor-fireclaw-m104-blanco\/","og_locale":"es_ES","og_type":"article","og_title":"Teclado Mecanico RAPTOR Fireclaw M104 Blanco - UnitGames","og_description":"Especificaciones T\u00e9cnicas\u00a0 RAPTOR Fireclaw M104 &nbsp; Tipo: Teclado mec\u00e1nico full size (104 teclas) Switches: Outemu Red (lineales, silenciosos, durabilidad &gt; 50 millones de pulsaciones) Iluminaci\u00f3n: RGB con 21 modos Antighosting: 26 teclas simult\u00e1neas Conectividad: Cable USB-C desmontable (1.8 m) Compatibilidad: Windows, Linux y otros sistemas compatibles Material: Pl\u00e1stico ABS con keycaps de doble inyecci\u00f3n Funciones multimedia: S\u00ed, mediante combinaci\u00f3n FN + F1 a F12 Construcci\u00f3n: Robusta, sin descanso de mu\u00f1eca Ergonom\u00eda: Patas traseras ajustables Dimensiones: 426 mm x 121 mm x 37 mm Peso: 730 gramos Vida \u00fatil: M\u00e1s de 50 millones de pulsaciones Contenido de la caja: Teclado, cable USB-C &nbsp; &nbsp;","og_url":"https:\/\/unitgames.com.ar\/pc-gamer\/producto\/teclado-mecanico-raptor-fireclaw-m104-blanco\/","og_site_name":"UnitGames","article_modified_time":"2026-03-13T05:08:19+00:00","og_image":[{"width":1273,"height":1286,"url":"https:\/\/unitgames.com.ar\/pc-gamer\/wp-content\/uploads\/2026\/03\/Teclado-Mecanico-RAPTOR-Fireclaw-M104-Blanco.png","type":"image\/png"}],"twitter_card":"summary_large_image","twitter_misc":{"Tiempo de lectura":"1 minuto"},"schema":{"@context":"https:\/\/schema.org","@graph":[{"@type":"WebPage","@id":"https:\/\/unitgames.com.ar\/pc-gamer\/producto\/teclado-mecanico-raptor-fireclaw-m104-blanco\/","url":"https:\/\/unitgames.com.ar\/pc-gamer\/producto\/teclado-mecanico-raptor-fireclaw-m104-blanco\/","name":"Teclado Mecanico RAPTOR Fireclaw M104 Blanco - UnitGames","isPartOf":{"@id":"https:\/\/unitgames.com.ar\/pc-gamer\/#website"},"primaryImageOfPage":{"@id":"https:\/\/unitgames.com.ar\/pc-gamer\/producto\/teclado-mecanico-raptor-fireclaw-m104-blanco\/#primaryimage"},"image":{"@id":"https:\/\/unitgames.com.ar\/pc-gamer\/producto\/teclado-mecanico-raptor-fireclaw-m104-blanco\/#primaryimage"},"thumbnailUrl":"https:\/\/unitgames.com.ar\/pc-gamer\/wp-content\/uploads\/2026\/03\/Teclado-Mecanico-RAPTOR-Fireclaw-M104-Blanco.png","datePublished":"2026-03-10T15:36:16+00:00","dateModified":"2026-03-13T05:08:19+00:00","breadcrumb":{"@id":"https:\/\/unitgames.com.ar\/pc-gamer\/producto\/teclado-mecanico-raptor-fireclaw-m104-blanco\/#breadcrumb"},"inLanguage":"es","potentialAction":[{"@type":"ReadAction","target":["https:\/\/unitgames.com.ar\/pc-gamer\/producto\/teclado-mecanico-raptor-fireclaw-m104-blanco\/"]}]},{"@type":"ImageObject","inLanguage":"es","@id":"https:\/\/unitgames.com.ar\/pc-gamer\/producto\/teclado-mecanico-raptor-fireclaw-m104-blanco\/#primaryimage","url":"https:\/\/unitgames.com.ar\/pc-gamer\/wp-content\/uploads\/2026\/03\/Teclado-Mecanico-RAPTOR-Fireclaw-M104-Blanco.png","contentUrl":"https:\/\/unitgames.com.ar\/pc-gamer\/wp-content\/uploads\/2026\/03\/Teclado-Mecanico-RAPTOR-Fireclaw-M104-Blanco.png","width":1273,"height":1286},{"@type":"BreadcrumbList","@id":"https:\/\/unitgames.com.ar\/pc-gamer\/producto\/teclado-mecanico-raptor-fireclaw-m104-blanco\/#breadcrumb","itemListElement":[{"@type":"ListItem","position":1,"name":"Tienda","item":"https:\/\/unitgames.com.ar\/pc-gamer\/tienda\/"},{"@type":"ListItem","position":2,"name":"Teclado Mecanico RAPTOR Fireclaw M104 Blanco"}]},{"@type":"WebSite","@id":"https:\/\/unitgames.com.ar\/pc-gamer\/#website","url":"https:\/\/unitgames.com.ar\/pc-gamer\/","name":"UnitGames","description":"Venta de PC Gamers, Consolas , Servicio Tecnico Especializado. Todos en Accesorios Informaticos y Gamers","publisher":{"@id":"https:\/\/unitgames.com.ar\/pc-gamer\/#organization"},"potentialAction":[{"@type":"SearchAction","target":{"@type":"EntryPoint","urlTemplate":"https:\/\/unitgames.com.ar\/pc-gamer\/?s={search_term_string}"},"query-input":{"@type":"PropertyValueSpecification","valueRequired":true,"valueName":"search_term_string"}}],"inLanguage":"es"},{"@type":"Organization","@id":"https:\/\/unitgames.com.ar\/pc-gamer\/#organization","name":"UnitGames","url":"https:\/\/unitgames.com.ar\/pc-gamer\/","logo":{"@type":"ImageObject","inLanguage":"es","@id":"https:\/\/unitgames.com.ar\/pc-gamer\/#\/schema\/logo\/image\/","url":"https:\/\/unitgames.com.ar\/pc-gamer\/wp-content\/uploads\/2021\/01\/cropped-logoUnitGames2.png","contentUrl":"https:\/\/unitgames.com.ar\/pc-gamer\/wp-content\/uploads\/2021\/01\/cropped-logoUnitGames2.png","width":152,"height":200,"caption":"UnitGames"},"image":{"@id":"https:\/\/unitgames.com.ar\/pc-gamer\/#\/schema\/logo\/image\/"}}]}},"_links":{"self":[{"href":"https:\/\/unitgames.com.ar\/pc-gamer\/wp-json\/wp\/v2\/product\/19846","targetHints":{"allow":["GET"]}}],"collection":[{"href":"https:\/\/unitgames.com.ar\/pc-gamer\/wp-json\/wp\/v2\/product"}],"about":[{"href":"https:\/\/unitgames.com.ar\/pc-gamer\/wp-json\/wp\/v2\/types\/product"}],"version-history":[{"count":0,"href":"https:\/\/unitgames.com.ar\/pc-gamer\/wp-json\/wp\/v2\/product\/19846\/revisions"}],"wp:featuredmedia":[{"embeddable":true,"href":"https:\/\/unitgames.com.ar\/pc-gamer\/wp-json\/wp\/v2\/media\/19893"}],"wp:attachment":[{"href":"https:\/\/unitgames.com.ar\/pc-gamer\/wp-json\/wp\/v2\/media?parent=19846"}],"wp:term":[{"taxonomy":"product_brand","embeddable":true,"href":"https:\/\/unitgames.com.ar\/pc-gamer\/wp-json\/wp\/v2\/product_brand?post=19846"},{"taxonomy":"product_cat","embeddable":true,"href":"https:\/\/unitgames.com.ar\/pc-gamer\/wp-json\/wp\/v2\/product_cat?post=19846"},{"taxonomy":"product_tag","embeddable":true,"href":"https:\/\/unitgames.com.ar\/pc-gamer\/wp-json\/wp\/v2\/product_tag?post=19846"}],"curies":[{"name":"wp","href":"https:\/\/api.w.org\/{rel}","templated":true}]}}