{"id":20026,"date":"2026-03-20T11:44:28","date_gmt":"2026-03-20T14:44:28","guid":{"rendered":"https:\/\/unitgames.com.ar\/pc-gamer\/?post_type=product&#038;p=20026"},"modified":"2026-03-21T18:24:41","modified_gmt":"2026-03-21T21:24:41","slug":"auriculares-bluetooth-xiaomi-redmi-buds-6-play-blanco","status":"publish","type":"product","link":"https:\/\/unitgames.com.ar\/pc-gamer\/producto\/auriculares-bluetooth-xiaomi-redmi-buds-6-play-blanco\/","title":{"rendered":"Auriculares Bluetooth XIAOMI Redmi Buds 6 Play Blanco"},"content":{"rendered":"<div class=\"sc-6658e434-1 flHXBD\">\n<p><span style=\"font-size: 1.7em; font-weight: bold;\">Xiaomi Redmi Buds 6 Active<\/span><\/p>\n<\/div>\n<div class=\"sc-9e6cc52e-0 lhEMAk\">\n<h2>Especificaciones de Xiaomi Redmi Buds 6 Play<\/h2>\n<p>&nbsp;<\/p>\n<p>Forma del producto: Auriculares con forma de grano<br \/>\nModelo: M2420E1<br \/>\nColor: consultar diponibilidad | , Blanco,<br \/>\nRango de respuesta de frecuencia: 20Hz~20KHz<\/p>\n<h3>Dimensiones y peso de Xiaomi Redmi Buds 6 Play<\/h3>\n<p>&nbsp;<\/p>\n<p>Peso de un solo auricular: 3.6 g<br \/>\nDimensiones de un solo auricular: L20.6<em>W14.5<\/em>H22 mm<br \/>\nPeso del estuche de carga: 32.8 g<br \/>\nDimensiones del estuche de carga: L53.9<em>W53.9<\/em>H27.4 mm<br \/>\nPeso total: 40.0 g<\/p>\n<h3>Carga de de Xiaomi Redmi Buds 6 Play<\/h3>\n<p>Capacidad de la bater\u00eda: Auriculares: 57 mAh | Estuche de carga: 600 mAh<br \/>\nPuerto de carga: TYPE-C<br \/>\nPar\u00e1metros de entrada del auricular: 5V 170mA<br \/>\nPar\u00e1metros de entrada del estuche de carga: 5V 800mA<br \/>\nPar\u00e1metros de salida del estuche de carga: 5V 340mA<br \/>\nDuraci\u00f3n de la bater\u00eda: Duraci\u00f3n de la bater\u00eda con una sola carga 5 horas | Duraci\u00f3n de la bater\u00eda con estuche de carga 15 horas<\/p>\n<h4>Conexi\u00f3n de Xiaomi Redmi Buds 6 Play<\/h4>\n<p>Conexi\u00f3n inal\u00e1mbrica: Bluetooth\u00ae 5.4<br \/>\nProtocolos Bluetooth: Bluetooth\u00ae Low Energy \/ HFP \/ A2DP \/ AVRCP<br \/>\nAlcance de comunicaci\u00f3n: 10 m (espacio libre sin obst\u00e1culos)<\/p>\n<p>Impedancia del altavoz: 16 \u03a9 Potencia nominal 5 mW Potencia m\u00e1xima 10 mW<\/p>\n<h2>Contenido del paquete de Xiaomi Redmi Buds 6 Play<\/h2>\n<p>Redmi Buds 6 Play \u00d71 | Estuche de carga x 1 | Manual de usuario x 1 | Tapa de oreja S x 1 | Tapa de oreja L x 1<\/p>\n<\/div>\n","protected":false},"excerpt":{"rendered":"<p>Xiaomi Redmi Buds 6 Active Especificaciones de Xiaomi Redmi Buds 6 Play &nbsp; Forma del producto: Auriculares con forma de grano Modelo: M2420E1 Color: consultar diponibilidad | , Blanco, Rango de respuesta de frecuencia: 20Hz~20KHz Dimensiones y peso de Xiaomi Redmi Buds 6 Play &nbsp; Peso de un solo auricular: 3.6 g Dimensiones de un solo auricular: L20.6W14.5H22 mm Peso del estuche de carga: 32.8 g Dimensiones del estuche de carga: L53.9W53.9H27.4 mm Peso total: 40.0 g Carga de de Xiaomi Redmi Buds 6 Play Capacidad de la bater\u00eda: Auriculares: 57 mAh | Estuche de carga: 600 mAh Puerto de carga: TYPE-C Par\u00e1metros de entrada del auricular: 5V 170mA Par\u00e1metros de entrada del estuche de carga: 5V 800mA Par\u00e1metros de salida del estuche de carga: 5V 340mA Duraci\u00f3n de la bater\u00eda: Duraci\u00f3n de la bater\u00eda con una sola carga 5 horas | Duraci\u00f3n de la bater\u00eda con estuche de carga 15 horas Conexi\u00f3n de Xiaomi Redmi Buds 6 Play Conexi\u00f3n inal\u00e1mbrica: Bluetooth\u00ae 5.4 Protocolos Bluetooth: Bluetooth\u00ae Low Energy \/ HFP \/ A2DP \/ AVRCP Alcance de comunicaci\u00f3n: 10 m (espacio libre sin obst\u00e1culos) Impedancia del altavoz: 16 \u03a9 Potencia nominal 5 mW Potencia m\u00e1xima 10 mW Contenido del paquete de Xiaomi Redmi Buds 6 Play Redmi Buds 6 Play \u00d71 | Estuche de carga x 1 | Manual de usuario x 1 | Tapa de oreja S x 1 | Tapa de oreja L x 1<\/p>\n","protected":false},"featured_media":20084,"template":"","meta":{"site-sidebar-layout":"default","site-content-layout":"","ast-site-content-layout":"default","site-content-style":"default","site-sidebar-style":"default","ast-global-header-display":"","ast-banner-title-visibility":"","ast-main-header-display":"","ast-hfb-above-header-display":"","ast-hfb-below-header-display":"","ast-hfb-mobile-header-display":"","site-post-title":"","ast-breadcrumbs-content":"","ast-featured-img":"","footer-sml-layout":"","theme-transparent-header-meta":"default","adv-header-id-meta":"","stick-header-meta":"","header-above-stick-meta":"","header-main-stick-meta":"","header-below-stick-meta":"","astra-migrate-meta-layouts":"set","ast-page-background-enabled":"default","ast-page-background-meta":{"desktop":{"background-color":"var(--ast-global-color-5)","background-image":"","background-repeat":"repeat","background-position":"center center","background-size":"auto","background-attachment":"scroll","background-type":"","background-media":"","overlay-type":"","overlay-color":"","overlay-opacity":"","overlay-gradient":""},"tablet":{"background-color":"","background-image":"","background-repeat":"repeat","background-position":"center center","background-size":"auto","background-attachment":"scroll","background-type":"","background-media":"","overlay-type":"","overlay-color":"","overlay-opacity":"","overlay-gradient":""},"mobile":{"background-color":"","background-image":"","background-repeat":"repeat","background-position":"center center","background-size":"auto","background-attachment":"scroll","background-type":"","background-media":"","overlay-type":"","overlay-color":"","overlay-opacity":"","overlay-gradient":""}},"ast-content-background-meta":{"desktop":{"background-color":"var(--ast-global-color-4)","background-image":"","background-repeat":"repeat","background-position":"center center","background-size":"auto","background-attachment":"scroll","background-type":"","background-media":"","overlay-type":"","overlay-color":"","overlay-opacity":"","overlay-gradient":""},"tablet":{"background-color":"var(--ast-global-color-4)","background-image":"","background-repeat":"repeat","background-position":"center center","background-size":"auto","background-attachment":"scroll","background-type":"","background-media":"","overlay-type":"","overlay-color":"","overlay-opacity":"","overlay-gradient":""},"mobile":{"background-color":"var(--ast-global-color-4)","background-image":"","background-repeat":"repeat","background-position":"center center","background-size":"auto","background-attachment":"scroll","background-type":"","background-media":"","overlay-type":"","overlay-color":"","overlay-opacity":"","overlay-gradient":""}},"_joinchat":[]},"product_brand":[],"product_cat":[60],"product_tag":[],"class_list":{"0":"post-20026","1":"product","2":"type-product","3":"status-publish","4":"has-post-thumbnail","6":"product_cat-auriculares-bluetooth","7":"desktop-align-center","8":"tablet-align-left","9":"mobile-align-left","11":"first","12":"instock","13":"shipping-taxable","14":"purchasable","15":"product-type-simple"},"yoast_head":"<!-- This site is optimized with the Yoast SEO plugin v27.3 - https:\/\/yoast.com\/product\/yoast-seo-wordpress\/ -->\n<title>Auriculares Bluetooth XIAOMI Redmi Buds 6 Play Blanco - UnitGames<\/title>\n<meta name=\"robots\" content=\"index, follow, max-snippet:-1, max-image-preview:large, max-video-preview:-1\" \/>\n<link rel=\"canonical\" href=\"https:\/\/unitgames.com.ar\/pc-gamer\/producto\/auriculares-bluetooth-xiaomi-redmi-buds-6-play-blanco\/\" \/>\n<meta property=\"og:locale\" content=\"es_ES\" \/>\n<meta property=\"og:type\" content=\"article\" \/>\n<meta property=\"og:title\" content=\"Auriculares Bluetooth XIAOMI Redmi Buds 6 Play Blanco - UnitGames\" \/>\n<meta property=\"og:description\" content=\"Xiaomi Redmi Buds 6 Active Especificaciones de Xiaomi Redmi Buds 6 Play &nbsp; Forma del producto: Auriculares con forma de grano Modelo: M2420E1 Color: consultar diponibilidad | , Blanco, Rango de respuesta de frecuencia: 20Hz~20KHz Dimensiones y peso de Xiaomi Redmi Buds 6 Play &nbsp; Peso de un solo auricular: 3.6 g Dimensiones de un solo auricular: L20.6W14.5H22 mm Peso del estuche de carga: 32.8 g Dimensiones del estuche de carga: L53.9W53.9H27.4 mm Peso total: 40.0 g Carga de de Xiaomi Redmi Buds 6 Play Capacidad de la bater\u00eda: Auriculares: 57 mAh | Estuche de carga: 600 mAh Puerto de carga: TYPE-C Par\u00e1metros de entrada del auricular: 5V 170mA Par\u00e1metros de entrada del estuche de carga: 5V 800mA Par\u00e1metros de salida del estuche de carga: 5V 340mA Duraci\u00f3n de la bater\u00eda: Duraci\u00f3n de la bater\u00eda con una sola carga 5 horas | Duraci\u00f3n de la bater\u00eda con estuche de carga 15 horas Conexi\u00f3n de Xiaomi Redmi Buds 6 Play Conexi\u00f3n inal\u00e1mbrica: Bluetooth\u00ae 5.4 Protocolos Bluetooth: Bluetooth\u00ae Low Energy \/ HFP \/ A2DP \/ AVRCP Alcance de comunicaci\u00f3n: 10 m (espacio libre sin obst\u00e1culos) Impedancia del altavoz: 16 \u03a9 Potencia nominal 5 mW Potencia m\u00e1xima 10 mW Contenido del paquete de Xiaomi Redmi Buds 6 Play Redmi Buds 6 Play \u00d71 | Estuche de carga x 1 | Manual de usuario x 1 | Tapa de oreja S x 1 | Tapa de oreja L x 1\" \/>\n<meta property=\"og:url\" content=\"https:\/\/unitgames.com.ar\/pc-gamer\/producto\/auriculares-bluetooth-xiaomi-redmi-buds-6-play-blanco\/\" \/>\n<meta property=\"og:site_name\" content=\"UnitGames\" \/>\n<meta property=\"article:modified_time\" content=\"2026-03-21T21:24:41+00:00\" \/>\n<meta property=\"og:image\" content=\"https:\/\/unitgames.com.ar\/pc-gamer\/wp-content\/uploads\/2026\/03\/Auriculares-Bluetooth-XIAOMI-Redmi-Buds-6-Play-Blanco.png\" \/>\n\t<meta property=\"og:image:width\" content=\"1263\" \/>\n\t<meta property=\"og:image:height\" content=\"1286\" \/>\n\t<meta property=\"og:image:type\" content=\"image\/png\" \/>\n<meta name=\"twitter:card\" content=\"summary_large_image\" \/>\n<meta name=\"twitter:label1\" content=\"Tiempo de lectura\" \/>\n\t<meta name=\"twitter:data1\" content=\"2 minutos\" \/>\n<script type=\"application\/ld+json\" class=\"yoast-schema-graph\">{\"@context\":\"https:\\\/\\\/schema.org\",\"@graph\":[{\"@type\":\"WebPage\",\"@id\":\"https:\\\/\\\/unitgames.com.ar\\\/pc-gamer\\\/producto\\\/auriculares-bluetooth-xiaomi-redmi-buds-6-play-blanco\\\/\",\"url\":\"https:\\\/\\\/unitgames.com.ar\\\/pc-gamer\\\/producto\\\/auriculares-bluetooth-xiaomi-redmi-buds-6-play-blanco\\\/\",\"name\":\"Auriculares Bluetooth XIAOMI Redmi Buds 6 Play Blanco - UnitGames\",\"isPartOf\":{\"@id\":\"https:\\\/\\\/unitgames.com.ar\\\/pc-gamer\\\/#website\"},\"primaryImageOfPage\":{\"@id\":\"https:\\\/\\\/unitgames.com.ar\\\/pc-gamer\\\/producto\\\/auriculares-bluetooth-xiaomi-redmi-buds-6-play-blanco\\\/#primaryimage\"},\"image\":{\"@id\":\"https:\\\/\\\/unitgames.com.ar\\\/pc-gamer\\\/producto\\\/auriculares-bluetooth-xiaomi-redmi-buds-6-play-blanco\\\/#primaryimage\"},\"thumbnailUrl\":\"https:\\\/\\\/unitgames.com.ar\\\/pc-gamer\\\/wp-content\\\/uploads\\\/2026\\\/03\\\/Auriculares-Bluetooth-XIAOMI-Redmi-Buds-6-Play-Blanco.png\",\"datePublished\":\"2026-03-20T14:44:28+00:00\",\"dateModified\":\"2026-03-21T21:24:41+00:00\",\"breadcrumb\":{\"@id\":\"https:\\\/\\\/unitgames.com.ar\\\/pc-gamer\\\/producto\\\/auriculares-bluetooth-xiaomi-redmi-buds-6-play-blanco\\\/#breadcrumb\"},\"inLanguage\":\"es\",\"potentialAction\":[{\"@type\":\"ReadAction\",\"target\":[\"https:\\\/\\\/unitgames.com.ar\\\/pc-gamer\\\/producto\\\/auriculares-bluetooth-xiaomi-redmi-buds-6-play-blanco\\\/\"]}]},{\"@type\":\"ImageObject\",\"inLanguage\":\"es\",\"@id\":\"https:\\\/\\\/unitgames.com.ar\\\/pc-gamer\\\/producto\\\/auriculares-bluetooth-xiaomi-redmi-buds-6-play-blanco\\\/#primaryimage\",\"url\":\"https:\\\/\\\/unitgames.com.ar\\\/pc-gamer\\\/wp-content\\\/uploads\\\/2026\\\/03\\\/Auriculares-Bluetooth-XIAOMI-Redmi-Buds-6-Play-Blanco.png\",\"contentUrl\":\"https:\\\/\\\/unitgames.com.ar\\\/pc-gamer\\\/wp-content\\\/uploads\\\/2026\\\/03\\\/Auriculares-Bluetooth-XIAOMI-Redmi-Buds-6-Play-Blanco.png\",\"width\":1263,\"height\":1286},{\"@type\":\"BreadcrumbList\",\"@id\":\"https:\\\/\\\/unitgames.com.ar\\\/pc-gamer\\\/producto\\\/auriculares-bluetooth-xiaomi-redmi-buds-6-play-blanco\\\/#breadcrumb\",\"itemListElement\":[{\"@type\":\"ListItem\",\"position\":1,\"name\":\"Tienda\",\"item\":\"https:\\\/\\\/unitgames.com.ar\\\/pc-gamer\\\/tienda\\\/\"},{\"@type\":\"ListItem\",\"position\":2,\"name\":\"Auriculares Bluetooth XIAOMI Redmi Buds 6 Play Blanco\"}]},{\"@type\":\"WebSite\",\"@id\":\"https:\\\/\\\/unitgames.com.ar\\\/pc-gamer\\\/#website\",\"url\":\"https:\\\/\\\/unitgames.com.ar\\\/pc-gamer\\\/\",\"name\":\"UnitGames\",\"description\":\"Venta de PC Gamers, Consolas , Servicio Tecnico Especializado. Todos en Accesorios Informaticos y Gamers\",\"publisher\":{\"@id\":\"https:\\\/\\\/unitgames.com.ar\\\/pc-gamer\\\/#organization\"},\"potentialAction\":[{\"@type\":\"SearchAction\",\"target\":{\"@type\":\"EntryPoint\",\"urlTemplate\":\"https:\\\/\\\/unitgames.com.ar\\\/pc-gamer\\\/?s={search_term_string}\"},\"query-input\":{\"@type\":\"PropertyValueSpecification\",\"valueRequired\":true,\"valueName\":\"search_term_string\"}}],\"inLanguage\":\"es\"},{\"@type\":\"Organization\",\"@id\":\"https:\\\/\\\/unitgames.com.ar\\\/pc-gamer\\\/#organization\",\"name\":\"UnitGames\",\"url\":\"https:\\\/\\\/unitgames.com.ar\\\/pc-gamer\\\/\",\"logo\":{\"@type\":\"ImageObject\",\"inLanguage\":\"es\",\"@id\":\"https:\\\/\\\/unitgames.com.ar\\\/pc-gamer\\\/#\\\/schema\\\/logo\\\/image\\\/\",\"url\":\"https:\\\/\\\/unitgames.com.ar\\\/pc-gamer\\\/wp-content\\\/uploads\\\/2021\\\/01\\\/cropped-logoUnitGames2.png\",\"contentUrl\":\"https:\\\/\\\/unitgames.com.ar\\\/pc-gamer\\\/wp-content\\\/uploads\\\/2021\\\/01\\\/cropped-logoUnitGames2.png\",\"width\":152,\"height\":200,\"caption\":\"UnitGames\"},\"image\":{\"@id\":\"https:\\\/\\\/unitgames.com.ar\\\/pc-gamer\\\/#\\\/schema\\\/logo\\\/image\\\/\"}}]}<\/script>\n<!-- \/ Yoast SEO plugin. -->","yoast_head_json":{"title":"Auriculares Bluetooth XIAOMI Redmi Buds 6 Play Blanco - UnitGames","robots":{"index":"index","follow":"follow","max-snippet":"max-snippet:-1","max-image-preview":"max-image-preview:large","max-video-preview":"max-video-preview:-1"},"canonical":"https:\/\/unitgames.com.ar\/pc-gamer\/producto\/auriculares-bluetooth-xiaomi-redmi-buds-6-play-blanco\/","og_locale":"es_ES","og_type":"article","og_title":"Auriculares Bluetooth XIAOMI Redmi Buds 6 Play Blanco - UnitGames","og_description":"Xiaomi Redmi Buds 6 Active Especificaciones de Xiaomi Redmi Buds 6 Play &nbsp; Forma del producto: Auriculares con forma de grano Modelo: M2420E1 Color: consultar diponibilidad | , Blanco, Rango de respuesta de frecuencia: 20Hz~20KHz Dimensiones y peso de Xiaomi Redmi Buds 6 Play &nbsp; Peso de un solo auricular: 3.6 g Dimensiones de un solo auricular: L20.6W14.5H22 mm Peso del estuche de carga: 32.8 g Dimensiones del estuche de carga: L53.9W53.9H27.4 mm Peso total: 40.0 g Carga de de Xiaomi Redmi Buds 6 Play Capacidad de la bater\u00eda: Auriculares: 57 mAh | Estuche de carga: 600 mAh Puerto de carga: TYPE-C Par\u00e1metros de entrada del auricular: 5V 170mA Par\u00e1metros de entrada del estuche de carga: 5V 800mA Par\u00e1metros de salida del estuche de carga: 5V 340mA Duraci\u00f3n de la bater\u00eda: Duraci\u00f3n de la bater\u00eda con una sola carga 5 horas | Duraci\u00f3n de la bater\u00eda con estuche de carga 15 horas Conexi\u00f3n de Xiaomi Redmi Buds 6 Play Conexi\u00f3n inal\u00e1mbrica: Bluetooth\u00ae 5.4 Protocolos Bluetooth: Bluetooth\u00ae Low Energy \/ HFP \/ A2DP \/ AVRCP Alcance de comunicaci\u00f3n: 10 m (espacio libre sin obst\u00e1culos) Impedancia del altavoz: 16 \u03a9 Potencia nominal 5 mW Potencia m\u00e1xima 10 mW Contenido del paquete de Xiaomi Redmi Buds 6 Play Redmi Buds 6 Play \u00d71 | Estuche de carga x 1 | Manual de usuario x 1 | Tapa de oreja S x 1 | Tapa de oreja L x 1","og_url":"https:\/\/unitgames.com.ar\/pc-gamer\/producto\/auriculares-bluetooth-xiaomi-redmi-buds-6-play-blanco\/","og_site_name":"UnitGames","article_modified_time":"2026-03-21T21:24:41+00:00","og_image":[{"width":1263,"height":1286,"url":"https:\/\/unitgames.com.ar\/pc-gamer\/wp-content\/uploads\/2026\/03\/Auriculares-Bluetooth-XIAOMI-Redmi-Buds-6-Play-Blanco.png","type":"image\/png"}],"twitter_card":"summary_large_image","twitter_misc":{"Tiempo de lectura":"2 minutos"},"schema":{"@context":"https:\/\/schema.org","@graph":[{"@type":"WebPage","@id":"https:\/\/unitgames.com.ar\/pc-gamer\/producto\/auriculares-bluetooth-xiaomi-redmi-buds-6-play-blanco\/","url":"https:\/\/unitgames.com.ar\/pc-gamer\/producto\/auriculares-bluetooth-xiaomi-redmi-buds-6-play-blanco\/","name":"Auriculares Bluetooth XIAOMI Redmi Buds 6 Play Blanco - UnitGames","isPartOf":{"@id":"https:\/\/unitgames.com.ar\/pc-gamer\/#website"},"primaryImageOfPage":{"@id":"https:\/\/unitgames.com.ar\/pc-gamer\/producto\/auriculares-bluetooth-xiaomi-redmi-buds-6-play-blanco\/#primaryimage"},"image":{"@id":"https:\/\/unitgames.com.ar\/pc-gamer\/producto\/auriculares-bluetooth-xiaomi-redmi-buds-6-play-blanco\/#primaryimage"},"thumbnailUrl":"https:\/\/unitgames.com.ar\/pc-gamer\/wp-content\/uploads\/2026\/03\/Auriculares-Bluetooth-XIAOMI-Redmi-Buds-6-Play-Blanco.png","datePublished":"2026-03-20T14:44:28+00:00","dateModified":"2026-03-21T21:24:41+00:00","breadcrumb":{"@id":"https:\/\/unitgames.com.ar\/pc-gamer\/producto\/auriculares-bluetooth-xiaomi-redmi-buds-6-play-blanco\/#breadcrumb"},"inLanguage":"es","potentialAction":[{"@type":"ReadAction","target":["https:\/\/unitgames.com.ar\/pc-gamer\/producto\/auriculares-bluetooth-xiaomi-redmi-buds-6-play-blanco\/"]}]},{"@type":"ImageObject","inLanguage":"es","@id":"https:\/\/unitgames.com.ar\/pc-gamer\/producto\/auriculares-bluetooth-xiaomi-redmi-buds-6-play-blanco\/#primaryimage","url":"https:\/\/unitgames.com.ar\/pc-gamer\/wp-content\/uploads\/2026\/03\/Auriculares-Bluetooth-XIAOMI-Redmi-Buds-6-Play-Blanco.png","contentUrl":"https:\/\/unitgames.com.ar\/pc-gamer\/wp-content\/uploads\/2026\/03\/Auriculares-Bluetooth-XIAOMI-Redmi-Buds-6-Play-Blanco.png","width":1263,"height":1286},{"@type":"BreadcrumbList","@id":"https:\/\/unitgames.com.ar\/pc-gamer\/producto\/auriculares-bluetooth-xiaomi-redmi-buds-6-play-blanco\/#breadcrumb","itemListElement":[{"@type":"ListItem","position":1,"name":"Tienda","item":"https:\/\/unitgames.com.ar\/pc-gamer\/tienda\/"},{"@type":"ListItem","position":2,"name":"Auriculares Bluetooth XIAOMI Redmi Buds 6 Play Blanco"}]},{"@type":"WebSite","@id":"https:\/\/unitgames.com.ar\/pc-gamer\/#website","url":"https:\/\/unitgames.com.ar\/pc-gamer\/","name":"UnitGames","description":"Venta de PC Gamers, Consolas , Servicio Tecnico Especializado. Todos en Accesorios Informaticos y Gamers","publisher":{"@id":"https:\/\/unitgames.com.ar\/pc-gamer\/#organization"},"potentialAction":[{"@type":"SearchAction","target":{"@type":"EntryPoint","urlTemplate":"https:\/\/unitgames.com.ar\/pc-gamer\/?s={search_term_string}"},"query-input":{"@type":"PropertyValueSpecification","valueRequired":true,"valueName":"search_term_string"}}],"inLanguage":"es"},{"@type":"Organization","@id":"https:\/\/unitgames.com.ar\/pc-gamer\/#organization","name":"UnitGames","url":"https:\/\/unitgames.com.ar\/pc-gamer\/","logo":{"@type":"ImageObject","inLanguage":"es","@id":"https:\/\/unitgames.com.ar\/pc-gamer\/#\/schema\/logo\/image\/","url":"https:\/\/unitgames.com.ar\/pc-gamer\/wp-content\/uploads\/2021\/01\/cropped-logoUnitGames2.png","contentUrl":"https:\/\/unitgames.com.ar\/pc-gamer\/wp-content\/uploads\/2021\/01\/cropped-logoUnitGames2.png","width":152,"height":200,"caption":"UnitGames"},"image":{"@id":"https:\/\/unitgames.com.ar\/pc-gamer\/#\/schema\/logo\/image\/"}}]}},"_links":{"self":[{"href":"https:\/\/unitgames.com.ar\/pc-gamer\/wp-json\/wp\/v2\/product\/20026","targetHints":{"allow":["GET"]}}],"collection":[{"href":"https:\/\/unitgames.com.ar\/pc-gamer\/wp-json\/wp\/v2\/product"}],"about":[{"href":"https:\/\/unitgames.com.ar\/pc-gamer\/wp-json\/wp\/v2\/types\/product"}],"version-history":[{"count":0,"href":"https:\/\/unitgames.com.ar\/pc-gamer\/wp-json\/wp\/v2\/product\/20026\/revisions"}],"wp:featuredmedia":[{"embeddable":true,"href":"https:\/\/unitgames.com.ar\/pc-gamer\/wp-json\/wp\/v2\/media\/20084"}],"wp:attachment":[{"href":"https:\/\/unitgames.com.ar\/pc-gamer\/wp-json\/wp\/v2\/media?parent=20026"}],"wp:term":[{"taxonomy":"product_brand","embeddable":true,"href":"https:\/\/unitgames.com.ar\/pc-gamer\/wp-json\/wp\/v2\/product_brand?post=20026"},{"taxonomy":"product_cat","embeddable":true,"href":"https:\/\/unitgames.com.ar\/pc-gamer\/wp-json\/wp\/v2\/product_cat?post=20026"},{"taxonomy":"product_tag","embeddable":true,"href":"https:\/\/unitgames.com.ar\/pc-gamer\/wp-json\/wp\/v2\/product_tag?post=20026"}],"curies":[{"name":"wp","href":"https:\/\/api.w.org\/{rel}","templated":true}]}}