{"id":21087,"date":"2026-05-01T10:09:56","date_gmt":"2026-05-01T13:09:56","guid":{"rendered":"https:\/\/unitgames.com.ar\/pc-gamer\/?post_type=product&#038;p=21087"},"modified":"2026-05-01T10:17:30","modified_gmt":"2026-05-01T13:17:30","slug":"teclado-mecanico-t-dagger-naxos-black-grey-t-tgk310bg","status":"publish","type":"product","link":"https:\/\/unitgames.com.ar\/pc-gamer\/producto\/teclado-mecanico-t-dagger-naxos-black-grey-t-tgk310bg\/","title":{"rendered":"Teclado Mecanico T-DAGGER Naxos Black \/ Grey"},"content":{"rendered":"<p>El <strong>Teclado T-DAGGER NAXOS T-TGK310BG Negro \/ Gris Rainbow<\/strong> es una excelente opci\u00f3n para quienes buscan <strong>comodidad, durabilidad y estilo gamer<\/strong> a un precio accesible. Su dise\u00f1o de <b>mecanico <\/b>ofrece una escritura silenciosa y confortable, ideal para largas sesiones de uso.<\/p>\n<p>Cuenta con <strong>iluminaci\u00f3n Rainbow<\/strong> que aporta un look gamer atractivo, junto con una estructura resistente pensada para el uso diario. Es perfecto tanto para jugar como para trabajar, brindando una experiencia equilibrada y confiable.<\/p>\n<p>&nbsp;<\/p>\n<h3>Caracter\u00edsticas destacadas<\/h3>\n<p>&nbsp;<\/p>\n<ul>\n<li>Teclado de Mecanico c\u00f3modo y silencioso<\/li>\n<li>Iluminaci\u00f3n Rainbow con estilo gamer<\/li>\n<li>Dise\u00f1o resistente para uso prolongado<\/li>\n<li>Teclas de perfil c\u00f3modo para escritura<\/li>\n<li>Conexi\u00f3n USB Plug &amp; Play<\/li>\n<li>Ideal para gaming y uso diario<\/li>\n<\/ul>\n<p>&nbsp;<\/p>\n<h3>Especificaciones t\u00e9cnicas<\/h3>\n<hr \/>\n<ul>\n<li><strong>Marca:<\/strong> T-Dagger<\/li>\n<li><strong>Modelo:<\/strong> T-TGK310BG (Naxos)<\/li>\n<li><strong>Tipo:<\/strong> Teclado de Mecanico de 140 Teclas<\/li>\n<li><strong>Iluminaci\u00f3n:<\/strong> Rainbow<\/li>\n<li><strong>Conectividad:<\/strong> USB<\/li>\n<li><strong>Distribuci\u00f3n:<\/strong> Espa\u00f1ol<\/li>\n<li><strong>Compatibilidad:<\/strong> PC<\/li>\n<\/ul>\n","protected":false},"excerpt":{"rendered":"<p>El Teclado T-DAGGER NAXOS T-TGK310BG Negro \/ Gris Rainbow es una excelente opci\u00f3n para quienes buscan comodidad, durabilidad y estilo gamer a un precio accesible. Su dise\u00f1o de mecanico ofrece una escritura silenciosa y confortable, ideal para largas sesiones de uso. Cuenta con iluminaci\u00f3n Rainbow que aporta un look gamer atractivo, junto con una estructura resistente pensada para el uso diario. Es perfecto tanto para jugar como para trabajar, brindando una experiencia equilibrada y confiable. &nbsp; Caracter\u00edsticas destacadas &nbsp; Teclado de Mecanico c\u00f3modo y silencioso Iluminaci\u00f3n Rainbow con estilo gamer Dise\u00f1o resistente para uso prolongado Teclas de perfil c\u00f3modo para escritura Conexi\u00f3n USB Plug &amp; Play Ideal para gaming y uso diario &nbsp; Especificaciones t\u00e9cnicas Marca: T-Dagger Modelo: T-TGK310BG (Naxos) Tipo: Teclado de Mecanico de 140 Teclas Iluminaci\u00f3n: Rainbow Conectividad: USB Distribuci\u00f3n: Espa\u00f1ol Compatibilidad: PC<\/p>\n","protected":false},"featured_media":0,"template":"","meta":{"site-sidebar-layout":"default","site-content-layout":"","ast-site-content-layout":"default","site-content-style":"default","site-sidebar-style":"default","ast-global-header-display":"","ast-banner-title-visibility":"","ast-main-header-display":"","ast-hfb-above-header-display":"","ast-hfb-below-header-display":"","ast-hfb-mobile-header-display":"","site-post-title":"","ast-breadcrumbs-content":"","ast-featured-img":"","footer-sml-layout":"","theme-transparent-header-meta":"default","adv-header-id-meta":"","stick-header-meta":"","header-above-stick-meta":"","header-main-stick-meta":"","header-below-stick-meta":"","astra-migrate-meta-layouts":"set","ast-page-background-enabled":"default","ast-page-background-meta":{"desktop":{"background-color":"var(--ast-global-color-5)","background-image":"","background-repeat":"repeat","background-position":"center center","background-size":"auto","background-attachment":"scroll","background-type":"","background-media":"","overlay-type":"","overlay-color":"","overlay-opacity":"","overlay-gradient":""},"tablet":{"background-color":"","background-image":"","background-repeat":"repeat","background-position":"center center","background-size":"auto","background-attachment":"scroll","background-type":"","background-media":"","overlay-type":"","overlay-color":"","overlay-opacity":"","overlay-gradient":""},"mobile":{"background-color":"","background-image":"","background-repeat":"repeat","background-position":"center center","background-size":"auto","background-attachment":"scroll","background-type":"","background-media":"","overlay-type":"","overlay-color":"","overlay-opacity":"","overlay-gradient":""}},"ast-content-background-meta":{"desktop":{"background-color":"var(--ast-global-color-4)","background-image":"","background-repeat":"repeat","background-position":"center center","background-size":"auto","background-attachment":"scroll","background-type":"","background-media":"","overlay-type":"","overlay-color":"","overlay-opacity":"","overlay-gradient":""},"tablet":{"background-color":"var(--ast-global-color-4)","background-image":"","background-repeat":"repeat","background-position":"center center","background-size":"auto","background-attachment":"scroll","background-type":"","background-media":"","overlay-type":"","overlay-color":"","overlay-opacity":"","overlay-gradient":""},"mobile":{"background-color":"var(--ast-global-color-4)","background-image":"","background-repeat":"repeat","background-position":"center center","background-size":"auto","background-attachment":"scroll","background-type":"","background-media":"","overlay-type":"","overlay-color":"","overlay-opacity":"","overlay-gradient":""}},"_joinchat":[]},"product_brand":[],"product_cat":[92],"product_tag":[],"class_list":{"0":"post-21087","1":"product","2":"type-product","3":"status-publish","5":"product_cat-teclados-mecanicos","6":"desktop-align-center","7":"tablet-align-left","8":"mobile-align-left","10":"first","11":"instock","12":"shipping-taxable","13":"purchasable","14":"product-type-simple"},"yoast_head":"<!-- This site is optimized with the Yoast SEO plugin v27.5 - https:\/\/yoast.com\/product\/yoast-seo-wordpress\/ -->\n<title>Teclado Mecanico T-DAGGER Naxos Black \/ Grey - UnitGames<\/title>\n<meta name=\"robots\" content=\"index, follow, max-snippet:-1, max-image-preview:large, max-video-preview:-1\" \/>\n<link rel=\"canonical\" href=\"https:\/\/unitgames.com.ar\/pc-gamer\/producto\/teclado-mecanico-t-dagger-naxos-black-grey-t-tgk310bg\/\" \/>\n<meta property=\"og:locale\" content=\"es_ES\" \/>\n<meta property=\"og:type\" content=\"article\" \/>\n<meta property=\"og:title\" content=\"Teclado Mecanico T-DAGGER Naxos Black \/ Grey - UnitGames\" \/>\n<meta property=\"og:description\" content=\"El Teclado T-DAGGER NAXOS T-TGK310BG Negro \/ Gris Rainbow es una excelente opci\u00f3n para quienes buscan comodidad, durabilidad y estilo gamer a un precio accesible. Su dise\u00f1o de mecanico ofrece una escritura silenciosa y confortable, ideal para largas sesiones de uso. Cuenta con iluminaci\u00f3n Rainbow que aporta un look gamer atractivo, junto con una estructura resistente pensada para el uso diario. Es perfecto tanto para jugar como para trabajar, brindando una experiencia equilibrada y confiable. &nbsp; Caracter\u00edsticas destacadas &nbsp; Teclado de Mecanico c\u00f3modo y silencioso Iluminaci\u00f3n Rainbow con estilo gamer Dise\u00f1o resistente para uso prolongado Teclas de perfil c\u00f3modo para escritura Conexi\u00f3n USB Plug &amp; Play Ideal para gaming y uso diario &nbsp; Especificaciones t\u00e9cnicas Marca: T-Dagger Modelo: T-TGK310BG (Naxos) Tipo: Teclado de Mecanico de 140 Teclas Iluminaci\u00f3n: Rainbow Conectividad: USB Distribuci\u00f3n: Espa\u00f1ol Compatibilidad: PC\" \/>\n<meta property=\"og:url\" content=\"https:\/\/unitgames.com.ar\/pc-gamer\/producto\/teclado-mecanico-t-dagger-naxos-black-grey-t-tgk310bg\/\" \/>\n<meta property=\"og:site_name\" content=\"UnitGames\" \/>\n<meta property=\"article:modified_time\" content=\"2026-05-01T13:17:30+00:00\" \/>\n<meta name=\"twitter:card\" content=\"summary_large_image\" \/>\n<meta name=\"twitter:label1\" content=\"Tiempo de lectura\" \/>\n\t<meta name=\"twitter:data1\" content=\"1 minuto\" \/>\n<script type=\"application\/ld+json\" class=\"yoast-schema-graph\">{\"@context\":\"https:\\\/\\\/schema.org\",\"@graph\":[{\"@type\":\"WebPage\",\"@id\":\"https:\\\/\\\/unitgames.com.ar\\\/pc-gamer\\\/producto\\\/teclado-mecanico-t-dagger-naxos-black-grey-t-tgk310bg\\\/\",\"url\":\"https:\\\/\\\/unitgames.com.ar\\\/pc-gamer\\\/producto\\\/teclado-mecanico-t-dagger-naxos-black-grey-t-tgk310bg\\\/\",\"name\":\"Teclado Mecanico T-DAGGER Naxos Black \\\/ Grey - UnitGames\",\"isPartOf\":{\"@id\":\"https:\\\/\\\/unitgames.com.ar\\\/pc-gamer\\\/#website\"},\"datePublished\":\"2026-05-01T13:09:56+00:00\",\"dateModified\":\"2026-05-01T13:17:30+00:00\",\"breadcrumb\":{\"@id\":\"https:\\\/\\\/unitgames.com.ar\\\/pc-gamer\\\/producto\\\/teclado-mecanico-t-dagger-naxos-black-grey-t-tgk310bg\\\/#breadcrumb\"},\"inLanguage\":\"es\",\"potentialAction\":[{\"@type\":\"ReadAction\",\"target\":[\"https:\\\/\\\/unitgames.com.ar\\\/pc-gamer\\\/producto\\\/teclado-mecanico-t-dagger-naxos-black-grey-t-tgk310bg\\\/\"]}]},{\"@type\":\"BreadcrumbList\",\"@id\":\"https:\\\/\\\/unitgames.com.ar\\\/pc-gamer\\\/producto\\\/teclado-mecanico-t-dagger-naxos-black-grey-t-tgk310bg\\\/#breadcrumb\",\"itemListElement\":[{\"@type\":\"ListItem\",\"position\":1,\"name\":\"Tienda\",\"item\":\"https:\\\/\\\/unitgames.com.ar\\\/pc-gamer\\\/tienda\\\/\"},{\"@type\":\"ListItem\",\"position\":2,\"name\":\"Teclado Mecanico T-DAGGER Naxos Black \\\/ Grey\"}]},{\"@type\":\"WebSite\",\"@id\":\"https:\\\/\\\/unitgames.com.ar\\\/pc-gamer\\\/#website\",\"url\":\"https:\\\/\\\/unitgames.com.ar\\\/pc-gamer\\\/\",\"name\":\"UnitGames\",\"description\":\"Venta de PC Gamers, Consolas , Servicio Tecnico Especializado. Todos en Accesorios Informaticos y Gamers\",\"publisher\":{\"@id\":\"https:\\\/\\\/unitgames.com.ar\\\/pc-gamer\\\/#organization\"},\"potentialAction\":[{\"@type\":\"SearchAction\",\"target\":{\"@type\":\"EntryPoint\",\"urlTemplate\":\"https:\\\/\\\/unitgames.com.ar\\\/pc-gamer\\\/?s={search_term_string}\"},\"query-input\":{\"@type\":\"PropertyValueSpecification\",\"valueRequired\":true,\"valueName\":\"search_term_string\"}}],\"inLanguage\":\"es\"},{\"@type\":\"Organization\",\"@id\":\"https:\\\/\\\/unitgames.com.ar\\\/pc-gamer\\\/#organization\",\"name\":\"UnitGames\",\"url\":\"https:\\\/\\\/unitgames.com.ar\\\/pc-gamer\\\/\",\"logo\":{\"@type\":\"ImageObject\",\"inLanguage\":\"es\",\"@id\":\"https:\\\/\\\/unitgames.com.ar\\\/pc-gamer\\\/#\\\/schema\\\/logo\\\/image\\\/\",\"url\":\"https:\\\/\\\/unitgames.com.ar\\\/pc-gamer\\\/wp-content\\\/uploads\\\/2021\\\/01\\\/cropped-logoUnitGames2.png\",\"contentUrl\":\"https:\\\/\\\/unitgames.com.ar\\\/pc-gamer\\\/wp-content\\\/uploads\\\/2021\\\/01\\\/cropped-logoUnitGames2.png\",\"width\":152,\"height\":200,\"caption\":\"UnitGames\"},\"image\":{\"@id\":\"https:\\\/\\\/unitgames.com.ar\\\/pc-gamer\\\/#\\\/schema\\\/logo\\\/image\\\/\"}}]}<\/script>\n<!-- \/ Yoast SEO plugin. -->","yoast_head_json":{"title":"Teclado Mecanico T-DAGGER Naxos Black \/ Grey - UnitGames","robots":{"index":"index","follow":"follow","max-snippet":"max-snippet:-1","max-image-preview":"max-image-preview:large","max-video-preview":"max-video-preview:-1"},"canonical":"https:\/\/unitgames.com.ar\/pc-gamer\/producto\/teclado-mecanico-t-dagger-naxos-black-grey-t-tgk310bg\/","og_locale":"es_ES","og_type":"article","og_title":"Teclado Mecanico T-DAGGER Naxos Black \/ Grey - UnitGames","og_description":"El Teclado T-DAGGER NAXOS T-TGK310BG Negro \/ Gris Rainbow es una excelente opci\u00f3n para quienes buscan comodidad, durabilidad y estilo gamer a un precio accesible. Su dise\u00f1o de mecanico ofrece una escritura silenciosa y confortable, ideal para largas sesiones de uso. Cuenta con iluminaci\u00f3n Rainbow que aporta un look gamer atractivo, junto con una estructura resistente pensada para el uso diario. Es perfecto tanto para jugar como para trabajar, brindando una experiencia equilibrada y confiable. &nbsp; Caracter\u00edsticas destacadas &nbsp; Teclado de Mecanico c\u00f3modo y silencioso Iluminaci\u00f3n Rainbow con estilo gamer Dise\u00f1o resistente para uso prolongado Teclas de perfil c\u00f3modo para escritura Conexi\u00f3n USB Plug &amp; Play Ideal para gaming y uso diario &nbsp; Especificaciones t\u00e9cnicas Marca: T-Dagger Modelo: T-TGK310BG (Naxos) Tipo: Teclado de Mecanico de 140 Teclas Iluminaci\u00f3n: Rainbow Conectividad: USB Distribuci\u00f3n: Espa\u00f1ol Compatibilidad: PC","og_url":"https:\/\/unitgames.com.ar\/pc-gamer\/producto\/teclado-mecanico-t-dagger-naxos-black-grey-t-tgk310bg\/","og_site_name":"UnitGames","article_modified_time":"2026-05-01T13:17:30+00:00","twitter_card":"summary_large_image","twitter_misc":{"Tiempo de lectura":"1 minuto"},"schema":{"@context":"https:\/\/schema.org","@graph":[{"@type":"WebPage","@id":"https:\/\/unitgames.com.ar\/pc-gamer\/producto\/teclado-mecanico-t-dagger-naxos-black-grey-t-tgk310bg\/","url":"https:\/\/unitgames.com.ar\/pc-gamer\/producto\/teclado-mecanico-t-dagger-naxos-black-grey-t-tgk310bg\/","name":"Teclado Mecanico T-DAGGER Naxos Black \/ Grey - UnitGames","isPartOf":{"@id":"https:\/\/unitgames.com.ar\/pc-gamer\/#website"},"datePublished":"2026-05-01T13:09:56+00:00","dateModified":"2026-05-01T13:17:30+00:00","breadcrumb":{"@id":"https:\/\/unitgames.com.ar\/pc-gamer\/producto\/teclado-mecanico-t-dagger-naxos-black-grey-t-tgk310bg\/#breadcrumb"},"inLanguage":"es","potentialAction":[{"@type":"ReadAction","target":["https:\/\/unitgames.com.ar\/pc-gamer\/producto\/teclado-mecanico-t-dagger-naxos-black-grey-t-tgk310bg\/"]}]},{"@type":"BreadcrumbList","@id":"https:\/\/unitgames.com.ar\/pc-gamer\/producto\/teclado-mecanico-t-dagger-naxos-black-grey-t-tgk310bg\/#breadcrumb","itemListElement":[{"@type":"ListItem","position":1,"name":"Tienda","item":"https:\/\/unitgames.com.ar\/pc-gamer\/tienda\/"},{"@type":"ListItem","position":2,"name":"Teclado Mecanico T-DAGGER Naxos Black \/ Grey"}]},{"@type":"WebSite","@id":"https:\/\/unitgames.com.ar\/pc-gamer\/#website","url":"https:\/\/unitgames.com.ar\/pc-gamer\/","name":"UnitGames","description":"Venta de PC Gamers, Consolas , Servicio Tecnico Especializado. Todos en Accesorios Informaticos y Gamers","publisher":{"@id":"https:\/\/unitgames.com.ar\/pc-gamer\/#organization"},"potentialAction":[{"@type":"SearchAction","target":{"@type":"EntryPoint","urlTemplate":"https:\/\/unitgames.com.ar\/pc-gamer\/?s={search_term_string}"},"query-input":{"@type":"PropertyValueSpecification","valueRequired":true,"valueName":"search_term_string"}}],"inLanguage":"es"},{"@type":"Organization","@id":"https:\/\/unitgames.com.ar\/pc-gamer\/#organization","name":"UnitGames","url":"https:\/\/unitgames.com.ar\/pc-gamer\/","logo":{"@type":"ImageObject","inLanguage":"es","@id":"https:\/\/unitgames.com.ar\/pc-gamer\/#\/schema\/logo\/image\/","url":"https:\/\/unitgames.com.ar\/pc-gamer\/wp-content\/uploads\/2021\/01\/cropped-logoUnitGames2.png","contentUrl":"https:\/\/unitgames.com.ar\/pc-gamer\/wp-content\/uploads\/2021\/01\/cropped-logoUnitGames2.png","width":152,"height":200,"caption":"UnitGames"},"image":{"@id":"https:\/\/unitgames.com.ar\/pc-gamer\/#\/schema\/logo\/image\/"}}]}},"_links":{"self":[{"href":"https:\/\/unitgames.com.ar\/pc-gamer\/wp-json\/wp\/v2\/product\/21087","targetHints":{"allow":["GET"]}}],"collection":[{"href":"https:\/\/unitgames.com.ar\/pc-gamer\/wp-json\/wp\/v2\/product"}],"about":[{"href":"https:\/\/unitgames.com.ar\/pc-gamer\/wp-json\/wp\/v2\/types\/product"}],"version-history":[{"count":4,"href":"https:\/\/unitgames.com.ar\/pc-gamer\/wp-json\/wp\/v2\/product\/21087\/revisions"}],"predecessor-version":[{"id":21095,"href":"https:\/\/unitgames.com.ar\/pc-gamer\/wp-json\/wp\/v2\/product\/21087\/revisions\/21095"}],"wp:attachment":[{"href":"https:\/\/unitgames.com.ar\/pc-gamer\/wp-json\/wp\/v2\/media?parent=21087"}],"wp:term":[{"taxonomy":"product_brand","embeddable":true,"href":"https:\/\/unitgames.com.ar\/pc-gamer\/wp-json\/wp\/v2\/product_brand?post=21087"},{"taxonomy":"product_cat","embeddable":true,"href":"https:\/\/unitgames.com.ar\/pc-gamer\/wp-json\/wp\/v2\/product_cat?post=21087"},{"taxonomy":"product_tag","embeddable":true,"href":"https:\/\/unitgames.com.ar\/pc-gamer\/wp-json\/wp\/v2\/product_tag?post=21087"}],"curies":[{"name":"wp","href":"https:\/\/api.w.org\/{rel}","templated":true}]}}