{"id":21505,"date":"2026-05-14T09:39:35","date_gmt":"2026-05-14T12:39:35","guid":{"rendered":"https:\/\/unitgames.com.ar\/pc-gamer\/?post_type=product&#038;p=21505"},"modified":"2026-05-14T09:45:15","modified_gmt":"2026-05-14T12:45:15","slug":"motherboard-asus-b650m-ayw-wifi-am5","status":"publish","type":"product","link":"https:\/\/unitgames.com.ar\/pc-gamer\/producto\/motherboard-asus-b650m-ayw-wifi-am5\/","title":{"rendered":"Motherboard ASUS B650M-AYW WIFI AM5"},"content":{"rendered":"<p>La <strong>ASUS B650M-AYW WIFI AM5<\/strong> es una motherboard dise\u00f1ada para ofrecer una combinaci\u00f3n equilibrada entre <strong>rendimiento, conectividad moderna y estabilidad<\/strong>, siendo ideal para builds gamer y PCs de productividad sobre plataforma AMD AM5. Compatible con procesadores <strong>Ryzen 7000, 8000 y 9000<\/strong>, incorpora soporte para memorias <strong>DDR5<\/strong> y almacenamiento NVMe de \u00faltima generaci\u00f3n.<\/p>\n<p>Cuenta con conectividad avanzada gracias a su <strong>WiFi 6 integrado<\/strong>, red <strong>2.5Gb Ethernet<\/strong> y soporte para <strong>PCIe 5.0 M.2<\/strong>, permitiendo aprovechar SSDs ultrarr\u00e1pidos modernos. Adem\u00e1s, ASUS incorpora disipadores dedicados para VRM y M.2, junto con tecnolog\u00edas como <strong>OptiMem II<\/strong> y <strong>Fan Xpert 2+<\/strong> para mejorar estabilidad t\u00e9rmica y rendimiento general. :contentReference[oaicite:1]{index=1}<\/p>\n<h3>Caracter\u00edsticas destacadas<\/h3>\n<p>&nbsp;<\/p>\n<hr \/>\n<ul>\n<li>Socket AM5 compatible con Ryzen 7000\/8000\/9000<\/li>\n<li>Soporte para memoria DDR5<\/li>\n<li>WiFi 6 + Ethernet 2.5Gb integrados<\/li>\n<li>PCIe 5.0 para SSD NVMe<\/li>\n<li>Disipadores VRM y M.2 integrados<\/li>\n<li>Formato Micro-ATX compacto<\/li>\n<\/ul>\n<p>&nbsp;<\/p>\n<h3>Especificaciones t\u00e9cnicas<\/h3>\n<hr \/>\n<p>&nbsp;<\/p>\n<ul>\n<li><strong>Marca:<\/strong> ASUS<\/li>\n<li><strong>Modelo:<\/strong> B650M-AYW WIFI<\/li>\n<li><strong>Socket:<\/strong> AM5<\/li>\n<li><strong>Chipset:<\/strong> AMD B650<\/li>\n<li><strong>Formato:<\/strong> Micro-ATX<\/li>\n<li><strong>Memoria:<\/strong> 2x DDR5 hasta 96GB<\/li>\n<li><strong>Frecuencia RAM:<\/strong> hasta 8000+ MT\/s (OC)<\/li>\n<li><strong>Red:<\/strong> Realtek 2.5Gb LAN<\/li>\n<li><strong>Wireless:<\/strong> WiFi 6 + Bluetooth 5.3<\/li>\n<li><strong>Almacenamiento:<\/strong> 2x M.2 + 4x SATA<\/li>\n<li><strong>M.2 principal:<\/strong> PCIe 5.0 x4<\/li>\n<li><strong>USB:<\/strong> USB 10Gbps + USB-C frontal<\/li>\n<li><strong>Compatibilidad:<\/strong> Windows 10 \/ 11<\/li>\n<\/ul>\n","protected":false},"excerpt":{"rendered":"<p>La ASUS B650M-AYW WIFI AM5 es una motherboard dise\u00f1ada para ofrecer una combinaci\u00f3n equilibrada entre rendimiento, conectividad moderna y estabilidad, siendo ideal para builds gamer y PCs de productividad sobre plataforma AMD AM5. Compatible con procesadores Ryzen 7000, 8000 y 9000, incorpora soporte para memorias DDR5 y almacenamiento NVMe de \u00faltima generaci\u00f3n. Cuenta con conectividad avanzada gracias a su WiFi 6 integrado, red 2.5Gb Ethernet y soporte para PCIe 5.0 M.2, permitiendo aprovechar SSDs ultrarr\u00e1pidos modernos. Adem\u00e1s, ASUS incorpora disipadores dedicados para VRM y M.2, junto con tecnolog\u00edas como OptiMem II y Fan Xpert 2+ para mejorar estabilidad t\u00e9rmica y rendimiento general. :contentReference[oaicite:1]{index=1} Caracter\u00edsticas destacadas &nbsp; Socket AM5 compatible con Ryzen 7000\/8000\/9000 Soporte para memoria DDR5 WiFi 6 + Ethernet 2.5Gb integrados PCIe 5.0 para SSD NVMe Disipadores VRM y M.2 integrados Formato Micro-ATX compacto &nbsp; Especificaciones t\u00e9cnicas &nbsp; Marca: ASUS Modelo: B650M-AYW WIFI Socket: AM5 Chipset: AMD B650 Formato: Micro-ATX Memoria: 2x DDR5 hasta 96GB Frecuencia RAM: hasta 8000+ MT\/s (OC) Red: Realtek 2.5Gb LAN Wireless: WiFi 6 + Bluetooth 5.3 Almacenamiento: 2x M.2 + 4x SATA M.2 principal: PCIe 5.0 x4 USB: USB 10Gbps + USB-C frontal Compatibilidad: Windows 10 \/ 11<\/p>\n","protected":false},"featured_media":0,"template":"","meta":{"site-sidebar-layout":"default","site-content-layout":"","ast-site-content-layout":"default","site-content-style":"default","site-sidebar-style":"default","ast-global-header-display":"","ast-banner-title-visibility":"","ast-main-header-display":"","ast-hfb-above-header-display":"","ast-hfb-below-header-display":"","ast-hfb-mobile-header-display":"","site-post-title":"","ast-breadcrumbs-content":"","ast-featured-img":"","footer-sml-layout":"","theme-transparent-header-meta":"default","adv-header-id-meta":"","stick-header-meta":"","header-above-stick-meta":"","header-main-stick-meta":"","header-below-stick-meta":"","astra-migrate-meta-layouts":"set","ast-page-background-enabled":"default","ast-page-background-meta":{"desktop":{"background-color":"var(--ast-global-color-5)","background-image":"","background-repeat":"repeat","background-position":"center center","background-size":"auto","background-attachment":"scroll","background-type":"","background-media":"","overlay-type":"","overlay-color":"","overlay-opacity":"","overlay-gradient":""},"tablet":{"background-color":"","background-image":"","background-repeat":"repeat","background-position":"center center","background-size":"auto","background-attachment":"scroll","background-type":"","background-media":"","overlay-type":"","overlay-color":"","overlay-opacity":"","overlay-gradient":""},"mobile":{"background-color":"","background-image":"","background-repeat":"repeat","background-position":"center center","background-size":"auto","background-attachment":"scroll","background-type":"","background-media":"","overlay-type":"","overlay-color":"","overlay-opacity":"","overlay-gradient":""}},"ast-content-background-meta":{"desktop":{"background-color":"var(--ast-global-color-4)","background-image":"","background-repeat":"repeat","background-position":"center center","background-size":"auto","background-attachment":"scroll","background-type":"","background-media":"","overlay-type":"","overlay-color":"","overlay-opacity":"","overlay-gradient":""},"tablet":{"background-color":"var(--ast-global-color-4)","background-image":"","background-repeat":"repeat","background-position":"center center","background-size":"auto","background-attachment":"scroll","background-type":"","background-media":"","overlay-type":"","overlay-color":"","overlay-opacity":"","overlay-gradient":""},"mobile":{"background-color":"var(--ast-global-color-4)","background-image":"","background-repeat":"repeat","background-position":"center center","background-size":"auto","background-attachment":"scroll","background-type":"","background-media":"","overlay-type":"","overlay-color":"","overlay-opacity":"","overlay-gradient":""}},"_joinchat":[]},"product_brand":[],"product_cat":[71],"product_tag":[],"class_list":{"0":"post-21505","1":"product","2":"type-product","3":"status-publish","5":"product_cat-motherboard","6":"desktop-align-center","7":"tablet-align-left","8":"mobile-align-left","10":"first","11":"instock","12":"shipping-taxable","13":"purchasable","14":"product-type-simple"},"yoast_head":"<!-- This site is optimized with the Yoast SEO plugin v27.5 - https:\/\/yoast.com\/product\/yoast-seo-wordpress\/ -->\n<title>Motherboard ASUS B650M-AYW WIFI AM5 - UnitGames<\/title>\n<meta name=\"robots\" content=\"index, follow, max-snippet:-1, max-image-preview:large, max-video-preview:-1\" \/>\n<link rel=\"canonical\" href=\"https:\/\/unitgames.com.ar\/pc-gamer\/producto\/motherboard-asus-b650m-ayw-wifi-am5\/\" \/>\n<meta property=\"og:locale\" content=\"es_ES\" \/>\n<meta property=\"og:type\" content=\"article\" \/>\n<meta property=\"og:title\" content=\"Motherboard ASUS B650M-AYW WIFI AM5 - UnitGames\" \/>\n<meta property=\"og:description\" content=\"La ASUS B650M-AYW WIFI AM5 es una motherboard dise\u00f1ada para ofrecer una combinaci\u00f3n equilibrada entre rendimiento, conectividad moderna y estabilidad, siendo ideal para builds gamer y PCs de productividad sobre plataforma AMD AM5. Compatible con procesadores Ryzen 7000, 8000 y 9000, incorpora soporte para memorias DDR5 y almacenamiento NVMe de \u00faltima generaci\u00f3n. Cuenta con conectividad avanzada gracias a su WiFi 6 integrado, red 2.5Gb Ethernet y soporte para PCIe 5.0 M.2, permitiendo aprovechar SSDs ultrarr\u00e1pidos modernos. Adem\u00e1s, ASUS incorpora disipadores dedicados para VRM y M.2, junto con tecnolog\u00edas como OptiMem II y Fan Xpert 2+ para mejorar estabilidad t\u00e9rmica y rendimiento general. :contentReference[oaicite:1]{index=1} Caracter\u00edsticas destacadas &nbsp; Socket AM5 compatible con Ryzen 7000\/8000\/9000 Soporte para memoria DDR5 WiFi 6 + Ethernet 2.5Gb integrados PCIe 5.0 para SSD NVMe Disipadores VRM y M.2 integrados Formato Micro-ATX compacto &nbsp; Especificaciones t\u00e9cnicas &nbsp; Marca: ASUS Modelo: B650M-AYW WIFI Socket: AM5 Chipset: AMD B650 Formato: Micro-ATX Memoria: 2x DDR5 hasta 96GB Frecuencia RAM: hasta 8000+ MT\/s (OC) Red: Realtek 2.5Gb LAN Wireless: WiFi 6 + Bluetooth 5.3 Almacenamiento: 2x M.2 + 4x SATA M.2 principal: PCIe 5.0 x4 USB: USB 10Gbps + USB-C frontal Compatibilidad: Windows 10 \/ 11\" \/>\n<meta property=\"og:url\" content=\"https:\/\/unitgames.com.ar\/pc-gamer\/producto\/motherboard-asus-b650m-ayw-wifi-am5\/\" \/>\n<meta property=\"og:site_name\" content=\"UnitGames\" \/>\n<meta property=\"article:modified_time\" content=\"2026-05-14T12:45:15+00:00\" \/>\n<meta name=\"twitter:card\" content=\"summary_large_image\" \/>\n<meta name=\"twitter:label1\" content=\"Tiempo de lectura\" \/>\n\t<meta name=\"twitter:data1\" content=\"1 minuto\" \/>\n<script type=\"application\/ld+json\" class=\"yoast-schema-graph\">{\"@context\":\"https:\\\/\\\/schema.org\",\"@graph\":[{\"@type\":\"WebPage\",\"@id\":\"https:\\\/\\\/unitgames.com.ar\\\/pc-gamer\\\/producto\\\/motherboard-asus-b650m-ayw-wifi-am5\\\/\",\"url\":\"https:\\\/\\\/unitgames.com.ar\\\/pc-gamer\\\/producto\\\/motherboard-asus-b650m-ayw-wifi-am5\\\/\",\"name\":\"Motherboard ASUS B650M-AYW WIFI AM5 - UnitGames\",\"isPartOf\":{\"@id\":\"https:\\\/\\\/unitgames.com.ar\\\/pc-gamer\\\/#website\"},\"datePublished\":\"2026-05-14T12:39:35+00:00\",\"dateModified\":\"2026-05-14T12:45:15+00:00\",\"breadcrumb\":{\"@id\":\"https:\\\/\\\/unitgames.com.ar\\\/pc-gamer\\\/producto\\\/motherboard-asus-b650m-ayw-wifi-am5\\\/#breadcrumb\"},\"inLanguage\":\"es\",\"potentialAction\":[{\"@type\":\"ReadAction\",\"target\":[\"https:\\\/\\\/unitgames.com.ar\\\/pc-gamer\\\/producto\\\/motherboard-asus-b650m-ayw-wifi-am5\\\/\"]}]},{\"@type\":\"BreadcrumbList\",\"@id\":\"https:\\\/\\\/unitgames.com.ar\\\/pc-gamer\\\/producto\\\/motherboard-asus-b650m-ayw-wifi-am5\\\/#breadcrumb\",\"itemListElement\":[{\"@type\":\"ListItem\",\"position\":1,\"name\":\"Tienda\",\"item\":\"https:\\\/\\\/unitgames.com.ar\\\/pc-gamer\\\/tienda\\\/\"},{\"@type\":\"ListItem\",\"position\":2,\"name\":\"Motherboard ASUS B650M-AYW WIFI AM5\"}]},{\"@type\":\"WebSite\",\"@id\":\"https:\\\/\\\/unitgames.com.ar\\\/pc-gamer\\\/#website\",\"url\":\"https:\\\/\\\/unitgames.com.ar\\\/pc-gamer\\\/\",\"name\":\"UnitGames\",\"description\":\"Venta de PC Gamers, Consolas , Servicio Tecnico Especializado. Todos en Accesorios Informaticos y Gamers\",\"publisher\":{\"@id\":\"https:\\\/\\\/unitgames.com.ar\\\/pc-gamer\\\/#organization\"},\"potentialAction\":[{\"@type\":\"SearchAction\",\"target\":{\"@type\":\"EntryPoint\",\"urlTemplate\":\"https:\\\/\\\/unitgames.com.ar\\\/pc-gamer\\\/?s={search_term_string}\"},\"query-input\":{\"@type\":\"PropertyValueSpecification\",\"valueRequired\":true,\"valueName\":\"search_term_string\"}}],\"inLanguage\":\"es\"},{\"@type\":\"Organization\",\"@id\":\"https:\\\/\\\/unitgames.com.ar\\\/pc-gamer\\\/#organization\",\"name\":\"UnitGames\",\"url\":\"https:\\\/\\\/unitgames.com.ar\\\/pc-gamer\\\/\",\"logo\":{\"@type\":\"ImageObject\",\"inLanguage\":\"es\",\"@id\":\"https:\\\/\\\/unitgames.com.ar\\\/pc-gamer\\\/#\\\/schema\\\/logo\\\/image\\\/\",\"url\":\"https:\\\/\\\/unitgames.com.ar\\\/pc-gamer\\\/wp-content\\\/uploads\\\/2021\\\/01\\\/cropped-logoUnitGames2.png\",\"contentUrl\":\"https:\\\/\\\/unitgames.com.ar\\\/pc-gamer\\\/wp-content\\\/uploads\\\/2021\\\/01\\\/cropped-logoUnitGames2.png\",\"width\":152,\"height\":200,\"caption\":\"UnitGames\"},\"image\":{\"@id\":\"https:\\\/\\\/unitgames.com.ar\\\/pc-gamer\\\/#\\\/schema\\\/logo\\\/image\\\/\"}}]}<\/script>\n<!-- \/ Yoast SEO plugin. -->","yoast_head_json":{"title":"Motherboard ASUS B650M-AYW WIFI AM5 - UnitGames","robots":{"index":"index","follow":"follow","max-snippet":"max-snippet:-1","max-image-preview":"max-image-preview:large","max-video-preview":"max-video-preview:-1"},"canonical":"https:\/\/unitgames.com.ar\/pc-gamer\/producto\/motherboard-asus-b650m-ayw-wifi-am5\/","og_locale":"es_ES","og_type":"article","og_title":"Motherboard ASUS B650M-AYW WIFI AM5 - UnitGames","og_description":"La ASUS B650M-AYW WIFI AM5 es una motherboard dise\u00f1ada para ofrecer una combinaci\u00f3n equilibrada entre rendimiento, conectividad moderna y estabilidad, siendo ideal para builds gamer y PCs de productividad sobre plataforma AMD AM5. Compatible con procesadores Ryzen 7000, 8000 y 9000, incorpora soporte para memorias DDR5 y almacenamiento NVMe de \u00faltima generaci\u00f3n. Cuenta con conectividad avanzada gracias a su WiFi 6 integrado, red 2.5Gb Ethernet y soporte para PCIe 5.0 M.2, permitiendo aprovechar SSDs ultrarr\u00e1pidos modernos. Adem\u00e1s, ASUS incorpora disipadores dedicados para VRM y M.2, junto con tecnolog\u00edas como OptiMem II y Fan Xpert 2+ para mejorar estabilidad t\u00e9rmica y rendimiento general. :contentReference[oaicite:1]{index=1} Caracter\u00edsticas destacadas &nbsp; Socket AM5 compatible con Ryzen 7000\/8000\/9000 Soporte para memoria DDR5 WiFi 6 + Ethernet 2.5Gb integrados PCIe 5.0 para SSD NVMe Disipadores VRM y M.2 integrados Formato Micro-ATX compacto &nbsp; Especificaciones t\u00e9cnicas &nbsp; Marca: ASUS Modelo: B650M-AYW WIFI Socket: AM5 Chipset: AMD B650 Formato: Micro-ATX Memoria: 2x DDR5 hasta 96GB Frecuencia RAM: hasta 8000+ MT\/s (OC) Red: Realtek 2.5Gb LAN Wireless: WiFi 6 + Bluetooth 5.3 Almacenamiento: 2x M.2 + 4x SATA M.2 principal: PCIe 5.0 x4 USB: USB 10Gbps + USB-C frontal Compatibilidad: Windows 10 \/ 11","og_url":"https:\/\/unitgames.com.ar\/pc-gamer\/producto\/motherboard-asus-b650m-ayw-wifi-am5\/","og_site_name":"UnitGames","article_modified_time":"2026-05-14T12:45:15+00:00","twitter_card":"summary_large_image","twitter_misc":{"Tiempo de lectura":"1 minuto"},"schema":{"@context":"https:\/\/schema.org","@graph":[{"@type":"WebPage","@id":"https:\/\/unitgames.com.ar\/pc-gamer\/producto\/motherboard-asus-b650m-ayw-wifi-am5\/","url":"https:\/\/unitgames.com.ar\/pc-gamer\/producto\/motherboard-asus-b650m-ayw-wifi-am5\/","name":"Motherboard ASUS B650M-AYW WIFI AM5 - UnitGames","isPartOf":{"@id":"https:\/\/unitgames.com.ar\/pc-gamer\/#website"},"datePublished":"2026-05-14T12:39:35+00:00","dateModified":"2026-05-14T12:45:15+00:00","breadcrumb":{"@id":"https:\/\/unitgames.com.ar\/pc-gamer\/producto\/motherboard-asus-b650m-ayw-wifi-am5\/#breadcrumb"},"inLanguage":"es","potentialAction":[{"@type":"ReadAction","target":["https:\/\/unitgames.com.ar\/pc-gamer\/producto\/motherboard-asus-b650m-ayw-wifi-am5\/"]}]},{"@type":"BreadcrumbList","@id":"https:\/\/unitgames.com.ar\/pc-gamer\/producto\/motherboard-asus-b650m-ayw-wifi-am5\/#breadcrumb","itemListElement":[{"@type":"ListItem","position":1,"name":"Tienda","item":"https:\/\/unitgames.com.ar\/pc-gamer\/tienda\/"},{"@type":"ListItem","position":2,"name":"Motherboard ASUS B650M-AYW WIFI AM5"}]},{"@type":"WebSite","@id":"https:\/\/unitgames.com.ar\/pc-gamer\/#website","url":"https:\/\/unitgames.com.ar\/pc-gamer\/","name":"UnitGames","description":"Venta de PC Gamers, Consolas , Servicio Tecnico Especializado. Todos en Accesorios Informaticos y Gamers","publisher":{"@id":"https:\/\/unitgames.com.ar\/pc-gamer\/#organization"},"potentialAction":[{"@type":"SearchAction","target":{"@type":"EntryPoint","urlTemplate":"https:\/\/unitgames.com.ar\/pc-gamer\/?s={search_term_string}"},"query-input":{"@type":"PropertyValueSpecification","valueRequired":true,"valueName":"search_term_string"}}],"inLanguage":"es"},{"@type":"Organization","@id":"https:\/\/unitgames.com.ar\/pc-gamer\/#organization","name":"UnitGames","url":"https:\/\/unitgames.com.ar\/pc-gamer\/","logo":{"@type":"ImageObject","inLanguage":"es","@id":"https:\/\/unitgames.com.ar\/pc-gamer\/#\/schema\/logo\/image\/","url":"https:\/\/unitgames.com.ar\/pc-gamer\/wp-content\/uploads\/2021\/01\/cropped-logoUnitGames2.png","contentUrl":"https:\/\/unitgames.com.ar\/pc-gamer\/wp-content\/uploads\/2021\/01\/cropped-logoUnitGames2.png","width":152,"height":200,"caption":"UnitGames"},"image":{"@id":"https:\/\/unitgames.com.ar\/pc-gamer\/#\/schema\/logo\/image\/"}}]}},"_links":{"self":[{"href":"https:\/\/unitgames.com.ar\/pc-gamer\/wp-json\/wp\/v2\/product\/21505","targetHints":{"allow":["GET"]}}],"collection":[{"href":"https:\/\/unitgames.com.ar\/pc-gamer\/wp-json\/wp\/v2\/product"}],"about":[{"href":"https:\/\/unitgames.com.ar\/pc-gamer\/wp-json\/wp\/v2\/types\/product"}],"version-history":[{"count":2,"href":"https:\/\/unitgames.com.ar\/pc-gamer\/wp-json\/wp\/v2\/product\/21505\/revisions"}],"predecessor-version":[{"id":21507,"href":"https:\/\/unitgames.com.ar\/pc-gamer\/wp-json\/wp\/v2\/product\/21505\/revisions\/21507"}],"wp:attachment":[{"href":"https:\/\/unitgames.com.ar\/pc-gamer\/wp-json\/wp\/v2\/media?parent=21505"}],"wp:term":[{"taxonomy":"product_brand","embeddable":true,"href":"https:\/\/unitgames.com.ar\/pc-gamer\/wp-json\/wp\/v2\/product_brand?post=21505"},{"taxonomy":"product_cat","embeddable":true,"href":"https:\/\/unitgames.com.ar\/pc-gamer\/wp-json\/wp\/v2\/product_cat?post=21505"},{"taxonomy":"product_tag","embeddable":true,"href":"https:\/\/unitgames.com.ar\/pc-gamer\/wp-json\/wp\/v2\/product_tag?post=21505"}],"curies":[{"name":"wp","href":"https:\/\/api.w.org\/{rel}","templated":true}]}}